{"id":8276,"date":"2015-07-10T00:54:05","date_gmt":"2015-07-09T22:54:05","guid":{"rendered":"http:\/\/www.bazarbonino.com\/store\/?post_type=product&#038;p=8276"},"modified":"2025-11-11T23:08:32","modified_gmt":"2025-11-11T22:08:32","slug":"jg3975-gora-spada-contact-di-fuoco-fire-contact-sword","status":"publish","type":"product","link":"https:\/\/www.bazarbonino.com\/store\/prodotto\/jg3975-gora-spada-contact-di-fuoco-fire-contact-sword\/","title":{"rendered":"JG3975 &#8211; GORA SPADA CONTACT DI FUOCO &#8220;FIRE CONTACT SWORD&#8221;"},"content":{"rendered":"<h6>GORA SPADA CONTACT DI FUOCO<\/h6>\n<p>GORA SPADA CONTACT DI FUOCO &#8220;FIRE CONTACT SWORD&#8221;, dalla ricerca inesauribile di Gora \u00e8 uscito questo fantastico attrezzo da infuocare e da usare come una staffa, il modello migliore che il mercato possa offrire!<\/p>\n<p>Il nucleo della spada e costito di alluminio 7075 che consente di avere un ridotto peso ma anche una grande resistenza a piegature o rotture. La lunghezza \u00e8 di 1.260 mm. ed un peso di 966 gr. Il contrappeso \u00e8 costituito da una sfera di acciaio di 500 gr. e di 50 mm. di diametro ricoperto con uno strato morbido ed una gomma adesiva come rifinitura per rendere pi\u00f9 sicuro il puntello. La superficie dell&#8217;impugnatura \u00e8 rivestita in gomma EPDM spugnosa e da overgrip tennis. Il manico della spada \u00e8 di 630 mm. di lunghezza ed ha un anello in gomma all&#8217;estremit\u00e0 per rallentarne il rotolamento, mentre la &#8220;lama&#8221; di kevlar misura 650 mm. \u00e8 sigillata da un anello di rame con uno stoppino in kevlar rinforzato. La lama ed il corpo della spada sono separati da un disco in silicone per evitare scottature e migliorare la sicurezza.<\/p>\n<p>Abbiate cura nel trasporto, urti troppo violenti potrebbero danneggiarla. L&#8217;uso di benzina riducela durata del kevlar e pu\u00f2 danneggiare il disco in silicone. La spada da contact infuocata non \u00e8 stata creata per combattere, quindi non \u00e8 atta a sopportare colpi forti. L&#8217;uso \u00e8 riservato a persone adulte maggiorenni che abbiano dimestichezza con attrezzi infuocati analoghi.<\/p>\n<p>Lunghezza totale cm. 126; lama infuocata cm. 75; manico cm. 51<\/p>\n","protected":false},"excerpt":{"rendered":"<p>GORA SPADA CONTACT DI FUOCO GORA SPADA CONTACT DI FUOCO &#8220;FIRE CONTACT SWORD&#8221;, dalla ricerca inesauribile di Gora \u00e8 uscito questo fantastico attrezzo da infuocare e da usare come una staffa, il modello migliore che il mercato possa offrire! Il nucleo della spada e costito di alluminio 7075 che consente di avere un ridotto peso [&hellip;]<\/p>\n","protected":false},"featured_media":18772,"comment_status":"closed","ping_status":"closed","template":"","meta":{"_et_pb_use_builder":"","_et_pb_old_content":"","_et_gb_content_width":""},"product_brand":[],"product_cat":[48,42],"product_tag":[225,1463],"class_list":{"0":"post-8276","1":"product","2":"type-product","3":"status-publish","4":"has-post-thumbnail","6":"product_cat-attrezzi-infuocati-vari-danza-costumi","7":"product_cat-torce-e-swinging","8":"product_tag-attrezzi-infuocati-giocoleria","9":"product_tag-gora-spada-contact-di-fuoco-fire-contact-sword","10":"pa_lunghezza-cm-106","11":"pa_lunghezza-cm-126","13":"first","14":"instock","15":"sale","16":"taxable","17":"shipping-taxable","18":"purchasable","19":"product-type-variable"},"yoast_head":"<!-- This site is optimized with the Yoast SEO plugin v27.4 - https:\/\/yoast.com\/product\/yoast-seo-wordpress\/ -->\n<title>JG3975 - GORA SPADA CONTACT DI FUOCO &quot;FIRE CONTACT SWORD&quot; - BazarBonino<\/title>\n<meta name=\"robots\" content=\"index, follow, max-snippet:-1, max-image-preview:large, max-video-preview:-1\" \/>\n<link rel=\"canonical\" href=\"https:\/\/www.bazarbonino.com\/store\/prodotto\/jg3975-gora-spada-contact-di-fuoco-fire-contact-sword\/\" \/>\n<meta property=\"og:locale\" content=\"it_IT\" \/>\n<meta property=\"og:type\" content=\"article\" \/>\n<meta property=\"og:title\" content=\"JG3975 - GORA SPADA CONTACT DI FUOCO &quot;FIRE CONTACT SWORD&quot; - BazarBonino\" \/>\n<meta property=\"og:description\" content=\"GORA SPADA CONTACT DI FUOCO GORA SPADA CONTACT DI FUOCO &#8220;FIRE CONTACT SWORD&#8221;, dalla ricerca inesauribile di Gora \u00e8 uscito questo fantastico attrezzo da infuocare e da usare come una staffa, il modello migliore che il mercato possa offrire! Il nucleo della spada e costito di alluminio 7075 che consente di avere un ridotto peso [&hellip;]\" \/>\n<meta property=\"og:url\" content=\"https:\/\/www.bazarbonino.com\/store\/prodotto\/jg3975-gora-spada-contact-di-fuoco-fire-contact-sword\/\" \/>\n<meta property=\"og:site_name\" content=\"BazarBonino\" \/>\n<meta property=\"article:publisher\" content=\"https:\/\/www.facebook.com\/bazar.bonino\" \/>\n<meta property=\"article:modified_time\" content=\"2025-11-11T22:08:32+00:00\" \/>\n<meta property=\"og:image\" content=\"https:\/\/www.bazarbonino.com\/store\/wp-content\/uploads\/2015\/07\/JG3975-GORA-SPADA-CONTACT-DI-FUOCO-FIRE-CONTACT-SWORD-1.jpg\" \/>\n\t<meta property=\"og:image:width\" content=\"1000\" \/>\n\t<meta property=\"og:image:height\" content=\"500\" \/>\n\t<meta property=\"og:image:type\" content=\"image\/jpeg\" \/>\n<meta name=\"twitter:card\" content=\"summary_large_image\" \/>\n<meta name=\"twitter:label1\" content=\"Tempo di lettura stimato\" \/>\n\t<meta name=\"twitter:data1\" content=\"1 minuto\" \/>\n<script type=\"application\/ld+json\" class=\"yoast-schema-graph\">{\"@context\":\"https:\\\/\\\/schema.org\",\"@graph\":[{\"@type\":\"WebPage\",\"@id\":\"https:\\\/\\\/www.bazarbonino.com\\\/store\\\/prodotto\\\/jg3975-gora-spada-contact-di-fuoco-fire-contact-sword\\\/\",\"url\":\"https:\\\/\\\/www.bazarbonino.com\\\/store\\\/prodotto\\\/jg3975-gora-spada-contact-di-fuoco-fire-contact-sword\\\/\",\"name\":\"JG3975 - GORA SPADA CONTACT DI FUOCO \\\"FIRE CONTACT SWORD\\\" - BazarBonino\",\"isPartOf\":{\"@id\":\"https:\\\/\\\/www.bazarbonino.com\\\/store\\\/#website\"},\"primaryImageOfPage\":{\"@id\":\"https:\\\/\\\/www.bazarbonino.com\\\/store\\\/prodotto\\\/jg3975-gora-spada-contact-di-fuoco-fire-contact-sword\\\/#primaryimage\"},\"image\":{\"@id\":\"https:\\\/\\\/www.bazarbonino.com\\\/store\\\/prodotto\\\/jg3975-gora-spada-contact-di-fuoco-fire-contact-sword\\\/#primaryimage\"},\"thumbnailUrl\":\"https:\\\/\\\/www.bazarbonino.com\\\/store\\\/wp-content\\\/uploads\\\/2015\\\/07\\\/JG3975-GORA-SPADA-CONTACT-DI-FUOCO-FIRE-CONTACT-SWORD-1.jpg\",\"datePublished\":\"2015-07-09T22:54:05+00:00\",\"dateModified\":\"2025-11-11T22:08:32+00:00\",\"breadcrumb\":{\"@id\":\"https:\\\/\\\/www.bazarbonino.com\\\/store\\\/prodotto\\\/jg3975-gora-spada-contact-di-fuoco-fire-contact-sword\\\/#breadcrumb\"},\"inLanguage\":\"it-IT\",\"potentialAction\":[{\"@type\":\"ReadAction\",\"target\":[\"https:\\\/\\\/www.bazarbonino.com\\\/store\\\/prodotto\\\/jg3975-gora-spada-contact-di-fuoco-fire-contact-sword\\\/\"]}]},{\"@type\":\"ImageObject\",\"inLanguage\":\"it-IT\",\"@id\":\"https:\\\/\\\/www.bazarbonino.com\\\/store\\\/prodotto\\\/jg3975-gora-spada-contact-di-fuoco-fire-contact-sword\\\/#primaryimage\",\"url\":\"https:\\\/\\\/www.bazarbonino.com\\\/store\\\/wp-content\\\/uploads\\\/2015\\\/07\\\/JG3975-GORA-SPADA-CONTACT-DI-FUOCO-FIRE-CONTACT-SWORD-1.jpg\",\"contentUrl\":\"https:\\\/\\\/www.bazarbonino.com\\\/store\\\/wp-content\\\/uploads\\\/2015\\\/07\\\/JG3975-GORA-SPADA-CONTACT-DI-FUOCO-FIRE-CONTACT-SWORD-1.jpg\",\"width\":1000,\"height\":500,\"caption\":\"JG3975 - GORA SPADA CONTACT DI FUOCO \\\"FIRE CONTACT SWORD\\\"\"},{\"@type\":\"BreadcrumbList\",\"@id\":\"https:\\\/\\\/www.bazarbonino.com\\\/store\\\/prodotto\\\/jg3975-gora-spada-contact-di-fuoco-fire-contact-sword\\\/#breadcrumb\",\"itemListElement\":[{\"@type\":\"ListItem\",\"position\":1,\"name\":\"Home\",\"item\":\"https:\\\/\\\/www.bazarbonino.com\\\/store\\\/\"},{\"@type\":\"ListItem\",\"position\":2,\"name\":\"Catalogo\",\"item\":\"https:\\\/\\\/www.bazarbonino.com\\\/store\\\/shop\\\/\"},{\"@type\":\"ListItem\",\"position\":3,\"name\":\"JG3975 &#8211; GORA SPADA CONTACT DI FUOCO &#8220;FIRE CONTACT SWORD&#8221;\"}]},{\"@type\":\"WebSite\",\"@id\":\"https:\\\/\\\/www.bazarbonino.com\\\/store\\\/#website\",\"url\":\"https:\\\/\\\/www.bazarbonino.com\\\/store\\\/\",\"name\":\"BazarBonino\",\"description\":\"\",\"potentialAction\":[{\"@type\":\"SearchAction\",\"target\":{\"@type\":\"EntryPoint\",\"urlTemplate\":\"https:\\\/\\\/www.bazarbonino.com\\\/store\\\/?s={search_term_string}\"},\"query-input\":{\"@type\":\"PropertyValueSpecification\",\"valueRequired\":true,\"valueName\":\"search_term_string\"}}],\"inLanguage\":\"it-IT\"}]}<\/script>\n<!-- \/ Yoast SEO plugin. -->","yoast_head_json":{"title":"JG3975 - GORA SPADA CONTACT DI FUOCO \"FIRE CONTACT SWORD\" - BazarBonino","robots":{"index":"index","follow":"follow","max-snippet":"max-snippet:-1","max-image-preview":"max-image-preview:large","max-video-preview":"max-video-preview:-1"},"canonical":"https:\/\/www.bazarbonino.com\/store\/prodotto\/jg3975-gora-spada-contact-di-fuoco-fire-contact-sword\/","og_locale":"it_IT","og_type":"article","og_title":"JG3975 - GORA SPADA CONTACT DI FUOCO \"FIRE CONTACT SWORD\" - BazarBonino","og_description":"GORA SPADA CONTACT DI FUOCO GORA SPADA CONTACT DI FUOCO &#8220;FIRE CONTACT SWORD&#8221;, dalla ricerca inesauribile di Gora \u00e8 uscito questo fantastico attrezzo da infuocare e da usare come una staffa, il modello migliore che il mercato possa offrire! Il nucleo della spada e costito di alluminio 7075 che consente di avere un ridotto peso [&hellip;]","og_url":"https:\/\/www.bazarbonino.com\/store\/prodotto\/jg3975-gora-spada-contact-di-fuoco-fire-contact-sword\/","og_site_name":"BazarBonino","article_publisher":"https:\/\/www.facebook.com\/bazar.bonino","article_modified_time":"2025-11-11T22:08:32+00:00","og_image":[{"width":1000,"height":500,"url":"https:\/\/www.bazarbonino.com\/store\/wp-content\/uploads\/2015\/07\/JG3975-GORA-SPADA-CONTACT-DI-FUOCO-FIRE-CONTACT-SWORD-1.jpg","type":"image\/jpeg"}],"twitter_card":"summary_large_image","twitter_misc":{"Tempo di lettura stimato":"1 minuto"},"schema":{"@context":"https:\/\/schema.org","@graph":[{"@type":"WebPage","@id":"https:\/\/www.bazarbonino.com\/store\/prodotto\/jg3975-gora-spada-contact-di-fuoco-fire-contact-sword\/","url":"https:\/\/www.bazarbonino.com\/store\/prodotto\/jg3975-gora-spada-contact-di-fuoco-fire-contact-sword\/","name":"JG3975 - GORA SPADA CONTACT DI FUOCO \"FIRE CONTACT SWORD\" - BazarBonino","isPartOf":{"@id":"https:\/\/www.bazarbonino.com\/store\/#website"},"primaryImageOfPage":{"@id":"https:\/\/www.bazarbonino.com\/store\/prodotto\/jg3975-gora-spada-contact-di-fuoco-fire-contact-sword\/#primaryimage"},"image":{"@id":"https:\/\/www.bazarbonino.com\/store\/prodotto\/jg3975-gora-spada-contact-di-fuoco-fire-contact-sword\/#primaryimage"},"thumbnailUrl":"https:\/\/www.bazarbonino.com\/store\/wp-content\/uploads\/2015\/07\/JG3975-GORA-SPADA-CONTACT-DI-FUOCO-FIRE-CONTACT-SWORD-1.jpg","datePublished":"2015-07-09T22:54:05+00:00","dateModified":"2025-11-11T22:08:32+00:00","breadcrumb":{"@id":"https:\/\/www.bazarbonino.com\/store\/prodotto\/jg3975-gora-spada-contact-di-fuoco-fire-contact-sword\/#breadcrumb"},"inLanguage":"it-IT","potentialAction":[{"@type":"ReadAction","target":["https:\/\/www.bazarbonino.com\/store\/prodotto\/jg3975-gora-spada-contact-di-fuoco-fire-contact-sword\/"]}]},{"@type":"ImageObject","inLanguage":"it-IT","@id":"https:\/\/www.bazarbonino.com\/store\/prodotto\/jg3975-gora-spada-contact-di-fuoco-fire-contact-sword\/#primaryimage","url":"https:\/\/www.bazarbonino.com\/store\/wp-content\/uploads\/2015\/07\/JG3975-GORA-SPADA-CONTACT-DI-FUOCO-FIRE-CONTACT-SWORD-1.jpg","contentUrl":"https:\/\/www.bazarbonino.com\/store\/wp-content\/uploads\/2015\/07\/JG3975-GORA-SPADA-CONTACT-DI-FUOCO-FIRE-CONTACT-SWORD-1.jpg","width":1000,"height":500,"caption":"JG3975 - GORA SPADA CONTACT DI FUOCO \"FIRE CONTACT SWORD\""},{"@type":"BreadcrumbList","@id":"https:\/\/www.bazarbonino.com\/store\/prodotto\/jg3975-gora-spada-contact-di-fuoco-fire-contact-sword\/#breadcrumb","itemListElement":[{"@type":"ListItem","position":1,"name":"Home","item":"https:\/\/www.bazarbonino.com\/store\/"},{"@type":"ListItem","position":2,"name":"Catalogo","item":"https:\/\/www.bazarbonino.com\/store\/shop\/"},{"@type":"ListItem","position":3,"name":"JG3975 &#8211; GORA SPADA CONTACT DI FUOCO &#8220;FIRE CONTACT SWORD&#8221;"}]},{"@type":"WebSite","@id":"https:\/\/www.bazarbonino.com\/store\/#website","url":"https:\/\/www.bazarbonino.com\/store\/","name":"BazarBonino","description":"","potentialAction":[{"@type":"SearchAction","target":{"@type":"EntryPoint","urlTemplate":"https:\/\/www.bazarbonino.com\/store\/?s={search_term_string}"},"query-input":{"@type":"PropertyValueSpecification","valueRequired":true,"valueName":"search_term_string"}}],"inLanguage":"it-IT"}]}},"_links":{"self":[{"href":"https:\/\/www.bazarbonino.com\/store\/wp-json\/wp\/v2\/product\/8276","targetHints":{"allow":["GET"]}}],"collection":[{"href":"https:\/\/www.bazarbonino.com\/store\/wp-json\/wp\/v2\/product"}],"about":[{"href":"https:\/\/www.bazarbonino.com\/store\/wp-json\/wp\/v2\/types\/product"}],"replies":[{"embeddable":true,"href":"https:\/\/www.bazarbonino.com\/store\/wp-json\/wp\/v2\/comments?post=8276"}],"wp:featuredmedia":[{"embeddable":true,"href":"https:\/\/www.bazarbonino.com\/store\/wp-json\/wp\/v2\/media\/18772"}],"wp:attachment":[{"href":"https:\/\/www.bazarbonino.com\/store\/wp-json\/wp\/v2\/media?parent=8276"}],"wp:term":[{"taxonomy":"product_brand","embeddable":true,"href":"https:\/\/www.bazarbonino.com\/store\/wp-json\/wp\/v2\/product_brand?post=8276"},{"taxonomy":"product_cat","embeddable":true,"href":"https:\/\/www.bazarbonino.com\/store\/wp-json\/wp\/v2\/product_cat?post=8276"},{"taxonomy":"product_tag","embeddable":true,"href":"https:\/\/www.bazarbonino.com\/store\/wp-json\/wp\/v2\/product_tag?post=8276"}],"curies":[{"name":"wp","href":"https:\/\/api.w.org\/{rel}","templated":true}]}}