{"id":8143,"date":"2015-05-20T02:41:55","date_gmt":"2015-05-20T00:41:55","guid":{"rendered":"http:\/\/www.bazarbonino.com\/store\/?post_type=product&#038;p=8143"},"modified":"2015-05-20T10:14:34","modified_gmt":"2015-05-20T08:14:34","slug":"mf95a-mascotte-costume-coniglio-grigio","status":"publish","type":"product","link":"https:\/\/www.bazarbonino.com\/store\/prodotto\/mf95a-mascotte-costume-coniglio-grigio\/","title":{"rendered":"MF95A &#8211; Mascotte Costume Coniglio Grigio"},"content":{"rendered":"<p>DISPONIBILE SU ORDINAZIONE &#8211; TEMPO DI ATTESA 7 GIORNI<br \/>\nQuesta mascotte-costume da Coniglio Grigio e ideale per eventi, compleanni, organizzazioni, squadre sportive o solo per divertimento! Per uso privato o professionale questo costume Coniglio Grigio mascotte piacer\u00e0 ai bambini come agli adulti.<br \/>\nQuesta mascotte da Coniglio Grigio professionale, dalla collezione &#8220;mascotte animali da fattoria&#8221;, \u00e8 fabbricata in Europa e realizzata con materiali di ottima qualit\u00e0 nel rispetto delle norme CE. Il costume \u00e8 fatto da parti indipendenti, del tutto lavabili in lavatrice:\u00a0 testa, tuta, guanti e copriscarpe.<br \/>\nE &#8216;possibile acquistare le parti pi\u00f9 fragili (guanti e copriscarpe) anche separatamente, nel caso in cui siano necessari di nuovi.Il costume della mascotte da\u00a0Coniglio Grigio \u00e8 disponibile in un formato unico per altezze che vanno da 160 a 190 cm. Tuttavia \u00e8 possibile contattarci per richiedere un costume della mascotte su misura.<br \/>\nSe siete alla ricerca di un modo di aggiungere un ulteriore elemento di divertimento per una festa per bambini o un modo di promuovere la tua attivit\u00e0, un costume da mascotte adulta professionale vi dar\u00e0 molti anni di divertimento.<\/p>\n","protected":false},"excerpt":{"rendered":"<p>DISPONIBILE SU ORDINAZIONE &#8211; TEMPO DI ATTESA 7 GIORNI Questa mascotte-costume da Coniglio Grigio e ideale per eventi, compleanni, organizzazioni, squadre sportive o solo per divertimento! Per uso privato o professionale questo costume Coniglio Grigio mascotte piacer\u00e0 ai bambini come agli adulti. Questa mascotte da Coniglio Grigio professionale, dalla collezione &#8220;mascotte animali da fattoria&#8221;, \u00e8 [&hellip;]<\/p>\n","protected":false},"featured_media":8144,"comment_status":"closed","ping_status":"closed","template":"","meta":{"_et_pb_use_builder":"","_et_pb_old_content":"","_et_gb_content_width":""},"product_brand":[],"product_cat":[1450],"product_tag":[1455],"class_list":{"0":"post-8143","1":"product","2":"type-product","3":"status-publish","4":"has-post-thumbnail","6":"product_cat-mascotte-animali-da-fattoria","7":"product_tag-mascotte-costume-coniglio-grigio","9":"first","10":"instock","11":"taxable","12":"shipping-taxable","13":"purchasable","14":"product-type-simple"},"yoast_head":"<!-- This site is optimized with the Yoast SEO plugin v27.4 - https:\/\/yoast.com\/product\/yoast-seo-wordpress\/ -->\n<title>MF95A - Mascotte Costume Coniglio Grigio - BazarBonino<\/title>\n<meta name=\"robots\" content=\"index, follow, max-snippet:-1, max-image-preview:large, max-video-preview:-1\" \/>\n<link rel=\"canonical\" href=\"https:\/\/www.bazarbonino.com\/store\/prodotto\/mf95a-mascotte-costume-coniglio-grigio\/\" \/>\n<meta property=\"og:locale\" content=\"it_IT\" \/>\n<meta property=\"og:type\" content=\"article\" \/>\n<meta property=\"og:title\" content=\"MF95A - Mascotte Costume Coniglio Grigio - BazarBonino\" \/>\n<meta property=\"og:description\" content=\"DISPONIBILE SU ORDINAZIONE &#8211; TEMPO DI ATTESA 7 GIORNI Questa mascotte-costume da Coniglio Grigio e ideale per eventi, compleanni, organizzazioni, squadre sportive o solo per divertimento! Per uso privato o professionale questo costume Coniglio Grigio mascotte piacer\u00e0 ai bambini come agli adulti. Questa mascotte da Coniglio Grigio professionale, dalla collezione &#8220;mascotte animali da fattoria&#8221;, \u00e8 [&hellip;]\" \/>\n<meta property=\"og:url\" content=\"https:\/\/www.bazarbonino.com\/store\/prodotto\/mf95a-mascotte-costume-coniglio-grigio\/\" \/>\n<meta property=\"og:site_name\" content=\"BazarBonino\" \/>\n<meta property=\"article:publisher\" content=\"https:\/\/www.facebook.com\/bazar.bonino\" \/>\n<meta property=\"article:modified_time\" content=\"2015-05-20T08:14:34+00:00\" \/>\n<meta property=\"og:image\" content=\"https:\/\/www.bazarbonino.com\/store\/wp-content\/uploads\/2015\/05\/MF95A-Mascotte-Costume-Coniglio-Grigio.jpg\" \/>\n\t<meta property=\"og:image:width\" content=\"325\" \/>\n\t<meta property=\"og:image:height\" content=\"500\" \/>\n\t<meta property=\"og:image:type\" content=\"image\/jpeg\" \/>\n<meta name=\"twitter:card\" content=\"summary_large_image\" \/>\n<meta name=\"twitter:label1\" content=\"Tempo di lettura stimato\" \/>\n\t<meta name=\"twitter:data1\" content=\"1 minuto\" \/>\n<script type=\"application\/ld+json\" class=\"yoast-schema-graph\">{\"@context\":\"https:\\\/\\\/schema.org\",\"@graph\":[{\"@type\":\"WebPage\",\"@id\":\"https:\\\/\\\/www.bazarbonino.com\\\/store\\\/prodotto\\\/mf95a-mascotte-costume-coniglio-grigio\\\/\",\"url\":\"https:\\\/\\\/www.bazarbonino.com\\\/store\\\/prodotto\\\/mf95a-mascotte-costume-coniglio-grigio\\\/\",\"name\":\"MF95A - Mascotte Costume Coniglio Grigio - BazarBonino\",\"isPartOf\":{\"@id\":\"https:\\\/\\\/www.bazarbonino.com\\\/store\\\/#website\"},\"primaryImageOfPage\":{\"@id\":\"https:\\\/\\\/www.bazarbonino.com\\\/store\\\/prodotto\\\/mf95a-mascotte-costume-coniglio-grigio\\\/#primaryimage\"},\"image\":{\"@id\":\"https:\\\/\\\/www.bazarbonino.com\\\/store\\\/prodotto\\\/mf95a-mascotte-costume-coniglio-grigio\\\/#primaryimage\"},\"thumbnailUrl\":\"https:\\\/\\\/www.bazarbonino.com\\\/store\\\/wp-content\\\/uploads\\\/2015\\\/05\\\/MF95A-Mascotte-Costume-Coniglio-Grigio.jpg\",\"datePublished\":\"2015-05-20T00:41:55+00:00\",\"dateModified\":\"2015-05-20T08:14:34+00:00\",\"breadcrumb\":{\"@id\":\"https:\\\/\\\/www.bazarbonino.com\\\/store\\\/prodotto\\\/mf95a-mascotte-costume-coniglio-grigio\\\/#breadcrumb\"},\"inLanguage\":\"it-IT\",\"potentialAction\":[{\"@type\":\"ReadAction\",\"target\":[\"https:\\\/\\\/www.bazarbonino.com\\\/store\\\/prodotto\\\/mf95a-mascotte-costume-coniglio-grigio\\\/\"]}]},{\"@type\":\"ImageObject\",\"inLanguage\":\"it-IT\",\"@id\":\"https:\\\/\\\/www.bazarbonino.com\\\/store\\\/prodotto\\\/mf95a-mascotte-costume-coniglio-grigio\\\/#primaryimage\",\"url\":\"https:\\\/\\\/www.bazarbonino.com\\\/store\\\/wp-content\\\/uploads\\\/2015\\\/05\\\/MF95A-Mascotte-Costume-Coniglio-Grigio.jpg\",\"contentUrl\":\"https:\\\/\\\/www.bazarbonino.com\\\/store\\\/wp-content\\\/uploads\\\/2015\\\/05\\\/MF95A-Mascotte-Costume-Coniglio-Grigio.jpg\",\"width\":325,\"height\":500,\"caption\":\"MF95A - Mascotte Costume Coniglio Grigio\"},{\"@type\":\"BreadcrumbList\",\"@id\":\"https:\\\/\\\/www.bazarbonino.com\\\/store\\\/prodotto\\\/mf95a-mascotte-costume-coniglio-grigio\\\/#breadcrumb\",\"itemListElement\":[{\"@type\":\"ListItem\",\"position\":1,\"name\":\"Home\",\"item\":\"https:\\\/\\\/www.bazarbonino.com\\\/store\\\/\"},{\"@type\":\"ListItem\",\"position\":2,\"name\":\"Catalogo\",\"item\":\"https:\\\/\\\/www.bazarbonino.com\\\/store\\\/shop\\\/\"},{\"@type\":\"ListItem\",\"position\":3,\"name\":\"MF95A &#8211; Mascotte Costume Coniglio Grigio\"}]},{\"@type\":\"WebSite\",\"@id\":\"https:\\\/\\\/www.bazarbonino.com\\\/store\\\/#website\",\"url\":\"https:\\\/\\\/www.bazarbonino.com\\\/store\\\/\",\"name\":\"BazarBonino\",\"description\":\"\",\"potentialAction\":[{\"@type\":\"SearchAction\",\"target\":{\"@type\":\"EntryPoint\",\"urlTemplate\":\"https:\\\/\\\/www.bazarbonino.com\\\/store\\\/?s={search_term_string}\"},\"query-input\":{\"@type\":\"PropertyValueSpecification\",\"valueRequired\":true,\"valueName\":\"search_term_string\"}}],\"inLanguage\":\"it-IT\"}]}<\/script>\n<!-- \/ Yoast SEO plugin. -->","yoast_head_json":{"title":"MF95A - Mascotte Costume Coniglio Grigio - BazarBonino","robots":{"index":"index","follow":"follow","max-snippet":"max-snippet:-1","max-image-preview":"max-image-preview:large","max-video-preview":"max-video-preview:-1"},"canonical":"https:\/\/www.bazarbonino.com\/store\/prodotto\/mf95a-mascotte-costume-coniglio-grigio\/","og_locale":"it_IT","og_type":"article","og_title":"MF95A - Mascotte Costume Coniglio Grigio - BazarBonino","og_description":"DISPONIBILE SU ORDINAZIONE &#8211; TEMPO DI ATTESA 7 GIORNI Questa mascotte-costume da Coniglio Grigio e ideale per eventi, compleanni, organizzazioni, squadre sportive o solo per divertimento! Per uso privato o professionale questo costume Coniglio Grigio mascotte piacer\u00e0 ai bambini come agli adulti. Questa mascotte da Coniglio Grigio professionale, dalla collezione &#8220;mascotte animali da fattoria&#8221;, \u00e8 [&hellip;]","og_url":"https:\/\/www.bazarbonino.com\/store\/prodotto\/mf95a-mascotte-costume-coniglio-grigio\/","og_site_name":"BazarBonino","article_publisher":"https:\/\/www.facebook.com\/bazar.bonino","article_modified_time":"2015-05-20T08:14:34+00:00","og_image":[{"width":325,"height":500,"url":"https:\/\/www.bazarbonino.com\/store\/wp-content\/uploads\/2015\/05\/MF95A-Mascotte-Costume-Coniglio-Grigio.jpg","type":"image\/jpeg"}],"twitter_card":"summary_large_image","twitter_misc":{"Tempo di lettura stimato":"1 minuto"},"schema":{"@context":"https:\/\/schema.org","@graph":[{"@type":"WebPage","@id":"https:\/\/www.bazarbonino.com\/store\/prodotto\/mf95a-mascotte-costume-coniglio-grigio\/","url":"https:\/\/www.bazarbonino.com\/store\/prodotto\/mf95a-mascotte-costume-coniglio-grigio\/","name":"MF95A - Mascotte Costume Coniglio Grigio - BazarBonino","isPartOf":{"@id":"https:\/\/www.bazarbonino.com\/store\/#website"},"primaryImageOfPage":{"@id":"https:\/\/www.bazarbonino.com\/store\/prodotto\/mf95a-mascotte-costume-coniglio-grigio\/#primaryimage"},"image":{"@id":"https:\/\/www.bazarbonino.com\/store\/prodotto\/mf95a-mascotte-costume-coniglio-grigio\/#primaryimage"},"thumbnailUrl":"https:\/\/www.bazarbonino.com\/store\/wp-content\/uploads\/2015\/05\/MF95A-Mascotte-Costume-Coniglio-Grigio.jpg","datePublished":"2015-05-20T00:41:55+00:00","dateModified":"2015-05-20T08:14:34+00:00","breadcrumb":{"@id":"https:\/\/www.bazarbonino.com\/store\/prodotto\/mf95a-mascotte-costume-coniglio-grigio\/#breadcrumb"},"inLanguage":"it-IT","potentialAction":[{"@type":"ReadAction","target":["https:\/\/www.bazarbonino.com\/store\/prodotto\/mf95a-mascotte-costume-coniglio-grigio\/"]}]},{"@type":"ImageObject","inLanguage":"it-IT","@id":"https:\/\/www.bazarbonino.com\/store\/prodotto\/mf95a-mascotte-costume-coniglio-grigio\/#primaryimage","url":"https:\/\/www.bazarbonino.com\/store\/wp-content\/uploads\/2015\/05\/MF95A-Mascotte-Costume-Coniglio-Grigio.jpg","contentUrl":"https:\/\/www.bazarbonino.com\/store\/wp-content\/uploads\/2015\/05\/MF95A-Mascotte-Costume-Coniglio-Grigio.jpg","width":325,"height":500,"caption":"MF95A - Mascotte Costume Coniglio Grigio"},{"@type":"BreadcrumbList","@id":"https:\/\/www.bazarbonino.com\/store\/prodotto\/mf95a-mascotte-costume-coniglio-grigio\/#breadcrumb","itemListElement":[{"@type":"ListItem","position":1,"name":"Home","item":"https:\/\/www.bazarbonino.com\/store\/"},{"@type":"ListItem","position":2,"name":"Catalogo","item":"https:\/\/www.bazarbonino.com\/store\/shop\/"},{"@type":"ListItem","position":3,"name":"MF95A &#8211; Mascotte Costume Coniglio Grigio"}]},{"@type":"WebSite","@id":"https:\/\/www.bazarbonino.com\/store\/#website","url":"https:\/\/www.bazarbonino.com\/store\/","name":"BazarBonino","description":"","potentialAction":[{"@type":"SearchAction","target":{"@type":"EntryPoint","urlTemplate":"https:\/\/www.bazarbonino.com\/store\/?s={search_term_string}"},"query-input":{"@type":"PropertyValueSpecification","valueRequired":true,"valueName":"search_term_string"}}],"inLanguage":"it-IT"}]}},"_links":{"self":[{"href":"https:\/\/www.bazarbonino.com\/store\/wp-json\/wp\/v2\/product\/8143","targetHints":{"allow":["GET"]}}],"collection":[{"href":"https:\/\/www.bazarbonino.com\/store\/wp-json\/wp\/v2\/product"}],"about":[{"href":"https:\/\/www.bazarbonino.com\/store\/wp-json\/wp\/v2\/types\/product"}],"replies":[{"embeddable":true,"href":"https:\/\/www.bazarbonino.com\/store\/wp-json\/wp\/v2\/comments?post=8143"}],"wp:featuredmedia":[{"embeddable":true,"href":"https:\/\/www.bazarbonino.com\/store\/wp-json\/wp\/v2\/media\/8144"}],"wp:attachment":[{"href":"https:\/\/www.bazarbonino.com\/store\/wp-json\/wp\/v2\/media?parent=8143"}],"wp:term":[{"taxonomy":"product_brand","embeddable":true,"href":"https:\/\/www.bazarbonino.com\/store\/wp-json\/wp\/v2\/product_brand?post=8143"},{"taxonomy":"product_cat","embeddable":true,"href":"https:\/\/www.bazarbonino.com\/store\/wp-json\/wp\/v2\/product_cat?post=8143"},{"taxonomy":"product_tag","embeddable":true,"href":"https:\/\/www.bazarbonino.com\/store\/wp-json\/wp\/v2\/product_tag?post=8143"}],"curies":[{"name":"wp","href":"https:\/\/api.w.org\/{rel}","templated":true}]}}