{"id":5215,"date":"2013-05-08T12:59:28","date_gmt":"2013-05-08T10:59:28","guid":{"rendered":"http:\/\/www.bazarbonino.com\/store\/products-page\/uncategorized\/"},"modified":"2025-11-11T12:49:48","modified_gmt":"2025-11-11T11:49:48","slug":"jg3720-gora-fire-juggling-staff","status":"publish","type":"product","link":"https:\/\/www.bazarbonino.com\/store\/prodotto\/jg3720-gora-fire-juggling-staff\/","title":{"rendered":"JG3720 &#8211; GORA Fire Juggling Staff"},"content":{"rendered":"<h5>GORA Fire Juggling Staff 90 cm. &#8211; 290 gr. &#8211; scelta da molti per la sua estrema leggerezza e resistenza, scelta anche perch\u00e9, rispetto alle altre, permette tricks e spinning facili sulle dita, ottima per spinning multipli con una staffa per mano. Lunga 90 cm, l&#8217;anima dello stick \u00e8 di 15mm di diametro per x 1mm di spessore di alluminio 7075 che ha stessa trazione dell&#8217; acciaio, ma \u00e8 leggero come l&#8217;alluminio ed e&#8217;utilizzato nel settore spaziale e per velivoli speciali. La parte centrale \u00e8 coperta da una morbida e grippante. La parte laterale \u00e8 ricoperta di silicone resistente al calore per proteggere il corpo dal metallo riscaldato, la parte terminale \u00e8 costituita da 50 cm di kevlar alto 50 cm.<br \/>\nIdeale per essere usata in coppia ma anche singola fa la sua bella figura, indistruttibile!<\/h5>\n","protected":false},"excerpt":{"rendered":"<p>SUBITO DISPONIBILE<\/p>\n","protected":false},"featured_media":5216,"comment_status":"closed","ping_status":"closed","template":"","meta":{"_et_pb_use_builder":"","_et_pb_old_content":"","_et_gb_content_width":""},"product_brand":[],"product_cat":[46],"product_tag":[224,661,315,662],"class_list":{"0":"post-5215","1":"product","2":"type-product","3":"status-publish","4":"has-post-thumbnail","6":"product_cat-staffe-x-twirling-contact-infuocate","7":"product_tag-attrezzi-di-fuoco","8":"product_tag-attrezzi-infuocati","9":"product_tag-attrezzi-infuocati-gora","10":"product_tag-fire-juggling-sfatt","12":"first","13":"instock","14":"sale","15":"taxable","16":"shipping-taxable","17":"purchasable","18":"product-type-simple"},"yoast_head":"<!-- This site is optimized with the Yoast SEO plugin v27.4 - https:\/\/yoast.com\/product\/yoast-seo-wordpress\/ -->\n<title>JG3720 - GORA Fire Juggling Staff - BazarBonino<\/title>\n<meta name=\"description\" content=\"GORA Fire Juggling Staff 90 cm. - 290 gr. - scelta da molti per la sua estrema leggerezza e resistenza, scelta anche perch\u00e9mpermette tricks ...\" \/>\n<meta name=\"robots\" content=\"index, follow, max-snippet:-1, max-image-preview:large, max-video-preview:-1\" \/>\n<link rel=\"canonical\" href=\"https:\/\/www.bazarbonino.com\/store\/prodotto\/jg3720-gora-fire-juggling-staff\/\" \/>\n<meta property=\"og:locale\" content=\"it_IT\" \/>\n<meta property=\"og:type\" content=\"article\" \/>\n<meta property=\"og:title\" content=\"JG3720 - GORA Fire Juggling Staff - BazarBonino\" \/>\n<meta property=\"og:description\" content=\"GORA Fire Juggling Staff 90 cm. - 290 gr. - scelta da molti per la sua estrema leggerezza e resistenza, scelta anche perch\u00e9mpermette tricks ...\" \/>\n<meta property=\"og:url\" content=\"https:\/\/www.bazarbonino.com\/store\/prodotto\/jg3720-gora-fire-juggling-staff\/\" \/>\n<meta property=\"og:site_name\" content=\"BazarBonino\" \/>\n<meta property=\"article:publisher\" content=\"https:\/\/www.facebook.com\/bazar.bonino\" \/>\n<meta property=\"article:modified_time\" content=\"2025-11-11T11:49:48+00:00\" \/>\n<meta property=\"og:image\" content=\"https:\/\/www.bazarbonino.com\/store\/wp-content\/uploads\/2013\/05\/JG3720-GORA-Fire-Juggling-Staff.jpg\" \/>\n\t<meta property=\"og:image:width\" content=\"650\" \/>\n\t<meta property=\"og:image:height\" content=\"650\" \/>\n\t<meta property=\"og:image:type\" content=\"image\/jpeg\" \/>\n<meta name=\"twitter:card\" content=\"summary_large_image\" \/>\n<meta name=\"twitter:label1\" content=\"Tempo di lettura stimato\" \/>\n\t<meta name=\"twitter:data1\" content=\"1 minuto\" \/>\n<script type=\"application\/ld+json\" class=\"yoast-schema-graph\">{\"@context\":\"https:\\\/\\\/schema.org\",\"@graph\":[{\"@type\":\"WebPage\",\"@id\":\"https:\\\/\\\/www.bazarbonino.com\\\/store\\\/prodotto\\\/jg3720-gora-fire-juggling-staff\\\/\",\"url\":\"https:\\\/\\\/www.bazarbonino.com\\\/store\\\/prodotto\\\/jg3720-gora-fire-juggling-staff\\\/\",\"name\":\"JG3720 - GORA Fire Juggling Staff - BazarBonino\",\"isPartOf\":{\"@id\":\"https:\\\/\\\/www.bazarbonino.com\\\/store\\\/#website\"},\"primaryImageOfPage\":{\"@id\":\"https:\\\/\\\/www.bazarbonino.com\\\/store\\\/prodotto\\\/jg3720-gora-fire-juggling-staff\\\/#primaryimage\"},\"image\":{\"@id\":\"https:\\\/\\\/www.bazarbonino.com\\\/store\\\/prodotto\\\/jg3720-gora-fire-juggling-staff\\\/#primaryimage\"},\"thumbnailUrl\":\"https:\\\/\\\/www.bazarbonino.com\\\/store\\\/wp-content\\\/uploads\\\/2013\\\/05\\\/JG3720-GORA-Fire-Juggling-Staff.jpg\",\"datePublished\":\"2013-05-08T10:59:28+00:00\",\"dateModified\":\"2025-11-11T11:49:48+00:00\",\"description\":\"GORA Fire Juggling Staff 90 cm. - 290 gr. - scelta da molti per la sua estrema leggerezza e resistenza, scelta anche perch\u00e9mpermette tricks ...\",\"breadcrumb\":{\"@id\":\"https:\\\/\\\/www.bazarbonino.com\\\/store\\\/prodotto\\\/jg3720-gora-fire-juggling-staff\\\/#breadcrumb\"},\"inLanguage\":\"it-IT\",\"potentialAction\":[{\"@type\":\"ReadAction\",\"target\":[\"https:\\\/\\\/www.bazarbonino.com\\\/store\\\/prodotto\\\/jg3720-gora-fire-juggling-staff\\\/\"]}]},{\"@type\":\"ImageObject\",\"inLanguage\":\"it-IT\",\"@id\":\"https:\\\/\\\/www.bazarbonino.com\\\/store\\\/prodotto\\\/jg3720-gora-fire-juggling-staff\\\/#primaryimage\",\"url\":\"https:\\\/\\\/www.bazarbonino.com\\\/store\\\/wp-content\\\/uploads\\\/2013\\\/05\\\/JG3720-GORA-Fire-Juggling-Staff.jpg\",\"contentUrl\":\"https:\\\/\\\/www.bazarbonino.com\\\/store\\\/wp-content\\\/uploads\\\/2013\\\/05\\\/JG3720-GORA-Fire-Juggling-Staff.jpg\",\"width\":650,\"height\":650},{\"@type\":\"BreadcrumbList\",\"@id\":\"https:\\\/\\\/www.bazarbonino.com\\\/store\\\/prodotto\\\/jg3720-gora-fire-juggling-staff\\\/#breadcrumb\",\"itemListElement\":[{\"@type\":\"ListItem\",\"position\":1,\"name\":\"Home\",\"item\":\"https:\\\/\\\/www.bazarbonino.com\\\/store\\\/\"},{\"@type\":\"ListItem\",\"position\":2,\"name\":\"Catalogo\",\"item\":\"https:\\\/\\\/www.bazarbonino.com\\\/store\\\/shop\\\/\"},{\"@type\":\"ListItem\",\"position\":3,\"name\":\"JG3720 &#8211; GORA Fire Juggling Staff\"}]},{\"@type\":\"WebSite\",\"@id\":\"https:\\\/\\\/www.bazarbonino.com\\\/store\\\/#website\",\"url\":\"https:\\\/\\\/www.bazarbonino.com\\\/store\\\/\",\"name\":\"BazarBonino\",\"description\":\"\",\"potentialAction\":[{\"@type\":\"SearchAction\",\"target\":{\"@type\":\"EntryPoint\",\"urlTemplate\":\"https:\\\/\\\/www.bazarbonino.com\\\/store\\\/?s={search_term_string}\"},\"query-input\":{\"@type\":\"PropertyValueSpecification\",\"valueRequired\":true,\"valueName\":\"search_term_string\"}}],\"inLanguage\":\"it-IT\"}]}<\/script>\n<!-- \/ Yoast SEO plugin. -->","yoast_head_json":{"title":"JG3720 - GORA Fire Juggling Staff - BazarBonino","description":"GORA Fire Juggling Staff 90 cm. - 290 gr. - scelta da molti per la sua estrema leggerezza e resistenza, scelta anche perch\u00e9mpermette tricks ...","robots":{"index":"index","follow":"follow","max-snippet":"max-snippet:-1","max-image-preview":"max-image-preview:large","max-video-preview":"max-video-preview:-1"},"canonical":"https:\/\/www.bazarbonino.com\/store\/prodotto\/jg3720-gora-fire-juggling-staff\/","og_locale":"it_IT","og_type":"article","og_title":"JG3720 - GORA Fire Juggling Staff - BazarBonino","og_description":"GORA Fire Juggling Staff 90 cm. - 290 gr. - scelta da molti per la sua estrema leggerezza e resistenza, scelta anche perch\u00e9mpermette tricks ...","og_url":"https:\/\/www.bazarbonino.com\/store\/prodotto\/jg3720-gora-fire-juggling-staff\/","og_site_name":"BazarBonino","article_publisher":"https:\/\/www.facebook.com\/bazar.bonino","article_modified_time":"2025-11-11T11:49:48+00:00","og_image":[{"width":650,"height":650,"url":"https:\/\/www.bazarbonino.com\/store\/wp-content\/uploads\/2013\/05\/JG3720-GORA-Fire-Juggling-Staff.jpg","type":"image\/jpeg"}],"twitter_card":"summary_large_image","twitter_misc":{"Tempo di lettura stimato":"1 minuto"},"schema":{"@context":"https:\/\/schema.org","@graph":[{"@type":"WebPage","@id":"https:\/\/www.bazarbonino.com\/store\/prodotto\/jg3720-gora-fire-juggling-staff\/","url":"https:\/\/www.bazarbonino.com\/store\/prodotto\/jg3720-gora-fire-juggling-staff\/","name":"JG3720 - GORA Fire Juggling Staff - BazarBonino","isPartOf":{"@id":"https:\/\/www.bazarbonino.com\/store\/#website"},"primaryImageOfPage":{"@id":"https:\/\/www.bazarbonino.com\/store\/prodotto\/jg3720-gora-fire-juggling-staff\/#primaryimage"},"image":{"@id":"https:\/\/www.bazarbonino.com\/store\/prodotto\/jg3720-gora-fire-juggling-staff\/#primaryimage"},"thumbnailUrl":"https:\/\/www.bazarbonino.com\/store\/wp-content\/uploads\/2013\/05\/JG3720-GORA-Fire-Juggling-Staff.jpg","datePublished":"2013-05-08T10:59:28+00:00","dateModified":"2025-11-11T11:49:48+00:00","description":"GORA Fire Juggling Staff 90 cm. - 290 gr. - scelta da molti per la sua estrema leggerezza e resistenza, scelta anche perch\u00e9mpermette tricks ...","breadcrumb":{"@id":"https:\/\/www.bazarbonino.com\/store\/prodotto\/jg3720-gora-fire-juggling-staff\/#breadcrumb"},"inLanguage":"it-IT","potentialAction":[{"@type":"ReadAction","target":["https:\/\/www.bazarbonino.com\/store\/prodotto\/jg3720-gora-fire-juggling-staff\/"]}]},{"@type":"ImageObject","inLanguage":"it-IT","@id":"https:\/\/www.bazarbonino.com\/store\/prodotto\/jg3720-gora-fire-juggling-staff\/#primaryimage","url":"https:\/\/www.bazarbonino.com\/store\/wp-content\/uploads\/2013\/05\/JG3720-GORA-Fire-Juggling-Staff.jpg","contentUrl":"https:\/\/www.bazarbonino.com\/store\/wp-content\/uploads\/2013\/05\/JG3720-GORA-Fire-Juggling-Staff.jpg","width":650,"height":650},{"@type":"BreadcrumbList","@id":"https:\/\/www.bazarbonino.com\/store\/prodotto\/jg3720-gora-fire-juggling-staff\/#breadcrumb","itemListElement":[{"@type":"ListItem","position":1,"name":"Home","item":"https:\/\/www.bazarbonino.com\/store\/"},{"@type":"ListItem","position":2,"name":"Catalogo","item":"https:\/\/www.bazarbonino.com\/store\/shop\/"},{"@type":"ListItem","position":3,"name":"JG3720 &#8211; GORA Fire Juggling Staff"}]},{"@type":"WebSite","@id":"https:\/\/www.bazarbonino.com\/store\/#website","url":"https:\/\/www.bazarbonino.com\/store\/","name":"BazarBonino","description":"","potentialAction":[{"@type":"SearchAction","target":{"@type":"EntryPoint","urlTemplate":"https:\/\/www.bazarbonino.com\/store\/?s={search_term_string}"},"query-input":{"@type":"PropertyValueSpecification","valueRequired":true,"valueName":"search_term_string"}}],"inLanguage":"it-IT"}]}},"_links":{"self":[{"href":"https:\/\/www.bazarbonino.com\/store\/wp-json\/wp\/v2\/product\/5215","targetHints":{"allow":["GET"]}}],"collection":[{"href":"https:\/\/www.bazarbonino.com\/store\/wp-json\/wp\/v2\/product"}],"about":[{"href":"https:\/\/www.bazarbonino.com\/store\/wp-json\/wp\/v2\/types\/product"}],"replies":[{"embeddable":true,"href":"https:\/\/www.bazarbonino.com\/store\/wp-json\/wp\/v2\/comments?post=5215"}],"wp:featuredmedia":[{"embeddable":true,"href":"https:\/\/www.bazarbonino.com\/store\/wp-json\/wp\/v2\/media\/5216"}],"wp:attachment":[{"href":"https:\/\/www.bazarbonino.com\/store\/wp-json\/wp\/v2\/media?parent=5215"}],"wp:term":[{"taxonomy":"product_brand","embeddable":true,"href":"https:\/\/www.bazarbonino.com\/store\/wp-json\/wp\/v2\/product_brand?post=5215"},{"taxonomy":"product_cat","embeddable":true,"href":"https:\/\/www.bazarbonino.com\/store\/wp-json\/wp\/v2\/product_cat?post=5215"},{"taxonomy":"product_tag","embeddable":true,"href":"https:\/\/www.bazarbonino.com\/store\/wp-json\/wp\/v2\/product_tag?post=5215"}],"curies":[{"name":"wp","href":"https:\/\/api.w.org\/{rel}","templated":true}]}}