{"id":21486,"date":"2023-07-30T20:56:39","date_gmt":"2023-07-30T18:56:39","guid":{"rendered":"https:\/\/www.bazarbonino.com\/store\/?post_type=product&#038;p=21486"},"modified":"2025-11-19T09:42:10","modified_gmt":"2025-11-19T08:42:10","slug":"jg1945-neon-flower-stick-con-bacchette","status":"publish","type":"product","link":"https:\/\/www.bazarbonino.com\/store\/prodotto\/jg1945-neon-flower-stick-con-bacchette\/","title":{"rendered":"JG1945 &#8211; Neon Flower Stick con bacchette"},"content":{"rendered":"<p><span class=\"HwtZe\" lang=\"it\"><span class=\"jCAhz ChMk0b\"><span class=\"ryNqvb\">Juggle Dream Neon Flower Stick con bacchette \u00e8 la versione reattiva agli UV e super luminosa! <\/span><\/span>Sia<span class=\"jCAhz ChMk0b\"><span class=\"ryNqvb\"> l&#8217;asta centrale che le bacchette (in dotazione) sono ricoperte da un tubo in silicone super aderente che si illuminer\u00e0 intensamente se esposto alla luce ultravioletta diretta.<\/span><\/span> <span class=\"jCAhz ChMk0b\"><span class=\"ryNqvb\">Questo materiale reagir\u00e0 anche ai raggi UV nella normale luce dello spettro e briller\u00e0 intensamente al crepuscolo (pensa alle giacche ad alta visibilit\u00e0).<\/span><\/span><span class=\"jCAhz ChMk0b\"><span class=\"ryNqvb\"> Il peso dei fiori d\u00e0 la giusta quantit\u00e0 di trascinamento per creare un bastone molto reattivo.<\/span><\/span> <span class=\"jCAhz ChMk0b\"><span class=\"ryNqvb\">Con una lunghezza di 41,5 cm (65 cm inclusi i fiori), il Neo \u00e8 abbastanza corto da consentire movimenti avanzati del corpo (arricciature sulle braccia, coda di pesce, elicottero dietro la schiena, ecc.) senza renderlo troppo veloce per i principianti.<\/span><\/span> <\/span><\/p>\n<p><span class=\"HwtZe\" lang=\"it\"><span class=\"jCAhz ChMk0b\"><span class=\"ryNqvb\">Specifica:<\/span><\/span> <span class=\"jCAhz ChMk0b\"><span class=\"ryNqvb\">Peso 190 g<\/span><\/span><\/span><\/p>\n","protected":false},"excerpt":{"rendered":"<p>Juggle Dream Neon Flower Stick con bacchette \u00e8 la versione reattiva agli UV e super luminosa! Sia l&#8217;asta centrale che le bacchette (in dotazione) sono ricoperte da un tubo in silicone super aderente che si illuminer\u00e0 intensamente se esposto alla luce ultravioletta diretta. Questo materiale reagir\u00e0 anche ai raggi UV nella normale luce dello spettro [&hellip;]<\/p>\n","protected":false},"featured_media":21491,"comment_status":"closed","ping_status":"closed","template":"","meta":{"_et_pb_use_builder":"","_et_pb_old_content":"","_et_gb_content_width":""},"product_brand":[],"product_cat":[22],"product_tag":[250,2127,248,249],"class_list":{"0":"post-21486","1":"product","2":"type-product","3":"status-publish","4":"has-post-thumbnail","6":"product_cat-flowerstick","7":"product_tag-attrezzi-per-giocolieri-on-line","8":"product_tag-bazar-bonino-torino","9":"product_tag-flowerstick-per-principianti-e-professionisti","10":"product_tag-gioco-dei-tre-bastoni","11":"pa_colore-arancio","12":"pa_colore-giallo","13":"pa_colore-rosa","14":"pa_colore-verde","16":"first","17":"instock","18":"sale","19":"taxable","20":"shipping-taxable","21":"purchasable","22":"product-type-variable"},"yoast_head":"<!-- This site is optimized with the Yoast SEO plugin v27.4 - https:\/\/yoast.com\/product\/yoast-seo-wordpress\/ -->\n<title>JG1945 - Neon Flower Stick con bacchette - BazarBonino<\/title>\n<meta name=\"description\" content=\"Juggle Dream Neon Flower Stick con bacchette \u00e8 la versione reattiva agli UV e super luminosa! Sia l&#039;asta centrale che le bacchette (in dotazione) sono...\" \/>\n<meta name=\"robots\" content=\"index, follow, max-snippet:-1, max-image-preview:large, max-video-preview:-1\" \/>\n<link rel=\"canonical\" href=\"https:\/\/www.bazarbonino.com\/store\/prodotto\/jg1945-neon-flower-stick-con-bacchette\/\" \/>\n<meta property=\"og:locale\" content=\"it_IT\" \/>\n<meta property=\"og:type\" content=\"article\" \/>\n<meta property=\"og:title\" content=\"JG1945 - Neon Flower Stick con bacchette - BazarBonino\" \/>\n<meta property=\"og:description\" content=\"Juggle Dream Neon Flower Stick con bacchette \u00e8 la versione reattiva agli UV e super luminosa! Sia l&#039;asta centrale che le bacchette (in dotazione) sono...\" \/>\n<meta property=\"og:url\" content=\"https:\/\/www.bazarbonino.com\/store\/prodotto\/jg1945-neon-flower-stick-con-bacchette\/\" \/>\n<meta property=\"og:site_name\" content=\"BazarBonino\" \/>\n<meta property=\"article:publisher\" content=\"https:\/\/www.facebook.com\/bazar.bonino\" \/>\n<meta property=\"article:modified_time\" content=\"2025-11-19T08:42:10+00:00\" \/>\n<meta property=\"og:image\" content=\"https:\/\/www.bazarbonino.com\/store\/wp-content\/uploads\/2023\/07\/JG1945-Neon-Flower-Stick-con-bacchette.jpg\" \/>\n\t<meta property=\"og:image:width\" content=\"794\" \/>\n\t<meta property=\"og:image:height\" content=\"794\" \/>\n\t<meta property=\"og:image:type\" content=\"image\/jpeg\" \/>\n<meta name=\"twitter:card\" content=\"summary_large_image\" \/>\n<meta name=\"twitter:label1\" content=\"Tempo di lettura stimato\" \/>\n\t<meta name=\"twitter:data1\" content=\"1 minuto\" \/>\n<script type=\"application\/ld+json\" class=\"yoast-schema-graph\">{\"@context\":\"https:\\\/\\\/schema.org\",\"@graph\":[{\"@type\":\"WebPage\",\"@id\":\"https:\\\/\\\/www.bazarbonino.com\\\/store\\\/prodotto\\\/jg1945-neon-flower-stick-con-bacchette\\\/\",\"url\":\"https:\\\/\\\/www.bazarbonino.com\\\/store\\\/prodotto\\\/jg1945-neon-flower-stick-con-bacchette\\\/\",\"name\":\"JG1945 - Neon Flower Stick con bacchette - BazarBonino\",\"isPartOf\":{\"@id\":\"https:\\\/\\\/www.bazarbonino.com\\\/store\\\/#website\"},\"primaryImageOfPage\":{\"@id\":\"https:\\\/\\\/www.bazarbonino.com\\\/store\\\/prodotto\\\/jg1945-neon-flower-stick-con-bacchette\\\/#primaryimage\"},\"image\":{\"@id\":\"https:\\\/\\\/www.bazarbonino.com\\\/store\\\/prodotto\\\/jg1945-neon-flower-stick-con-bacchette\\\/#primaryimage\"},\"thumbnailUrl\":\"https:\\\/\\\/www.bazarbonino.com\\\/store\\\/wp-content\\\/uploads\\\/2023\\\/07\\\/JG1945-Neon-Flower-Stick-con-bacchette.jpg\",\"datePublished\":\"2023-07-30T18:56:39+00:00\",\"dateModified\":\"2025-11-19T08:42:10+00:00\",\"description\":\"Juggle Dream Neon Flower Stick con bacchette \u00e8 la versione reattiva agli UV e super luminosa! Sia l'asta centrale che le bacchette (in dotazione) sono...\",\"breadcrumb\":{\"@id\":\"https:\\\/\\\/www.bazarbonino.com\\\/store\\\/prodotto\\\/jg1945-neon-flower-stick-con-bacchette\\\/#breadcrumb\"},\"inLanguage\":\"it-IT\",\"potentialAction\":[{\"@type\":\"ReadAction\",\"target\":[\"https:\\\/\\\/www.bazarbonino.com\\\/store\\\/prodotto\\\/jg1945-neon-flower-stick-con-bacchette\\\/\"]}]},{\"@type\":\"ImageObject\",\"inLanguage\":\"it-IT\",\"@id\":\"https:\\\/\\\/www.bazarbonino.com\\\/store\\\/prodotto\\\/jg1945-neon-flower-stick-con-bacchette\\\/#primaryimage\",\"url\":\"https:\\\/\\\/www.bazarbonino.com\\\/store\\\/wp-content\\\/uploads\\\/2023\\\/07\\\/JG1945-Neon-Flower-Stick-con-bacchette.jpg\",\"contentUrl\":\"https:\\\/\\\/www.bazarbonino.com\\\/store\\\/wp-content\\\/uploads\\\/2023\\\/07\\\/JG1945-Neon-Flower-Stick-con-bacchette.jpg\",\"width\":794,\"height\":794,\"caption\":\"JG1945 - Neon Flower Stick con bacchette\"},{\"@type\":\"BreadcrumbList\",\"@id\":\"https:\\\/\\\/www.bazarbonino.com\\\/store\\\/prodotto\\\/jg1945-neon-flower-stick-con-bacchette\\\/#breadcrumb\",\"itemListElement\":[{\"@type\":\"ListItem\",\"position\":1,\"name\":\"Home\",\"item\":\"https:\\\/\\\/www.bazarbonino.com\\\/store\\\/\"},{\"@type\":\"ListItem\",\"position\":2,\"name\":\"Catalogo\",\"item\":\"https:\\\/\\\/www.bazarbonino.com\\\/store\\\/shop\\\/\"},{\"@type\":\"ListItem\",\"position\":3,\"name\":\"JG1945 &#8211; Neon Flower Stick con bacchette\"}]},{\"@type\":\"WebSite\",\"@id\":\"https:\\\/\\\/www.bazarbonino.com\\\/store\\\/#website\",\"url\":\"https:\\\/\\\/www.bazarbonino.com\\\/store\\\/\",\"name\":\"BazarBonino\",\"description\":\"\",\"potentialAction\":[{\"@type\":\"SearchAction\",\"target\":{\"@type\":\"EntryPoint\",\"urlTemplate\":\"https:\\\/\\\/www.bazarbonino.com\\\/store\\\/?s={search_term_string}\"},\"query-input\":{\"@type\":\"PropertyValueSpecification\",\"valueRequired\":true,\"valueName\":\"search_term_string\"}}],\"inLanguage\":\"it-IT\"}]}<\/script>\n<!-- \/ Yoast SEO plugin. -->","yoast_head_json":{"title":"JG1945 - Neon Flower Stick con bacchette - BazarBonino","description":"Juggle Dream Neon Flower Stick con bacchette \u00e8 la versione reattiva agli UV e super luminosa! Sia l'asta centrale che le bacchette (in dotazione) sono...","robots":{"index":"index","follow":"follow","max-snippet":"max-snippet:-1","max-image-preview":"max-image-preview:large","max-video-preview":"max-video-preview:-1"},"canonical":"https:\/\/www.bazarbonino.com\/store\/prodotto\/jg1945-neon-flower-stick-con-bacchette\/","og_locale":"it_IT","og_type":"article","og_title":"JG1945 - Neon Flower Stick con bacchette - BazarBonino","og_description":"Juggle Dream Neon Flower Stick con bacchette \u00e8 la versione reattiva agli UV e super luminosa! Sia l'asta centrale che le bacchette (in dotazione) sono...","og_url":"https:\/\/www.bazarbonino.com\/store\/prodotto\/jg1945-neon-flower-stick-con-bacchette\/","og_site_name":"BazarBonino","article_publisher":"https:\/\/www.facebook.com\/bazar.bonino","article_modified_time":"2025-11-19T08:42:10+00:00","og_image":[{"width":794,"height":794,"url":"https:\/\/www.bazarbonino.com\/store\/wp-content\/uploads\/2023\/07\/JG1945-Neon-Flower-Stick-con-bacchette.jpg","type":"image\/jpeg"}],"twitter_card":"summary_large_image","twitter_misc":{"Tempo di lettura stimato":"1 minuto"},"schema":{"@context":"https:\/\/schema.org","@graph":[{"@type":"WebPage","@id":"https:\/\/www.bazarbonino.com\/store\/prodotto\/jg1945-neon-flower-stick-con-bacchette\/","url":"https:\/\/www.bazarbonino.com\/store\/prodotto\/jg1945-neon-flower-stick-con-bacchette\/","name":"JG1945 - Neon Flower Stick con bacchette - BazarBonino","isPartOf":{"@id":"https:\/\/www.bazarbonino.com\/store\/#website"},"primaryImageOfPage":{"@id":"https:\/\/www.bazarbonino.com\/store\/prodotto\/jg1945-neon-flower-stick-con-bacchette\/#primaryimage"},"image":{"@id":"https:\/\/www.bazarbonino.com\/store\/prodotto\/jg1945-neon-flower-stick-con-bacchette\/#primaryimage"},"thumbnailUrl":"https:\/\/www.bazarbonino.com\/store\/wp-content\/uploads\/2023\/07\/JG1945-Neon-Flower-Stick-con-bacchette.jpg","datePublished":"2023-07-30T18:56:39+00:00","dateModified":"2025-11-19T08:42:10+00:00","description":"Juggle Dream Neon Flower Stick con bacchette \u00e8 la versione reattiva agli UV e super luminosa! Sia l'asta centrale che le bacchette (in dotazione) sono...","breadcrumb":{"@id":"https:\/\/www.bazarbonino.com\/store\/prodotto\/jg1945-neon-flower-stick-con-bacchette\/#breadcrumb"},"inLanguage":"it-IT","potentialAction":[{"@type":"ReadAction","target":["https:\/\/www.bazarbonino.com\/store\/prodotto\/jg1945-neon-flower-stick-con-bacchette\/"]}]},{"@type":"ImageObject","inLanguage":"it-IT","@id":"https:\/\/www.bazarbonino.com\/store\/prodotto\/jg1945-neon-flower-stick-con-bacchette\/#primaryimage","url":"https:\/\/www.bazarbonino.com\/store\/wp-content\/uploads\/2023\/07\/JG1945-Neon-Flower-Stick-con-bacchette.jpg","contentUrl":"https:\/\/www.bazarbonino.com\/store\/wp-content\/uploads\/2023\/07\/JG1945-Neon-Flower-Stick-con-bacchette.jpg","width":794,"height":794,"caption":"JG1945 - Neon Flower Stick con bacchette"},{"@type":"BreadcrumbList","@id":"https:\/\/www.bazarbonino.com\/store\/prodotto\/jg1945-neon-flower-stick-con-bacchette\/#breadcrumb","itemListElement":[{"@type":"ListItem","position":1,"name":"Home","item":"https:\/\/www.bazarbonino.com\/store\/"},{"@type":"ListItem","position":2,"name":"Catalogo","item":"https:\/\/www.bazarbonino.com\/store\/shop\/"},{"@type":"ListItem","position":3,"name":"JG1945 &#8211; Neon Flower Stick con bacchette"}]},{"@type":"WebSite","@id":"https:\/\/www.bazarbonino.com\/store\/#website","url":"https:\/\/www.bazarbonino.com\/store\/","name":"BazarBonino","description":"","potentialAction":[{"@type":"SearchAction","target":{"@type":"EntryPoint","urlTemplate":"https:\/\/www.bazarbonino.com\/store\/?s={search_term_string}"},"query-input":{"@type":"PropertyValueSpecification","valueRequired":true,"valueName":"search_term_string"}}],"inLanguage":"it-IT"}]}},"_links":{"self":[{"href":"https:\/\/www.bazarbonino.com\/store\/wp-json\/wp\/v2\/product\/21486","targetHints":{"allow":["GET"]}}],"collection":[{"href":"https:\/\/www.bazarbonino.com\/store\/wp-json\/wp\/v2\/product"}],"about":[{"href":"https:\/\/www.bazarbonino.com\/store\/wp-json\/wp\/v2\/types\/product"}],"replies":[{"embeddable":true,"href":"https:\/\/www.bazarbonino.com\/store\/wp-json\/wp\/v2\/comments?post=21486"}],"wp:featuredmedia":[{"embeddable":true,"href":"https:\/\/www.bazarbonino.com\/store\/wp-json\/wp\/v2\/media\/21491"}],"wp:attachment":[{"href":"https:\/\/www.bazarbonino.com\/store\/wp-json\/wp\/v2\/media?parent=21486"}],"wp:term":[{"taxonomy":"product_brand","embeddable":true,"href":"https:\/\/www.bazarbonino.com\/store\/wp-json\/wp\/v2\/product_brand?post=21486"},{"taxonomy":"product_cat","embeddable":true,"href":"https:\/\/www.bazarbonino.com\/store\/wp-json\/wp\/v2\/product_cat?post=21486"},{"taxonomy":"product_tag","embeddable":true,"href":"https:\/\/www.bazarbonino.com\/store\/wp-json\/wp\/v2\/product_tag?post=21486"}],"curies":[{"name":"wp","href":"https:\/\/api.w.org\/{rel}","templated":true}]}}