{"id":21287,"date":"2023-07-14T08:26:08","date_gmt":"2023-07-14T06:26:08","guid":{"rendered":"https:\/\/www.bazarbonino.com\/store\/?post_type=product&#038;p=21287"},"modified":"2025-11-11T12:22:20","modified_gmt":"2025-11-11T11:22:20","slug":"jg3740t-gora-titanium-contact-staff","status":"publish","type":"product","link":"https:\/\/www.bazarbonino.com\/store\/prodotto\/jg3740t-gora-titanium-contact-staff\/","title":{"rendered":"JG3740T &#8211; GORA  Titanium Contact Staff"},"content":{"rendered":"<h6>GORA STAFFA INFUOCATA IN TITANIO<\/h6>\n<p class=\"articoli\">GORA Titanium Contact Staff<span class=\"HwtZe\" lang=\"it\"><span class=\"jCAhz ChMk0b\"><span class=\"ryNqvb\"> \u00e8 la staffa pi\u00f9 fluida prodotta da Gora!<\/span><\/span> <span class=\"jCAhz ChMk0b\"><span class=\"ryNqvb\">Offre un&#8217;esperienza straordinaria: lo slancio \u00e8 eccellente e allo stesso tempo il Titanium Contact Staff si sente quasi senza peso.<\/span><\/span> <span class=\"jCAhz ChMk0b\"><span class=\"ryNqvb\">Scivola sul tuo corpo senza sforzo.<\/span><\/span> <\/span><\/p>\n<p class=\"articoli\"><span class=\"HwtZe\" lang=\"it\"><span class=\"jCAhz ChMk0b\"><span class=\"ryNqvb\">Il corpo del bastone \u00e8 realizzato in titanio di grado 9, caratterizzato da un rapporto resistenza\/peso superiore.<\/span><\/span> <span class=\"jCAhz ChMk0b\"><span class=\"ryNqvb\">Ci\u00f2 rende possibile avere un&#8217;asta super affidabile realizzata con un tubo con uno spessore di parete di soli 0,6 mm.<\/span><\/span> <span class=\"jCAhz ChMk0b\"><span class=\"ryNqvb\">Il diametro dell&#8217;asta di contatto in titanio \u00e8 inferiore a quello della normale staffa da contact in lega di alluminio 7075.<\/span><\/span> <\/span><\/p>\n<p class=\"articoli\"><span class=\"HwtZe\" lang=\"it\"><span class=\"jCAhz ChMk0b\"><span class=\"ryNqvb\">La superficie di manipolazione \u00e8 rivestita con il SuperGrip\u00a9 di 3,2 mm di spessore.<\/span><\/span> <span class=\"jCAhz ChMk0b\"><span class=\"ryNqvb\">Ha un morbido sottostrato spugnoso e uno strato superiore appiccicoso e punteggiato che non diventa scivoloso quando \u00e8 bagnato.<\/span><\/span> <span class=\"jCAhz ChMk0b\"><span class=\"ryNqvb\">Nel corso degli anni abbiamo testato molte versioni e questa offre di gran lunga la migliore tenuta anche quando il corpo suda, ed \u00e8 adatta anche per i giocatori di contact staff con pelle sensibile o allergie.<\/span><\/span> <span class=\"jCAhz ChMk0b\"><span class=\"ryNqvb\">Il punto medio del peso \u00e8 chiaramente indicato.<\/span><\/span> <\/span><\/p>\n<p class=\"articoli\"><span class=\"HwtZe\" lang=\"it\"><span class=\"jCAhz ChMk0b\"><span class=\"ryNqvb\">I fiori rallentano un po&#8217; il movimento rotatorio del bastone.<\/span><\/span> <span class=\"jCAhz ChMk0b\"><span class=\"ryNqvb\">Inoltre, la gomma conferisce ulteriore peso per lo spin.<\/span><\/span> <span class=\"jCAhz ChMk0b\"><span class=\"ryNqvb\">Puoi rimuoverli e riattaccarli come preferisci.<\/span><\/span> <\/span><\/p>\n<p class=\"articoli\"><span class=\"HwtZe\" lang=\"it\"><span class=\"jCAhz ChMk0b\"><span class=\"ryNqvb\">La staffa ha protezioni in silicone vicino alle teste di fuoco.<\/span><\/span> <span class=\"jCAhz ChMk0b\"><span class=\"ryNqvb\">In generale, se si commette un errore nello spostamento della contact staff, il metallo riscaldato pu\u00f2 causare gravi ustioni da fuoco, ma ci\u00f2 non accadr\u00e0 poich\u00e9 le parti in silicone sono l\u00ec per proteggerti.<\/span><\/span> <\/span><\/p>\n<p class=\"articoli\"><span class=\"HwtZe\" lang=\"it\"><span class=\"jCAhz ChMk0b\"><span class=\"ryNqvb\">Il silicone di colore nero ha la massima resistenza al calore!<\/span><\/span> <span class=\"jCAhz ChMk0b\"><span class=\"ryNqvb\">Le teste di fuoco Classic sono realizzate con uno stoppino in kevlar largo 10 cm.<br \/>\n<\/span><\/span><\/span><\/p>\n<div class=\"UdTY9 WdefRb\" aria-hidden=\"true\" data-location=\"2\">\n<div class=\"kO6q6e\"><\/div>\n<\/div>\n<p>Consigli per il corretto utilizzo ed evitare danneggiamenti:<\/p>\n<p>&#8211; Non utilizzare acquaragia, benzene o liquidi a base di alcol.<\/p>\n<p>&#8211; Non tenere il bastone in verticale. Giralo o mantienilo orizzontale!<\/p>\n<p>&#8211; Maneggia con cura l&#8217;impugnatura\/grip per evitare danni.<\/p>\n<p>&#8211; Non immergere il silicone nella paraffina. (Questo \u00e8 importante. Immergi la testa solo per i 2\/3 e lascia che il carburante assorba).<\/p>\n<p>ATTENZIONE: VENDUTA SENZA FLOWERS acquistabili a parte art. <a href=\"https:\/\/www.bazarbonino.com\/store\/prodotto\/jg3750-flower-contact-staff-gora\/\">JG3750<\/a><\/p>\n","protected":false},"excerpt":{"rendered":"<p>ESAURITO IN RIORDINO<\/p>\n<p>PRENOTATE L&#8217;ARTICOLO<\/p>\n","protected":false},"featured_media":21288,"comment_status":"closed","ping_status":"closed","template":"","meta":{"_et_pb_use_builder":"","_et_pb_old_content":"","_et_gb_content_width":""},"product_brand":[],"product_cat":[46],"product_tag":[1837,308,218,307],"class_list":{"0":"post-21287","1":"product","2":"type-product","3":"status-publish","4":"has-post-thumbnail","6":"product_cat-staffe-x-twirling-contact-infuocate","7":"product_tag-gora-contact-staff","8":"product_tag-negozio-articoli-giocoleria-da-incendiare","9":"product_tag-negozio-on-line-bazar-bonino-torino","10":"product_tag-staffa-infuocata-di-fuoco","12":"first","13":"instock","14":"sale","15":"taxable","16":"shipping-taxable","17":"purchasable","18":"product-type-simple"},"yoast_head":"<!-- This site is optimized with the Yoast SEO plugin v27.4 - https:\/\/yoast.com\/product\/yoast-seo-wordpress\/ -->\n<title>JG3740T - GORA Titanium Contact Staff - BazarBonino<\/title>\n<meta name=\"description\" content=\"GORA Titanium Contact Staff \u00e8 la staffa pi\u00f9 fluida prodotta da Gora! Offre un&#039;esperienza straordinaria: lo slancio \u00e8 eccellente e quasi senza peso!\" \/>\n<meta name=\"robots\" content=\"index, follow, max-snippet:-1, max-image-preview:large, max-video-preview:-1\" \/>\n<link rel=\"canonical\" href=\"https:\/\/www.bazarbonino.com\/store\/prodotto\/jg3740t-gora-titanium-contact-staff\/\" \/>\n<meta property=\"og:locale\" content=\"it_IT\" \/>\n<meta property=\"og:type\" content=\"article\" \/>\n<meta property=\"og:title\" content=\"JG3740T - GORA Titanium Contact Staff - BazarBonino\" \/>\n<meta property=\"og:description\" content=\"GORA Titanium Contact Staff \u00e8 la staffa pi\u00f9 fluida prodotta da Gora! Offre un&#039;esperienza straordinaria: lo slancio \u00e8 eccellente e quasi senza peso!\" \/>\n<meta property=\"og:url\" content=\"https:\/\/www.bazarbonino.com\/store\/prodotto\/jg3740t-gora-titanium-contact-staff\/\" \/>\n<meta property=\"og:site_name\" content=\"BazarBonino\" \/>\n<meta property=\"article:publisher\" content=\"https:\/\/www.facebook.com\/bazar.bonino\" \/>\n<meta property=\"article:modified_time\" content=\"2025-11-11T11:22:20+00:00\" \/>\n<meta property=\"og:image\" content=\"https:\/\/www.bazarbonino.com\/store\/wp-content\/uploads\/2023\/07\/JG3740T-GORA-Titanium-Contact-Staff.jpg\" \/>\n\t<meta property=\"og:image:width\" content=\"747\" \/>\n\t<meta property=\"og:image:height\" content=\"500\" \/>\n\t<meta property=\"og:image:type\" content=\"image\/jpeg\" \/>\n<meta name=\"twitter:card\" content=\"summary_large_image\" \/>\n<meta name=\"twitter:label1\" content=\"Tempo di lettura stimato\" \/>\n\t<meta name=\"twitter:data1\" content=\"2 minuti\" \/>\n<script type=\"application\/ld+json\" class=\"yoast-schema-graph\">{\"@context\":\"https:\\\/\\\/schema.org\",\"@graph\":[{\"@type\":\"WebPage\",\"@id\":\"https:\\\/\\\/www.bazarbonino.com\\\/store\\\/prodotto\\\/jg3740t-gora-titanium-contact-staff\\\/\",\"url\":\"https:\\\/\\\/www.bazarbonino.com\\\/store\\\/prodotto\\\/jg3740t-gora-titanium-contact-staff\\\/\",\"name\":\"JG3740T - GORA Titanium Contact Staff - BazarBonino\",\"isPartOf\":{\"@id\":\"https:\\\/\\\/www.bazarbonino.com\\\/store\\\/#website\"},\"primaryImageOfPage\":{\"@id\":\"https:\\\/\\\/www.bazarbonino.com\\\/store\\\/prodotto\\\/jg3740t-gora-titanium-contact-staff\\\/#primaryimage\"},\"image\":{\"@id\":\"https:\\\/\\\/www.bazarbonino.com\\\/store\\\/prodotto\\\/jg3740t-gora-titanium-contact-staff\\\/#primaryimage\"},\"thumbnailUrl\":\"https:\\\/\\\/www.bazarbonino.com\\\/store\\\/wp-content\\\/uploads\\\/2023\\\/07\\\/JG3740T-GORA-Titanium-Contact-Staff.jpg\",\"datePublished\":\"2023-07-14T06:26:08+00:00\",\"dateModified\":\"2025-11-11T11:22:20+00:00\",\"description\":\"GORA Titanium Contact Staff \u00e8 la staffa pi\u00f9 fluida prodotta da Gora! Offre un'esperienza straordinaria: lo slancio \u00e8 eccellente e quasi senza peso!\",\"breadcrumb\":{\"@id\":\"https:\\\/\\\/www.bazarbonino.com\\\/store\\\/prodotto\\\/jg3740t-gora-titanium-contact-staff\\\/#breadcrumb\"},\"inLanguage\":\"it-IT\",\"potentialAction\":[{\"@type\":\"ReadAction\",\"target\":[\"https:\\\/\\\/www.bazarbonino.com\\\/store\\\/prodotto\\\/jg3740t-gora-titanium-contact-staff\\\/\"]}]},{\"@type\":\"ImageObject\",\"inLanguage\":\"it-IT\",\"@id\":\"https:\\\/\\\/www.bazarbonino.com\\\/store\\\/prodotto\\\/jg3740t-gora-titanium-contact-staff\\\/#primaryimage\",\"url\":\"https:\\\/\\\/www.bazarbonino.com\\\/store\\\/wp-content\\\/uploads\\\/2023\\\/07\\\/JG3740T-GORA-Titanium-Contact-Staff.jpg\",\"contentUrl\":\"https:\\\/\\\/www.bazarbonino.com\\\/store\\\/wp-content\\\/uploads\\\/2023\\\/07\\\/JG3740T-GORA-Titanium-Contact-Staff.jpg\",\"width\":747,\"height\":500,\"caption\":\"JG3740T - GORA Titanium Contact Staff\"},{\"@type\":\"BreadcrumbList\",\"@id\":\"https:\\\/\\\/www.bazarbonino.com\\\/store\\\/prodotto\\\/jg3740t-gora-titanium-contact-staff\\\/#breadcrumb\",\"itemListElement\":[{\"@type\":\"ListItem\",\"position\":1,\"name\":\"Home\",\"item\":\"https:\\\/\\\/www.bazarbonino.com\\\/store\\\/\"},{\"@type\":\"ListItem\",\"position\":2,\"name\":\"Catalogo\",\"item\":\"https:\\\/\\\/www.bazarbonino.com\\\/store\\\/shop\\\/\"},{\"@type\":\"ListItem\",\"position\":3,\"name\":\"JG3740T &#8211; GORA Titanium Contact Staff\"}]},{\"@type\":\"WebSite\",\"@id\":\"https:\\\/\\\/www.bazarbonino.com\\\/store\\\/#website\",\"url\":\"https:\\\/\\\/www.bazarbonino.com\\\/store\\\/\",\"name\":\"BazarBonino\",\"description\":\"\",\"potentialAction\":[{\"@type\":\"SearchAction\",\"target\":{\"@type\":\"EntryPoint\",\"urlTemplate\":\"https:\\\/\\\/www.bazarbonino.com\\\/store\\\/?s={search_term_string}\"},\"query-input\":{\"@type\":\"PropertyValueSpecification\",\"valueRequired\":true,\"valueName\":\"search_term_string\"}}],\"inLanguage\":\"it-IT\"}]}<\/script>\n<!-- \/ Yoast SEO plugin. -->","yoast_head_json":{"title":"JG3740T - GORA Titanium Contact Staff - BazarBonino","description":"GORA Titanium Contact Staff \u00e8 la staffa pi\u00f9 fluida prodotta da Gora! Offre un'esperienza straordinaria: lo slancio \u00e8 eccellente e quasi senza peso!","robots":{"index":"index","follow":"follow","max-snippet":"max-snippet:-1","max-image-preview":"max-image-preview:large","max-video-preview":"max-video-preview:-1"},"canonical":"https:\/\/www.bazarbonino.com\/store\/prodotto\/jg3740t-gora-titanium-contact-staff\/","og_locale":"it_IT","og_type":"article","og_title":"JG3740T - GORA Titanium Contact Staff - BazarBonino","og_description":"GORA Titanium Contact Staff \u00e8 la staffa pi\u00f9 fluida prodotta da Gora! Offre un'esperienza straordinaria: lo slancio \u00e8 eccellente e quasi senza peso!","og_url":"https:\/\/www.bazarbonino.com\/store\/prodotto\/jg3740t-gora-titanium-contact-staff\/","og_site_name":"BazarBonino","article_publisher":"https:\/\/www.facebook.com\/bazar.bonino","article_modified_time":"2025-11-11T11:22:20+00:00","og_image":[{"width":747,"height":500,"url":"https:\/\/www.bazarbonino.com\/store\/wp-content\/uploads\/2023\/07\/JG3740T-GORA-Titanium-Contact-Staff.jpg","type":"image\/jpeg"}],"twitter_card":"summary_large_image","twitter_misc":{"Tempo di lettura stimato":"2 minuti"},"schema":{"@context":"https:\/\/schema.org","@graph":[{"@type":"WebPage","@id":"https:\/\/www.bazarbonino.com\/store\/prodotto\/jg3740t-gora-titanium-contact-staff\/","url":"https:\/\/www.bazarbonino.com\/store\/prodotto\/jg3740t-gora-titanium-contact-staff\/","name":"JG3740T - GORA Titanium Contact Staff - BazarBonino","isPartOf":{"@id":"https:\/\/www.bazarbonino.com\/store\/#website"},"primaryImageOfPage":{"@id":"https:\/\/www.bazarbonino.com\/store\/prodotto\/jg3740t-gora-titanium-contact-staff\/#primaryimage"},"image":{"@id":"https:\/\/www.bazarbonino.com\/store\/prodotto\/jg3740t-gora-titanium-contact-staff\/#primaryimage"},"thumbnailUrl":"https:\/\/www.bazarbonino.com\/store\/wp-content\/uploads\/2023\/07\/JG3740T-GORA-Titanium-Contact-Staff.jpg","datePublished":"2023-07-14T06:26:08+00:00","dateModified":"2025-11-11T11:22:20+00:00","description":"GORA Titanium Contact Staff \u00e8 la staffa pi\u00f9 fluida prodotta da Gora! Offre un'esperienza straordinaria: lo slancio \u00e8 eccellente e quasi senza peso!","breadcrumb":{"@id":"https:\/\/www.bazarbonino.com\/store\/prodotto\/jg3740t-gora-titanium-contact-staff\/#breadcrumb"},"inLanguage":"it-IT","potentialAction":[{"@type":"ReadAction","target":["https:\/\/www.bazarbonino.com\/store\/prodotto\/jg3740t-gora-titanium-contact-staff\/"]}]},{"@type":"ImageObject","inLanguage":"it-IT","@id":"https:\/\/www.bazarbonino.com\/store\/prodotto\/jg3740t-gora-titanium-contact-staff\/#primaryimage","url":"https:\/\/www.bazarbonino.com\/store\/wp-content\/uploads\/2023\/07\/JG3740T-GORA-Titanium-Contact-Staff.jpg","contentUrl":"https:\/\/www.bazarbonino.com\/store\/wp-content\/uploads\/2023\/07\/JG3740T-GORA-Titanium-Contact-Staff.jpg","width":747,"height":500,"caption":"JG3740T - GORA Titanium Contact Staff"},{"@type":"BreadcrumbList","@id":"https:\/\/www.bazarbonino.com\/store\/prodotto\/jg3740t-gora-titanium-contact-staff\/#breadcrumb","itemListElement":[{"@type":"ListItem","position":1,"name":"Home","item":"https:\/\/www.bazarbonino.com\/store\/"},{"@type":"ListItem","position":2,"name":"Catalogo","item":"https:\/\/www.bazarbonino.com\/store\/shop\/"},{"@type":"ListItem","position":3,"name":"JG3740T &#8211; GORA Titanium Contact Staff"}]},{"@type":"WebSite","@id":"https:\/\/www.bazarbonino.com\/store\/#website","url":"https:\/\/www.bazarbonino.com\/store\/","name":"BazarBonino","description":"","potentialAction":[{"@type":"SearchAction","target":{"@type":"EntryPoint","urlTemplate":"https:\/\/www.bazarbonino.com\/store\/?s={search_term_string}"},"query-input":{"@type":"PropertyValueSpecification","valueRequired":true,"valueName":"search_term_string"}}],"inLanguage":"it-IT"}]}},"_links":{"self":[{"href":"https:\/\/www.bazarbonino.com\/store\/wp-json\/wp\/v2\/product\/21287","targetHints":{"allow":["GET"]}}],"collection":[{"href":"https:\/\/www.bazarbonino.com\/store\/wp-json\/wp\/v2\/product"}],"about":[{"href":"https:\/\/www.bazarbonino.com\/store\/wp-json\/wp\/v2\/types\/product"}],"replies":[{"embeddable":true,"href":"https:\/\/www.bazarbonino.com\/store\/wp-json\/wp\/v2\/comments?post=21287"}],"wp:featuredmedia":[{"embeddable":true,"href":"https:\/\/www.bazarbonino.com\/store\/wp-json\/wp\/v2\/media\/21288"}],"wp:attachment":[{"href":"https:\/\/www.bazarbonino.com\/store\/wp-json\/wp\/v2\/media?parent=21287"}],"wp:term":[{"taxonomy":"product_brand","embeddable":true,"href":"https:\/\/www.bazarbonino.com\/store\/wp-json\/wp\/v2\/product_brand?post=21287"},{"taxonomy":"product_cat","embeddable":true,"href":"https:\/\/www.bazarbonino.com\/store\/wp-json\/wp\/v2\/product_cat?post=21287"},{"taxonomy":"product_tag","embeddable":true,"href":"https:\/\/www.bazarbonino.com\/store\/wp-json\/wp\/v2\/product_tag?post=21287"}],"curies":[{"name":"wp","href":"https:\/\/api.w.org\/{rel}","templated":true}]}}