{"id":21011,"date":"2023-05-07T21:14:48","date_gmt":"2023-05-07T19:14:48","guid":{"rendered":"https:\/\/www.bazarbonino.com\/store\/?post_type=product&#038;p=21011"},"modified":"2025-11-11T22:35:23","modified_gmt":"2025-11-11T21:35:23","slug":"jg4040-fire-dervish-skirt-gora","status":"publish","type":"product","link":"https:\/\/www.bazarbonino.com\/store\/prodotto\/jg4040-fire-dervish-skirt-gora\/","title":{"rendered":"JG4040 &#8211; Fire Dervish Skirt Gora"},"content":{"rendered":"<h6>GONNA DERVISH DI FUOCO GORA<\/h6>\n<p><span class=\"HwtZe\" lang=\"it\"><span class=\"jCAhz ChMk0b\"><span class=\"ryNqvb\">La danza vorticosa Sufi fa parte di una cerimonia formale Sufi (islamica) ed \u00e8 praticata come un tipo di meditazione fisicamente attiva.<\/span><\/span> <span class=\"jCAhz ChMk0b\"><span class=\"ryNqvb\">I dervisci rotanti cercano di abbandonare l&#8217;ego e i desideri personali ascoltando musica, ruotando il proprio corpo in cerchi ripetitivi e raggiungendo uno stato di trance per essere tutt&#8217;uno con Dio.<\/span><\/span> <span class=\"jCAhz ChMk0b\"><span class=\"ryNqvb\">Un altro termine talvolta usato per questo tipo di gonna \u00e8 la versione egiziana &#8220;Tanoura&#8221;, e il vortice si \u00e8 sviluppato in una performance di danza vista anche al di fuori del mondo islamico.<\/span><\/span> <\/span><\/p>\n<p><span class=\"HwtZe\" lang=\"it\"><span class=\"jCAhz ChMk0b\"><span class=\"ryNqvb\">La Fire Dervish Skirt \u00e8 realizzata in robusta tela di cotone nero imbevuta di liquido ignifugo.<\/span><\/span> <span class=\"jCAhz ChMk0b\"><span class=\"ryNqvb\">\u00c8 fatta per essere indossata in vita con una lunghezza fino al pavimento.<\/span><\/span> <span class=\"jCAhz ChMk0b\"><span class=\"ryNqvb\">Quando il ballerino gira, la gonna si apre in un disco orizzontale completo.<\/span><\/span> <span class=\"jCAhz ChMk0b\"><span class=\"ryNqvb\">Una corda in kevlar larga 13 mm e lunga 6 m \u00e8 fissata con dei lacci alla parte inferiore della gonna.<\/span><\/span> <span class=\"jCAhz ChMk0b\"><span class=\"ryNqvb\">La parte in vita \u00e8 progettata in modo che il velcro possa essere aperto con una sola mossa.<\/span><\/span> <\/span><\/p>\n<p><span class=\"HwtZe\" lang=\"it\"><span class=\"jCAhz ChMk0b\"><span class=\"ryNqvb\">Le principali differenze tra la Fire Skirt e la Dervish\u00a0 sono le seguenti:<\/span><\/span> <\/span><\/p>\n<p><span class=\"HwtZe\" lang=\"it\"><span class=\"jCAhz ChMk0b\"><span class=\"ryNqvb\">Fire Skirt: economica, soprattutto se hai gi\u00e0 un Fire Hoop.<\/span><\/span> <span class=\"jCAhz ChMk0b\"><span class=\"ryNqvb\">Permette di fermarsi, posare e ballare lentamente.<\/span><\/span> <span class=\"jCAhz ChMk0b\"><span class=\"ryNqvb\">Funge da costume insieme ai ventagli di fuoco e alla nostra corona di fuoco.<\/span><\/span> <\/span><\/p>\n<p><span class=\"HwtZe\" lang=\"it\"><span class=\"jCAhz ChMk0b\"><span class=\"ryNqvb\">Fire Dervish Skirt: devi girare, non puoi fermarti.<\/span><\/span> <span class=\"jCAhz ChMk0b\"><span class=\"ryNqvb\">Molto pi\u00f9 fuoco, pi\u00f9 spettacolare, pi\u00f9 rischioso, ancora pi\u00f9 adatto a un atto finale.<\/span><\/span> <span class=\"jCAhz ChMk0b\"><span class=\"ryNqvb\">E puoi essere tutt&#8217;uno con Dio.<\/span><\/span><\/span><\/p>\n<p><span class=\"HwtZe\" lang=\"it\"><span class=\"jCAhz ChMk0b\"><span class=\"ryNqvb\">Importante:<\/span><\/span> <\/span><\/p>\n<p><span class=\"HwtZe\" lang=\"it\"><span class=\"jCAhz ChMk0b\"><span class=\"ryNqvb\">&#8211; Fare MOLTA pratica prima di accendere.<\/span><\/span> <span class=\"jCAhz ChMk0b\"><span class=\"ryNqvb\">Potrebbe sembrare facile girare 2-3 minuti in un punto, ma non \u00e8 facile.<\/span><\/span> <span class=\"jCAhz ChMk0b\"><span class=\"ryNqvb\">Proprio come le altre attrezzature da giocoliere con il fuoco, le Fire Dervish Skirt richiedono molta pratica!<\/span><\/span> <\/span><\/p>\n<p><span class=\"HwtZe\" lang=\"it\"><span class=\"jCAhz ChMk0b\"><span class=\"ryNqvb\">&#8211; Bagnare con acqua la parte inferiore della gonna con uno spray.<\/span><\/span><\/span><\/p>\n<p><span class=\"HwtZe\" lang=\"it\"> <span class=\"jCAhz ChMk0b\"><span class=\"ryNqvb\">&#8211; NON indossare nulla di sintetico sotto la gonna.<\/span><\/span> <\/span><\/p>\n<p><span class=\"HwtZe\" lang=\"it\"><span class=\"jCAhz ChMk0b\"><span class=\"ryNqvb\">&#8211; Se nonostante le precauzioni ti trovi nei guai, la parte in vita della Fire Dervish Skirt \u00e8 disegnata in modo da poterla aprire con una sola mossa.<\/span><\/span> <span class=\"jCAhz ChMk0b\"><span class=\"ryNqvb\">Devi esercitarti cos\u00ec tanto in questa mossa che puoi farlo senza pensare!<\/span><\/span> <\/span><\/p>\n<p><span class=\"HwtZe\" lang=\"it\"><span class=\"jCAhz ChMk0b\"><span class=\"ryNqvb\">&#8211; Impregnare kevlar: apri completamente la gonna a forma di disco e appoggiala a terra.<\/span><\/span> <span class=\"jCAhz ChMk0b\"><span class=\"ryNqvb\">Imbevi il kevlar usando una bottiglia con un piccolo foro sulla parte superiore proprio come faresti con una spada.<\/span><\/span> <span class=\"jCAhz ChMk0b\"><span class=\"ryNqvb\">Fai molta attenzione che la gonna non assorba carburante!<\/span><\/span> <span class=\"jCAhz ChMk0b\"><span class=\"ryNqvb\">Se del carburante finisce sulla gonna, NON usare in nessun caso la gonna!<\/span><\/span> <span class=\"jCAhz ChMk0b\"><span class=\"ryNqvb\">In questo caso, metti la gonna al sole per un giorno intero: cos\u00ec il carburante evaporer\u00e0.<\/span><\/span> <span class=\"jCAhz ChMk0b\"><span class=\"ryNqvb\">Si sconsiglia di lavare la gonna, perch\u00e9 si laverebbe via il liquido ignifugo (inoltre non si pu\u00f2 separare dal kevlar).<\/span><\/span> <\/span><\/p>\n<p><span class=\"HwtZe\" lang=\"it\"><span class=\"jCAhz ChMk0b\"><span class=\"ryNqvb\">&#8211; Conservazione: quando si ripone la Fire Dervish Skirt, \u00e8 necessario coprire la parte superiore (gonna) e quella inferiore (kevlar) in due sacchetti diversi.<\/span><\/span> <span class=\"jCAhz ChMk0b\"><span class=\"ryNqvb\">Questo \u00e8 necessario per evitare che la gonna diventi oleosa.<\/span><\/span><\/span><\/p>\n<p><span class=\"HwtZe\" lang=\"it\">\u00a0<\/span><\/p>\n<div><\/div>\n<div id=\"stcpDiv\"><\/div>\n","protected":false},"excerpt":{"rendered":"<div class=\"woocommerce-product-details__short-description\">\n<div class=\"woocommerce-product-details__short-description\">\n<div class=\"woocommerce-product-details__short-description\">\n<div class=\"woocommerce-product-details__short-description\">\n<p>\u2014- SU ORDINAZIONE \u2014-<\/p>\n<p>PRENOTA L\u2019ARTICOLO<\/p>\n<\/div>\n<\/div>\n<\/div>\n<\/div>\n","protected":false},"featured_media":21013,"comment_status":"closed","ping_status":"closed","template":"","meta":{"_et_pb_use_builder":"","_et_pb_old_content":"","_et_gb_content_width":""},"product_brand":[],"product_cat":[48],"product_tag":[315,1658,303],"class_list":{"0":"post-21011","1":"product","2":"type-product","3":"status-publish","4":"has-post-thumbnail","6":"product_cat-attrezzi-infuocati-vari-danza-costumi","7":"product_tag-attrezzi-infuocati-gora","8":"product_tag-fire-crown-gora","9":"product_tag-negozio-articoli-giocoleria-di-fuoco","11":"first","12":"instock","13":"sale","14":"taxable","15":"shipping-taxable","16":"purchasable","17":"product-type-simple"},"yoast_head":"<!-- This site is optimized with the Yoast SEO plugin v27.4 - https:\/\/yoast.com\/product\/yoast-seo-wordpress\/ -->\n<title>JG4040 - Fire Dervish Skirt Gora - BazarBonino<\/title>\n<meta name=\"description\" content=\"La Fire Dervish Skirt \u00e8 realizzata in robusta tela di cotone nero imbevuta di liquido ignifugo. \u00c8 fatta per essere indossata in vita fino al pavimento.\" \/>\n<meta name=\"robots\" content=\"index, follow, max-snippet:-1, max-image-preview:large, max-video-preview:-1\" \/>\n<link rel=\"canonical\" href=\"https:\/\/www.bazarbonino.com\/store\/prodotto\/jg4040-fire-dervish-skirt-gora\/\" \/>\n<meta property=\"og:locale\" content=\"it_IT\" \/>\n<meta property=\"og:type\" content=\"article\" \/>\n<meta property=\"og:title\" content=\"JG4040 - Fire Dervish Skirt Gora - BazarBonino\" \/>\n<meta property=\"og:description\" content=\"La Fire Dervish Skirt \u00e8 realizzata in robusta tela di cotone nero imbevuta di liquido ignifugo. \u00c8 fatta per essere indossata in vita fino al pavimento.\" \/>\n<meta property=\"og:url\" content=\"https:\/\/www.bazarbonino.com\/store\/prodotto\/jg4040-fire-dervish-skirt-gora\/\" \/>\n<meta property=\"og:site_name\" content=\"BazarBonino\" \/>\n<meta property=\"article:publisher\" content=\"https:\/\/www.facebook.com\/bazar.bonino\" \/>\n<meta property=\"article:modified_time\" content=\"2025-11-11T21:35:23+00:00\" \/>\n<meta property=\"og:image\" content=\"https:\/\/www.bazarbonino.com\/store\/wp-content\/uploads\/2023\/05\/JG4040-Fire-Dervish-Skirt-Gora.jpg\" \/>\n\t<meta property=\"og:image:width\" content=\"750\" \/>\n\t<meta property=\"og:image:height\" content=\"500\" \/>\n\t<meta property=\"og:image:type\" content=\"image\/jpeg\" \/>\n<meta name=\"twitter:card\" content=\"summary_large_image\" \/>\n<meta name=\"twitter:label1\" content=\"Tempo di lettura stimato\" \/>\n\t<meta name=\"twitter:data1\" content=\"2 minuti\" \/>\n<script type=\"application\/ld+json\" class=\"yoast-schema-graph\">{\"@context\":\"https:\\\/\\\/schema.org\",\"@graph\":[{\"@type\":\"WebPage\",\"@id\":\"https:\\\/\\\/www.bazarbonino.com\\\/store\\\/prodotto\\\/jg4040-fire-dervish-skirt-gora\\\/\",\"url\":\"https:\\\/\\\/www.bazarbonino.com\\\/store\\\/prodotto\\\/jg4040-fire-dervish-skirt-gora\\\/\",\"name\":\"JG4040 - Fire Dervish Skirt Gora - BazarBonino\",\"isPartOf\":{\"@id\":\"https:\\\/\\\/www.bazarbonino.com\\\/store\\\/#website\"},\"primaryImageOfPage\":{\"@id\":\"https:\\\/\\\/www.bazarbonino.com\\\/store\\\/prodotto\\\/jg4040-fire-dervish-skirt-gora\\\/#primaryimage\"},\"image\":{\"@id\":\"https:\\\/\\\/www.bazarbonino.com\\\/store\\\/prodotto\\\/jg4040-fire-dervish-skirt-gora\\\/#primaryimage\"},\"thumbnailUrl\":\"https:\\\/\\\/www.bazarbonino.com\\\/store\\\/wp-content\\\/uploads\\\/2023\\\/05\\\/JG4040-Fire-Dervish-Skirt-Gora.jpg\",\"datePublished\":\"2023-05-07T19:14:48+00:00\",\"dateModified\":\"2025-11-11T21:35:23+00:00\",\"description\":\"La Fire Dervish Skirt \u00e8 realizzata in robusta tela di cotone nero imbevuta di liquido ignifugo. \u00c8 fatta per essere indossata in vita fino al pavimento.\",\"breadcrumb\":{\"@id\":\"https:\\\/\\\/www.bazarbonino.com\\\/store\\\/prodotto\\\/jg4040-fire-dervish-skirt-gora\\\/#breadcrumb\"},\"inLanguage\":\"it-IT\",\"potentialAction\":[{\"@type\":\"ReadAction\",\"target\":[\"https:\\\/\\\/www.bazarbonino.com\\\/store\\\/prodotto\\\/jg4040-fire-dervish-skirt-gora\\\/\"]}]},{\"@type\":\"ImageObject\",\"inLanguage\":\"it-IT\",\"@id\":\"https:\\\/\\\/www.bazarbonino.com\\\/store\\\/prodotto\\\/jg4040-fire-dervish-skirt-gora\\\/#primaryimage\",\"url\":\"https:\\\/\\\/www.bazarbonino.com\\\/store\\\/wp-content\\\/uploads\\\/2023\\\/05\\\/JG4040-Fire-Dervish-Skirt-Gora.jpg\",\"contentUrl\":\"https:\\\/\\\/www.bazarbonino.com\\\/store\\\/wp-content\\\/uploads\\\/2023\\\/05\\\/JG4040-Fire-Dervish-Skirt-Gora.jpg\",\"width\":750,\"height\":500,\"caption\":\"JG4040 - Fire Dervish Skirt Gora\"},{\"@type\":\"BreadcrumbList\",\"@id\":\"https:\\\/\\\/www.bazarbonino.com\\\/store\\\/prodotto\\\/jg4040-fire-dervish-skirt-gora\\\/#breadcrumb\",\"itemListElement\":[{\"@type\":\"ListItem\",\"position\":1,\"name\":\"Home\",\"item\":\"https:\\\/\\\/www.bazarbonino.com\\\/store\\\/\"},{\"@type\":\"ListItem\",\"position\":2,\"name\":\"Catalogo\",\"item\":\"https:\\\/\\\/www.bazarbonino.com\\\/store\\\/shop\\\/\"},{\"@type\":\"ListItem\",\"position\":3,\"name\":\"JG4040 &#8211; Fire Dervish Skirt Gora\"}]},{\"@type\":\"WebSite\",\"@id\":\"https:\\\/\\\/www.bazarbonino.com\\\/store\\\/#website\",\"url\":\"https:\\\/\\\/www.bazarbonino.com\\\/store\\\/\",\"name\":\"BazarBonino\",\"description\":\"\",\"potentialAction\":[{\"@type\":\"SearchAction\",\"target\":{\"@type\":\"EntryPoint\",\"urlTemplate\":\"https:\\\/\\\/www.bazarbonino.com\\\/store\\\/?s={search_term_string}\"},\"query-input\":{\"@type\":\"PropertyValueSpecification\",\"valueRequired\":true,\"valueName\":\"search_term_string\"}}],\"inLanguage\":\"it-IT\"}]}<\/script>\n<!-- \/ Yoast SEO plugin. -->","yoast_head_json":{"title":"JG4040 - Fire Dervish Skirt Gora - BazarBonino","description":"La Fire Dervish Skirt \u00e8 realizzata in robusta tela di cotone nero imbevuta di liquido ignifugo. \u00c8 fatta per essere indossata in vita fino al pavimento.","robots":{"index":"index","follow":"follow","max-snippet":"max-snippet:-1","max-image-preview":"max-image-preview:large","max-video-preview":"max-video-preview:-1"},"canonical":"https:\/\/www.bazarbonino.com\/store\/prodotto\/jg4040-fire-dervish-skirt-gora\/","og_locale":"it_IT","og_type":"article","og_title":"JG4040 - Fire Dervish Skirt Gora - BazarBonino","og_description":"La Fire Dervish Skirt \u00e8 realizzata in robusta tela di cotone nero imbevuta di liquido ignifugo. \u00c8 fatta per essere indossata in vita fino al pavimento.","og_url":"https:\/\/www.bazarbonino.com\/store\/prodotto\/jg4040-fire-dervish-skirt-gora\/","og_site_name":"BazarBonino","article_publisher":"https:\/\/www.facebook.com\/bazar.bonino","article_modified_time":"2025-11-11T21:35:23+00:00","og_image":[{"width":750,"height":500,"url":"https:\/\/www.bazarbonino.com\/store\/wp-content\/uploads\/2023\/05\/JG4040-Fire-Dervish-Skirt-Gora.jpg","type":"image\/jpeg"}],"twitter_card":"summary_large_image","twitter_misc":{"Tempo di lettura stimato":"2 minuti"},"schema":{"@context":"https:\/\/schema.org","@graph":[{"@type":"WebPage","@id":"https:\/\/www.bazarbonino.com\/store\/prodotto\/jg4040-fire-dervish-skirt-gora\/","url":"https:\/\/www.bazarbonino.com\/store\/prodotto\/jg4040-fire-dervish-skirt-gora\/","name":"JG4040 - Fire Dervish Skirt Gora - BazarBonino","isPartOf":{"@id":"https:\/\/www.bazarbonino.com\/store\/#website"},"primaryImageOfPage":{"@id":"https:\/\/www.bazarbonino.com\/store\/prodotto\/jg4040-fire-dervish-skirt-gora\/#primaryimage"},"image":{"@id":"https:\/\/www.bazarbonino.com\/store\/prodotto\/jg4040-fire-dervish-skirt-gora\/#primaryimage"},"thumbnailUrl":"https:\/\/www.bazarbonino.com\/store\/wp-content\/uploads\/2023\/05\/JG4040-Fire-Dervish-Skirt-Gora.jpg","datePublished":"2023-05-07T19:14:48+00:00","dateModified":"2025-11-11T21:35:23+00:00","description":"La Fire Dervish Skirt \u00e8 realizzata in robusta tela di cotone nero imbevuta di liquido ignifugo. \u00c8 fatta per essere indossata in vita fino al pavimento.","breadcrumb":{"@id":"https:\/\/www.bazarbonino.com\/store\/prodotto\/jg4040-fire-dervish-skirt-gora\/#breadcrumb"},"inLanguage":"it-IT","potentialAction":[{"@type":"ReadAction","target":["https:\/\/www.bazarbonino.com\/store\/prodotto\/jg4040-fire-dervish-skirt-gora\/"]}]},{"@type":"ImageObject","inLanguage":"it-IT","@id":"https:\/\/www.bazarbonino.com\/store\/prodotto\/jg4040-fire-dervish-skirt-gora\/#primaryimage","url":"https:\/\/www.bazarbonino.com\/store\/wp-content\/uploads\/2023\/05\/JG4040-Fire-Dervish-Skirt-Gora.jpg","contentUrl":"https:\/\/www.bazarbonino.com\/store\/wp-content\/uploads\/2023\/05\/JG4040-Fire-Dervish-Skirt-Gora.jpg","width":750,"height":500,"caption":"JG4040 - Fire Dervish Skirt Gora"},{"@type":"BreadcrumbList","@id":"https:\/\/www.bazarbonino.com\/store\/prodotto\/jg4040-fire-dervish-skirt-gora\/#breadcrumb","itemListElement":[{"@type":"ListItem","position":1,"name":"Home","item":"https:\/\/www.bazarbonino.com\/store\/"},{"@type":"ListItem","position":2,"name":"Catalogo","item":"https:\/\/www.bazarbonino.com\/store\/shop\/"},{"@type":"ListItem","position":3,"name":"JG4040 &#8211; Fire Dervish Skirt Gora"}]},{"@type":"WebSite","@id":"https:\/\/www.bazarbonino.com\/store\/#website","url":"https:\/\/www.bazarbonino.com\/store\/","name":"BazarBonino","description":"","potentialAction":[{"@type":"SearchAction","target":{"@type":"EntryPoint","urlTemplate":"https:\/\/www.bazarbonino.com\/store\/?s={search_term_string}"},"query-input":{"@type":"PropertyValueSpecification","valueRequired":true,"valueName":"search_term_string"}}],"inLanguage":"it-IT"}]}},"_links":{"self":[{"href":"https:\/\/www.bazarbonino.com\/store\/wp-json\/wp\/v2\/product\/21011","targetHints":{"allow":["GET"]}}],"collection":[{"href":"https:\/\/www.bazarbonino.com\/store\/wp-json\/wp\/v2\/product"}],"about":[{"href":"https:\/\/www.bazarbonino.com\/store\/wp-json\/wp\/v2\/types\/product"}],"replies":[{"embeddable":true,"href":"https:\/\/www.bazarbonino.com\/store\/wp-json\/wp\/v2\/comments?post=21011"}],"wp:featuredmedia":[{"embeddable":true,"href":"https:\/\/www.bazarbonino.com\/store\/wp-json\/wp\/v2\/media\/21013"}],"wp:attachment":[{"href":"https:\/\/www.bazarbonino.com\/store\/wp-json\/wp\/v2\/media?parent=21011"}],"wp:term":[{"taxonomy":"product_brand","embeddable":true,"href":"https:\/\/www.bazarbonino.com\/store\/wp-json\/wp\/v2\/product_brand?post=21011"},{"taxonomy":"product_cat","embeddable":true,"href":"https:\/\/www.bazarbonino.com\/store\/wp-json\/wp\/v2\/product_cat?post=21011"},{"taxonomy":"product_tag","embeddable":true,"href":"https:\/\/www.bazarbonino.com\/store\/wp-json\/wp\/v2\/product_tag?post=21011"}],"curies":[{"name":"wp","href":"https:\/\/api.w.org\/{rel}","templated":true}]}}