{"id":20954,"date":"2023-05-06T09:31:51","date_gmt":"2023-05-06T07:31:51","guid":{"rendered":"https:\/\/www.bazarbonino.com\/store\/?post_type=product&#038;p=20954"},"modified":"2023-07-20T14:38:06","modified_gmt":"2023-07-20T12:38:06","slug":"jg3739-gora-mexican-star","status":"publish","type":"product","link":"https:\/\/www.bazarbonino.com\/store\/prodotto\/jg3739-gora-mexican-star\/","title":{"rendered":"JG3739 &#8211; Gora Mexican Star"},"content":{"rendered":"<p>NOVITA&#8217;<\/p>\n<p>Gora Mexican Star \u00e8 il nuovo attrezzo che illuminer\u00e0 con il suo utilizzo i tuoi spettacoli di fuoco! Per un gran finale non farti mancare questo oggetto di scena gi\u00e0 utilizzato negli anni 2000 dagli artisti messicani e per questo prende questo nome. La Gora Mexican Star per\u00f2 differisce dalle altre per la leggerezza di peso ed il facile montaggio e trasporto.<\/p>\n<p><span class=\"HwtZe\" lang=\"it\"><span class=\"jCAhz ChMk0b\"><span class=\"ryNqvb\">La Gora Mexican Star \u00e8 tipicamente utilizzata con la tecnica della rotazione della staffa.<\/span><\/span> <span class=\"jCAhz ChMk0b\"><span class=\"ryNqvb\">La stella stessa determina il piano di rotazione, il che significa che la gamma di abilit\u00e0 pu\u00f2 essere alquanto limitata.<\/span><\/span> <span class=\"jCAhz ChMk0b\"><span class=\"ryNqvb\">Tuttavia, con la versione pi\u00f9 grande (150 cm) la gamma di acrobazie \u00e8 pi\u00f9 ampia, in quanto puoi anche usare tecniche di contact staff\u00a0 o &#8220;entrare&#8221; nella stella.<\/span><\/span> <span class=\"jCAhz ChMk0b\"><span class=\"ryNqvb\">Ad esempio puoi usarla come una corda per saltare!<\/span><\/span> <\/span><\/p>\n<p><span class=\"HwtZe\" lang=\"it\"><span class=\"jCAhz ChMk0b\"><span class=\"ryNqvb\">Il telaio della Gora Mexican Star di fuoco \u00e8 realizzato in lega di duralluminio 7075 15&#215;1 mm, questo \u00e8 ci\u00f2 che la rende leggera e resistente allo stesso tempo.E&#8217;<\/span><\/span> utilizzat<span class=\"jCAhz ChMk0b\"><span class=\"ryNqvb\">o il kevlar tubolare e lo stesso metodo di fissaggio adottato e testato per molti anni con le spade di fuoco.<\/span><\/span> <span class=\"jCAhz ChMk0b\"><span class=\"ryNqvb\">All&#8217;angolo della Gora Mexican Star viene utilizzata una connessione rapida per collegare e rilasciare due lati collegati della stella con la semplice pressione di un pulsante.<\/span><\/span> <span class=\"jCAhz ChMk0b\"><span class=\"ryNqvb\">Ci\u00f2 consente di risparmiare tempo nel montaggio e smontaggio della stella in 8 punti di connessione.<\/span><\/span><\/span><\/p>\n<p><span class=\"HwtZe\" lang=\"it\"><span class=\"jCAhz ChMk0b\"><span class=\"ryNqvb\">Riceverai quanto segue:<\/span><\/span> <\/span><\/p>\n<p><span class=\"HwtZe\" lang=\"it\"><span class=\"jCAhz ChMk0b\"><span class=\"ryNqvb\">8 bastoni di fuoco<\/span><\/span> <\/span><\/p>\n<p><span class=\"HwtZe\" lang=\"it\"><span class=\"jCAhz ChMk0b\"><span class=\"ryNqvb\">1 Staffa da maneggiare<\/span><\/span> <\/span><\/p>\n<p><span class=\"HwtZe\" lang=\"it\"><span class=\"jCAhz ChMk0b\"><span class=\"ryNqvb\">8 viti con dadi ad alette<\/span><\/span> <\/span><\/p>\n<p><span class=\"HwtZe\" lang=\"it\"><span class=\"jCAhz ChMk0b\"><span class=\"ryNqvb\">2 viti per la movimentazione della staffa<\/span><\/span> <\/span><\/p>\n<p><span class=\"HwtZe\" lang=\"it\"><span class=\"jCAhz ChMk0b\"><span class=\"ryNqvb\">Chiave brugola<\/span><\/span> <\/span><\/p>\n<h6><span class=\"HwtZe\" lang=\"it\"><span class=\"jCAhz ChMk0b\"><span class=\"ryNqvb\">Istruzioni di montaggio:<\/span><\/span> <\/span><\/h6>\n<p><span class=\"HwtZe\" lang=\"it\"><span class=\"jCAhz ChMk0b\"><span class=\"ryNqvb\">Appoggia a terra i tuoi 8 bastoni con kevlar tubolare a questa estremit\u00e0, assemblali in due quadrati.<\/span><\/span> <span class=\"jCAhz ChMk0b\"><span class=\"ryNqvb\">Nota che due degli 8 bastoni hanno un buco nel mezzo, questi devono essere nello stesso quadrato, su lati opposti.<\/span><\/span> <span class=\"jCAhz ChMk0b\"><span class=\"ryNqvb\">Questi fori fisseranno la Staffa da maneggiare.<\/span><\/span> <span class=\"jCAhz ChMk0b\"><span class=\"ryNqvb\">Allinea i due quadrati con un angolo di 45 gradi a forma di stella: ci saranno 8 punti di connessione, due per ogni picco.<\/span><\/span> <span class=\"jCAhz ChMk0b\"><span class=\"ryNqvb\">Fissa i due quadrati in ciascuno dei punti di connessione utilizzando le viti fornite.<\/span><\/span> <span class=\"jCAhz ChMk0b\"><span class=\"ryNqvb\">Vengono forniti dadi ad alette in modo da non aver bisogno di strumenti diversi dalla chiave brugola.<\/span><\/span> <span class=\"jCAhz ChMk0b\"><span class=\"ryNqvb\">Prendi la staffa da maneggiare (bastone pi\u00f9 spesso con l&#8217;impugnatura) e fissala con le due viti pi\u00f9 lunghe attraverso i fori sui lati opposti del quadrato.<\/span><\/span><\/span><\/p>\n<h6><span class=\"HwtZe\" lang=\"it\"><span class=\"jCAhz ChMk0b\"><span class=\"ryNqvb\">Raccomandazioni per l&#8217;uso:<\/span><\/span><\/span><\/h6>\n<p><span class=\"HwtZe\" lang=\"it\"> <span class=\"jCAhz ChMk0b\"><span class=\"ryNqvb\">Immersione: Appoggia la stella assemblata a terra e imbevi il kevlar usando una bottiglia con un piccolo foro sulla parte superiore.<\/span><\/span> <\/span><\/p>\n<p><span class=\"HwtZe\" lang=\"it\"><span class=\"jCAhz ChMk0b\"><span class=\"ryNqvb\">Dal momento che \u00e8 necessario illuminare molti punti della stella, si consiglia di utilizzare un fluido iniziatore come Zippo o White gas per un inizio spettacolare.<\/span><\/span> <span class=\"jCAhz ChMk0b\"><span class=\"ryNqvb\">Applicalo poco prima dello spettacolo poich\u00e9 evapora rapidamente.<\/span><\/span> <\/span><\/p>\n<p><span class=\"HwtZe\" lang=\"it\"><span class=\"jCAhz ChMk0b\"><span class=\"ryNqvb\">Se lanci la stella messicana in alto, assicurati di prenderla.<\/span><\/span> <span class=\"jCAhz ChMk0b\"><span class=\"ryNqvb\">Non \u00e8 progettata per cadere, non possiamo garantire che la tua stella non venga danneggiata in caso di gravi\u00a0 cadute.<\/span><\/span> <\/span><\/p>\n<p><span class=\"HwtZe\" lang=\"it\"><span class=\"jCAhz ChMk0b\"><span class=\"ryNqvb\">Non metterla mai su un terreno duro mentre \u00e8 in fiamme.<\/span><\/span> <span class=\"jCAhz ChMk0b\"><span class=\"ryNqvb\">Nemmeno per un breve periodo.<\/span><\/span> <span class=\"jCAhz ChMk0b\"><span class=\"ryNqvb\">Danneggerebbe il kevlar!<br \/>\n<\/span><\/span><\/span><\/p>\n","protected":false},"excerpt":{"rendered":"<div class=\"woocommerce-product-details__short-description\">\n<div class=\"woocommerce-product-details__short-description\">\n<div class=\"woocommerce-product-details__short-description\">\n<p>\u2014- SU ORDINAZIONE \u2014-<\/p>\n<p>PRENOTA L\u2019ARTICOLO<\/p>\n<\/div>\n<\/div>\n<\/div>\n","protected":false},"featured_media":20960,"comment_status":"closed","ping_status":"closed","template":"","meta":{"_et_pb_use_builder":"","_et_pb_old_content":"","_et_gb_content_width":""},"product_brand":[],"product_cat":[48],"product_tag":[315,2614,317,316],"class_list":{"0":"post-20954","1":"product","2":"type-product","3":"status-publish","4":"has-post-thumbnail","6":"product_cat-attrezzi-infuocati-vari-danza-costumi","7":"product_tag-attrezzi-infuocati-gora","8":"product_tag-mexican-star","9":"product_tag-negozio-on-line-articoli-gora-di-fuoco","10":"product_tag-rivenditore-ufficiale-per-litalia-bazar-bonino","11":"pa_lunghezza-110-cm-155-cm-diagonali","12":"pa_lunghezza-120-cm-170-cm-diagonali","13":"pa_lunghezza-130-cm-184-cm-diagonali","14":"pa_lunghezza-140-cm-198-cm-diagonali","15":"pa_lunghezza-150-cm-212-cm-diagonali","17":"first","18":"instock","19":"taxable","20":"shipping-taxable","21":"purchasable","22":"product-type-variable"},"yoast_head":"<!-- This site is optimized with the Yoast SEO plugin v27.4 - https:\/\/yoast.com\/product\/yoast-seo-wordpress\/ -->\n<title>JG3739 - Gora Mexican Star - BazarBonino<\/title>\n<meta name=\"robots\" content=\"index, follow, max-snippet:-1, max-image-preview:large, max-video-preview:-1\" \/>\n<link rel=\"canonical\" href=\"https:\/\/www.bazarbonino.com\/store\/prodotto\/jg3739-gora-mexican-star\/\" \/>\n<meta property=\"og:locale\" content=\"it_IT\" \/>\n<meta property=\"og:type\" content=\"article\" \/>\n<meta property=\"og:title\" content=\"JG3739 - Gora Mexican Star - BazarBonino\" \/>\n<meta property=\"og:description\" content=\"\u2014- SU ORDINAZIONE \u2014-  PRENOTA L\u2019ARTICOLO\" \/>\n<meta property=\"og:url\" content=\"https:\/\/www.bazarbonino.com\/store\/prodotto\/jg3739-gora-mexican-star\/\" \/>\n<meta property=\"og:site_name\" content=\"BazarBonino\" \/>\n<meta property=\"article:publisher\" content=\"https:\/\/www.facebook.com\/bazar.bonino\" \/>\n<meta property=\"article:modified_time\" content=\"2023-07-20T12:38:06+00:00\" \/>\n<meta property=\"og:image\" content=\"https:\/\/www.bazarbonino.com\/store\/wp-content\/uploads\/2023\/05\/JG3739-Gora-Mexican-Star.jpg\" \/>\n\t<meta property=\"og:image:width\" content=\"750\" \/>\n\t<meta property=\"og:image:height\" content=\"500\" \/>\n\t<meta property=\"og:image:type\" content=\"image\/jpeg\" \/>\n<meta name=\"twitter:card\" content=\"summary_large_image\" \/>\n<meta name=\"twitter:label1\" content=\"Tempo di lettura stimato\" \/>\n\t<meta name=\"twitter:data1\" content=\"1 minuto\" \/>\n<script type=\"application\/ld+json\" class=\"yoast-schema-graph\">{\"@context\":\"https:\\\/\\\/schema.org\",\"@graph\":[{\"@type\":\"WebPage\",\"@id\":\"https:\\\/\\\/www.bazarbonino.com\\\/store\\\/prodotto\\\/jg3739-gora-mexican-star\\\/\",\"url\":\"https:\\\/\\\/www.bazarbonino.com\\\/store\\\/prodotto\\\/jg3739-gora-mexican-star\\\/\",\"name\":\"JG3739 - Gora Mexican Star - BazarBonino\",\"isPartOf\":{\"@id\":\"https:\\\/\\\/www.bazarbonino.com\\\/store\\\/#website\"},\"primaryImageOfPage\":{\"@id\":\"https:\\\/\\\/www.bazarbonino.com\\\/store\\\/prodotto\\\/jg3739-gora-mexican-star\\\/#primaryimage\"},\"image\":{\"@id\":\"https:\\\/\\\/www.bazarbonino.com\\\/store\\\/prodotto\\\/jg3739-gora-mexican-star\\\/#primaryimage\"},\"thumbnailUrl\":\"https:\\\/\\\/www.bazarbonino.com\\\/store\\\/wp-content\\\/uploads\\\/2023\\\/05\\\/JG3739-Gora-Mexican-Star.jpg\",\"datePublished\":\"2023-05-06T07:31:51+00:00\",\"dateModified\":\"2023-07-20T12:38:06+00:00\",\"breadcrumb\":{\"@id\":\"https:\\\/\\\/www.bazarbonino.com\\\/store\\\/prodotto\\\/jg3739-gora-mexican-star\\\/#breadcrumb\"},\"inLanguage\":\"it-IT\",\"potentialAction\":[{\"@type\":\"ReadAction\",\"target\":[\"https:\\\/\\\/www.bazarbonino.com\\\/store\\\/prodotto\\\/jg3739-gora-mexican-star\\\/\"]}]},{\"@type\":\"ImageObject\",\"inLanguage\":\"it-IT\",\"@id\":\"https:\\\/\\\/www.bazarbonino.com\\\/store\\\/prodotto\\\/jg3739-gora-mexican-star\\\/#primaryimage\",\"url\":\"https:\\\/\\\/www.bazarbonino.com\\\/store\\\/wp-content\\\/uploads\\\/2023\\\/05\\\/JG3739-Gora-Mexican-Star.jpg\",\"contentUrl\":\"https:\\\/\\\/www.bazarbonino.com\\\/store\\\/wp-content\\\/uploads\\\/2023\\\/05\\\/JG3739-Gora-Mexican-Star.jpg\",\"width\":750,\"height\":500,\"caption\":\"JG3739 - Gora Mexican Star\"},{\"@type\":\"BreadcrumbList\",\"@id\":\"https:\\\/\\\/www.bazarbonino.com\\\/store\\\/prodotto\\\/jg3739-gora-mexican-star\\\/#breadcrumb\",\"itemListElement\":[{\"@type\":\"ListItem\",\"position\":1,\"name\":\"Home\",\"item\":\"https:\\\/\\\/www.bazarbonino.com\\\/store\\\/\"},{\"@type\":\"ListItem\",\"position\":2,\"name\":\"Catalogo\",\"item\":\"https:\\\/\\\/www.bazarbonino.com\\\/store\\\/shop\\\/\"},{\"@type\":\"ListItem\",\"position\":3,\"name\":\"JG3739 &#8211; Gora Mexican Star\"}]},{\"@type\":\"WebSite\",\"@id\":\"https:\\\/\\\/www.bazarbonino.com\\\/store\\\/#website\",\"url\":\"https:\\\/\\\/www.bazarbonino.com\\\/store\\\/\",\"name\":\"BazarBonino\",\"description\":\"\",\"potentialAction\":[{\"@type\":\"SearchAction\",\"target\":{\"@type\":\"EntryPoint\",\"urlTemplate\":\"https:\\\/\\\/www.bazarbonino.com\\\/store\\\/?s={search_term_string}\"},\"query-input\":{\"@type\":\"PropertyValueSpecification\",\"valueRequired\":true,\"valueName\":\"search_term_string\"}}],\"inLanguage\":\"it-IT\"}]}<\/script>\n<!-- \/ Yoast SEO plugin. -->","yoast_head_json":{"title":"JG3739 - Gora Mexican Star - BazarBonino","robots":{"index":"index","follow":"follow","max-snippet":"max-snippet:-1","max-image-preview":"max-image-preview:large","max-video-preview":"max-video-preview:-1"},"canonical":"https:\/\/www.bazarbonino.com\/store\/prodotto\/jg3739-gora-mexican-star\/","og_locale":"it_IT","og_type":"article","og_title":"JG3739 - Gora Mexican Star - BazarBonino","og_description":"\u2014- SU ORDINAZIONE \u2014-  PRENOTA L\u2019ARTICOLO","og_url":"https:\/\/www.bazarbonino.com\/store\/prodotto\/jg3739-gora-mexican-star\/","og_site_name":"BazarBonino","article_publisher":"https:\/\/www.facebook.com\/bazar.bonino","article_modified_time":"2023-07-20T12:38:06+00:00","og_image":[{"width":750,"height":500,"url":"https:\/\/www.bazarbonino.com\/store\/wp-content\/uploads\/2023\/05\/JG3739-Gora-Mexican-Star.jpg","type":"image\/jpeg"}],"twitter_card":"summary_large_image","twitter_misc":{"Tempo di lettura stimato":"1 minuto"},"schema":{"@context":"https:\/\/schema.org","@graph":[{"@type":"WebPage","@id":"https:\/\/www.bazarbonino.com\/store\/prodotto\/jg3739-gora-mexican-star\/","url":"https:\/\/www.bazarbonino.com\/store\/prodotto\/jg3739-gora-mexican-star\/","name":"JG3739 - Gora Mexican Star - BazarBonino","isPartOf":{"@id":"https:\/\/www.bazarbonino.com\/store\/#website"},"primaryImageOfPage":{"@id":"https:\/\/www.bazarbonino.com\/store\/prodotto\/jg3739-gora-mexican-star\/#primaryimage"},"image":{"@id":"https:\/\/www.bazarbonino.com\/store\/prodotto\/jg3739-gora-mexican-star\/#primaryimage"},"thumbnailUrl":"https:\/\/www.bazarbonino.com\/store\/wp-content\/uploads\/2023\/05\/JG3739-Gora-Mexican-Star.jpg","datePublished":"2023-05-06T07:31:51+00:00","dateModified":"2023-07-20T12:38:06+00:00","breadcrumb":{"@id":"https:\/\/www.bazarbonino.com\/store\/prodotto\/jg3739-gora-mexican-star\/#breadcrumb"},"inLanguage":"it-IT","potentialAction":[{"@type":"ReadAction","target":["https:\/\/www.bazarbonino.com\/store\/prodotto\/jg3739-gora-mexican-star\/"]}]},{"@type":"ImageObject","inLanguage":"it-IT","@id":"https:\/\/www.bazarbonino.com\/store\/prodotto\/jg3739-gora-mexican-star\/#primaryimage","url":"https:\/\/www.bazarbonino.com\/store\/wp-content\/uploads\/2023\/05\/JG3739-Gora-Mexican-Star.jpg","contentUrl":"https:\/\/www.bazarbonino.com\/store\/wp-content\/uploads\/2023\/05\/JG3739-Gora-Mexican-Star.jpg","width":750,"height":500,"caption":"JG3739 - Gora Mexican Star"},{"@type":"BreadcrumbList","@id":"https:\/\/www.bazarbonino.com\/store\/prodotto\/jg3739-gora-mexican-star\/#breadcrumb","itemListElement":[{"@type":"ListItem","position":1,"name":"Home","item":"https:\/\/www.bazarbonino.com\/store\/"},{"@type":"ListItem","position":2,"name":"Catalogo","item":"https:\/\/www.bazarbonino.com\/store\/shop\/"},{"@type":"ListItem","position":3,"name":"JG3739 &#8211; Gora Mexican Star"}]},{"@type":"WebSite","@id":"https:\/\/www.bazarbonino.com\/store\/#website","url":"https:\/\/www.bazarbonino.com\/store\/","name":"BazarBonino","description":"","potentialAction":[{"@type":"SearchAction","target":{"@type":"EntryPoint","urlTemplate":"https:\/\/www.bazarbonino.com\/store\/?s={search_term_string}"},"query-input":{"@type":"PropertyValueSpecification","valueRequired":true,"valueName":"search_term_string"}}],"inLanguage":"it-IT"}]}},"_links":{"self":[{"href":"https:\/\/www.bazarbonino.com\/store\/wp-json\/wp\/v2\/product\/20954","targetHints":{"allow":["GET"]}}],"collection":[{"href":"https:\/\/www.bazarbonino.com\/store\/wp-json\/wp\/v2\/product"}],"about":[{"href":"https:\/\/www.bazarbonino.com\/store\/wp-json\/wp\/v2\/types\/product"}],"replies":[{"embeddable":true,"href":"https:\/\/www.bazarbonino.com\/store\/wp-json\/wp\/v2\/comments?post=20954"}],"wp:featuredmedia":[{"embeddable":true,"href":"https:\/\/www.bazarbonino.com\/store\/wp-json\/wp\/v2\/media\/20960"}],"wp:attachment":[{"href":"https:\/\/www.bazarbonino.com\/store\/wp-json\/wp\/v2\/media?parent=20954"}],"wp:term":[{"taxonomy":"product_brand","embeddable":true,"href":"https:\/\/www.bazarbonino.com\/store\/wp-json\/wp\/v2\/product_brand?post=20954"},{"taxonomy":"product_cat","embeddable":true,"href":"https:\/\/www.bazarbonino.com\/store\/wp-json\/wp\/v2\/product_cat?post=20954"},{"taxonomy":"product_tag","embeddable":true,"href":"https:\/\/www.bazarbonino.com\/store\/wp-json\/wp\/v2\/product_tag?post=20954"}],"curies":[{"name":"wp","href":"https:\/\/api.w.org\/{rel}","templated":true}]}}