{"id":20819,"date":"2023-04-06T13:00:40","date_gmt":"2023-04-06T11:00:40","guid":{"rendered":"https:\/\/www.bazarbonino.com\/store\/?post_type=product&#038;p=20819"},"modified":"2024-02-15T11:45:47","modified_gmt":"2024-02-15T10:45:47","slug":"jr0226-foca-con-palla-magnetico","status":"publish","type":"product","link":"https:\/\/www.bazarbonino.com\/store\/prodotto\/jr0226-foca-con-palla-magnetico\/","title":{"rendered":"JR0226 &#8211; Foca con Palla Magnetico"},"content":{"rendered":"<p>Foca con Palla Magnetico \u00e8 un gioco che compie pi\u00f9 di 60 anni e veniva prodotto in Germania. La Foca pu\u00f2 giocare con la palla sul naso oppure mettendo la palla sul piano ed avvicinando la foca la palla inizier\u00e0 a muoversi e girare su se stessa! Un vecchio gioco che non smette mai di attirare gli sguardi dei piccoli e non solo! Dimensioni cm. 8,5 x 6..<\/p>\n<p>&nbsp;<\/p>\n","protected":false},"excerpt":{"rendered":"<p>Foca con Palla Magnetico \u00e8 un gioco che compie pi\u00f9 di 60 anni e veniva prodotto in Germania. La Foca pu\u00f2 giocare con la palla sul naso oppure mettendo la palla sul piano ed avvicinando la foca la palla inizier\u00e0 a muoversi e girare su se stessa! Un vecchio gioco che non smette mai di [&hellip;]<\/p>\n","protected":false},"featured_media":20828,"comment_status":"closed","ping_status":"closed","template":"","meta":{"_et_pb_use_builder":"","_et_pb_old_content":"","_et_gb_content_width":""},"product_brand":[],"product_cat":[89],"product_tag":[126,789],"class_list":{"0":"post-20819","1":"product","2":"type-product","3":"status-publish","4":"has-post-thumbnail","6":"product_cat-giochi-rari-vari","7":"product_tag-giochi-giocattoli-vintage","8":"product_tag-giochi-rari","10":"first","11":"instock","12":"taxable","13":"shipping-taxable","14":"purchasable","15":"product-type-simple"},"yoast_head":"<!-- This site is optimized with the Yoast SEO plugin v27.4 - https:\/\/yoast.com\/product\/yoast-seo-wordpress\/ -->\n<title>JR0226 - Foca con Palla Magnetico - BazarBonino<\/title>\n<meta name=\"description\" content=\"Foca con Palla Magnetico \u00e8 un gioco che compie pi\u00f9 di 60 anni e veniva prodotto in Germania. La Foca pu\u00f2 giocare con la palla sul naso oppure mettendo...\" \/>\n<meta name=\"robots\" content=\"index, follow, max-snippet:-1, max-image-preview:large, max-video-preview:-1\" \/>\n<link rel=\"canonical\" href=\"https:\/\/www.bazarbonino.com\/store\/prodotto\/jr0226-foca-con-palla-magnetico\/\" \/>\n<meta property=\"og:locale\" content=\"it_IT\" \/>\n<meta property=\"og:type\" content=\"article\" \/>\n<meta property=\"og:title\" content=\"JR0226 - Foca con Palla Magnetico - BazarBonino\" \/>\n<meta property=\"og:description\" content=\"Foca con Palla Magnetico \u00e8 un gioco che compie pi\u00f9 di 60 anni e veniva prodotto in Germania. La Foca pu\u00f2 giocare con la palla sul naso oppure mettendo...\" \/>\n<meta property=\"og:url\" content=\"https:\/\/www.bazarbonino.com\/store\/prodotto\/jr0226-foca-con-palla-magnetico\/\" \/>\n<meta property=\"og:site_name\" content=\"BazarBonino\" \/>\n<meta property=\"article:publisher\" content=\"https:\/\/www.facebook.com\/bazar.bonino\" \/>\n<meta property=\"article:modified_time\" content=\"2024-02-15T10:45:47+00:00\" \/>\n<meta property=\"og:image\" content=\"https:\/\/www.bazarbonino.com\/store\/wp-content\/uploads\/2023\/04\/JR0226-Foca-con-Palla-Magnetico.jpg\" \/>\n\t<meta property=\"og:image:width\" content=\"787\" \/>\n\t<meta property=\"og:image:height\" content=\"561\" \/>\n\t<meta property=\"og:image:type\" content=\"image\/jpeg\" \/>\n<meta name=\"twitter:card\" content=\"summary_large_image\" \/>\n<script type=\"application\/ld+json\" class=\"yoast-schema-graph\">{\"@context\":\"https:\\\/\\\/schema.org\",\"@graph\":[{\"@type\":\"WebPage\",\"@id\":\"https:\\\/\\\/www.bazarbonino.com\\\/store\\\/prodotto\\\/jr0226-foca-con-palla-magnetico\\\/\",\"url\":\"https:\\\/\\\/www.bazarbonino.com\\\/store\\\/prodotto\\\/jr0226-foca-con-palla-magnetico\\\/\",\"name\":\"JR0226 - Foca con Palla Magnetico - BazarBonino\",\"isPartOf\":{\"@id\":\"https:\\\/\\\/www.bazarbonino.com\\\/store\\\/#website\"},\"primaryImageOfPage\":{\"@id\":\"https:\\\/\\\/www.bazarbonino.com\\\/store\\\/prodotto\\\/jr0226-foca-con-palla-magnetico\\\/#primaryimage\"},\"image\":{\"@id\":\"https:\\\/\\\/www.bazarbonino.com\\\/store\\\/prodotto\\\/jr0226-foca-con-palla-magnetico\\\/#primaryimage\"},\"thumbnailUrl\":\"https:\\\/\\\/www.bazarbonino.com\\\/store\\\/wp-content\\\/uploads\\\/2023\\\/04\\\/JR0226-Foca-con-Palla-Magnetico.jpg\",\"datePublished\":\"2023-04-06T11:00:40+00:00\",\"dateModified\":\"2024-02-15T10:45:47+00:00\",\"description\":\"Foca con Palla Magnetico \u00e8 un gioco che compie pi\u00f9 di 60 anni e veniva prodotto in Germania. La Foca pu\u00f2 giocare con la palla sul naso oppure mettendo...\",\"breadcrumb\":{\"@id\":\"https:\\\/\\\/www.bazarbonino.com\\\/store\\\/prodotto\\\/jr0226-foca-con-palla-magnetico\\\/#breadcrumb\"},\"inLanguage\":\"it-IT\",\"potentialAction\":[{\"@type\":\"ReadAction\",\"target\":[\"https:\\\/\\\/www.bazarbonino.com\\\/store\\\/prodotto\\\/jr0226-foca-con-palla-magnetico\\\/\"]}]},{\"@type\":\"ImageObject\",\"inLanguage\":\"it-IT\",\"@id\":\"https:\\\/\\\/www.bazarbonino.com\\\/store\\\/prodotto\\\/jr0226-foca-con-palla-magnetico\\\/#primaryimage\",\"url\":\"https:\\\/\\\/www.bazarbonino.com\\\/store\\\/wp-content\\\/uploads\\\/2023\\\/04\\\/JR0226-Foca-con-Palla-Magnetico.jpg\",\"contentUrl\":\"https:\\\/\\\/www.bazarbonino.com\\\/store\\\/wp-content\\\/uploads\\\/2023\\\/04\\\/JR0226-Foca-con-Palla-Magnetico.jpg\",\"width\":787,\"height\":561,\"caption\":\"JR0226 - Foca con Palla Magnetico\"},{\"@type\":\"BreadcrumbList\",\"@id\":\"https:\\\/\\\/www.bazarbonino.com\\\/store\\\/prodotto\\\/jr0226-foca-con-palla-magnetico\\\/#breadcrumb\",\"itemListElement\":[{\"@type\":\"ListItem\",\"position\":1,\"name\":\"Home\",\"item\":\"https:\\\/\\\/www.bazarbonino.com\\\/store\\\/\"},{\"@type\":\"ListItem\",\"position\":2,\"name\":\"Catalogo\",\"item\":\"https:\\\/\\\/www.bazarbonino.com\\\/store\\\/shop\\\/\"},{\"@type\":\"ListItem\",\"position\":3,\"name\":\"JR0226 &#8211; Foca con Palla Magnetico\"}]},{\"@type\":\"WebSite\",\"@id\":\"https:\\\/\\\/www.bazarbonino.com\\\/store\\\/#website\",\"url\":\"https:\\\/\\\/www.bazarbonino.com\\\/store\\\/\",\"name\":\"BazarBonino\",\"description\":\"\",\"potentialAction\":[{\"@type\":\"SearchAction\",\"target\":{\"@type\":\"EntryPoint\",\"urlTemplate\":\"https:\\\/\\\/www.bazarbonino.com\\\/store\\\/?s={search_term_string}\"},\"query-input\":{\"@type\":\"PropertyValueSpecification\",\"valueRequired\":true,\"valueName\":\"search_term_string\"}}],\"inLanguage\":\"it-IT\"}]}<\/script>\n<!-- \/ Yoast SEO plugin. -->","yoast_head_json":{"title":"JR0226 - Foca con Palla Magnetico - BazarBonino","description":"Foca con Palla Magnetico \u00e8 un gioco che compie pi\u00f9 di 60 anni e veniva prodotto in Germania. La Foca pu\u00f2 giocare con la palla sul naso oppure mettendo...","robots":{"index":"index","follow":"follow","max-snippet":"max-snippet:-1","max-image-preview":"max-image-preview:large","max-video-preview":"max-video-preview:-1"},"canonical":"https:\/\/www.bazarbonino.com\/store\/prodotto\/jr0226-foca-con-palla-magnetico\/","og_locale":"it_IT","og_type":"article","og_title":"JR0226 - Foca con Palla Magnetico - BazarBonino","og_description":"Foca con Palla Magnetico \u00e8 un gioco che compie pi\u00f9 di 60 anni e veniva prodotto in Germania. La Foca pu\u00f2 giocare con la palla sul naso oppure mettendo...","og_url":"https:\/\/www.bazarbonino.com\/store\/prodotto\/jr0226-foca-con-palla-magnetico\/","og_site_name":"BazarBonino","article_publisher":"https:\/\/www.facebook.com\/bazar.bonino","article_modified_time":"2024-02-15T10:45:47+00:00","og_image":[{"width":787,"height":561,"url":"https:\/\/www.bazarbonino.com\/store\/wp-content\/uploads\/2023\/04\/JR0226-Foca-con-Palla-Magnetico.jpg","type":"image\/jpeg"}],"twitter_card":"summary_large_image","schema":{"@context":"https:\/\/schema.org","@graph":[{"@type":"WebPage","@id":"https:\/\/www.bazarbonino.com\/store\/prodotto\/jr0226-foca-con-palla-magnetico\/","url":"https:\/\/www.bazarbonino.com\/store\/prodotto\/jr0226-foca-con-palla-magnetico\/","name":"JR0226 - Foca con Palla Magnetico - BazarBonino","isPartOf":{"@id":"https:\/\/www.bazarbonino.com\/store\/#website"},"primaryImageOfPage":{"@id":"https:\/\/www.bazarbonino.com\/store\/prodotto\/jr0226-foca-con-palla-magnetico\/#primaryimage"},"image":{"@id":"https:\/\/www.bazarbonino.com\/store\/prodotto\/jr0226-foca-con-palla-magnetico\/#primaryimage"},"thumbnailUrl":"https:\/\/www.bazarbonino.com\/store\/wp-content\/uploads\/2023\/04\/JR0226-Foca-con-Palla-Magnetico.jpg","datePublished":"2023-04-06T11:00:40+00:00","dateModified":"2024-02-15T10:45:47+00:00","description":"Foca con Palla Magnetico \u00e8 un gioco che compie pi\u00f9 di 60 anni e veniva prodotto in Germania. La Foca pu\u00f2 giocare con la palla sul naso oppure mettendo...","breadcrumb":{"@id":"https:\/\/www.bazarbonino.com\/store\/prodotto\/jr0226-foca-con-palla-magnetico\/#breadcrumb"},"inLanguage":"it-IT","potentialAction":[{"@type":"ReadAction","target":["https:\/\/www.bazarbonino.com\/store\/prodotto\/jr0226-foca-con-palla-magnetico\/"]}]},{"@type":"ImageObject","inLanguage":"it-IT","@id":"https:\/\/www.bazarbonino.com\/store\/prodotto\/jr0226-foca-con-palla-magnetico\/#primaryimage","url":"https:\/\/www.bazarbonino.com\/store\/wp-content\/uploads\/2023\/04\/JR0226-Foca-con-Palla-Magnetico.jpg","contentUrl":"https:\/\/www.bazarbonino.com\/store\/wp-content\/uploads\/2023\/04\/JR0226-Foca-con-Palla-Magnetico.jpg","width":787,"height":561,"caption":"JR0226 - Foca con Palla Magnetico"},{"@type":"BreadcrumbList","@id":"https:\/\/www.bazarbonino.com\/store\/prodotto\/jr0226-foca-con-palla-magnetico\/#breadcrumb","itemListElement":[{"@type":"ListItem","position":1,"name":"Home","item":"https:\/\/www.bazarbonino.com\/store\/"},{"@type":"ListItem","position":2,"name":"Catalogo","item":"https:\/\/www.bazarbonino.com\/store\/shop\/"},{"@type":"ListItem","position":3,"name":"JR0226 &#8211; Foca con Palla Magnetico"}]},{"@type":"WebSite","@id":"https:\/\/www.bazarbonino.com\/store\/#website","url":"https:\/\/www.bazarbonino.com\/store\/","name":"BazarBonino","description":"","potentialAction":[{"@type":"SearchAction","target":{"@type":"EntryPoint","urlTemplate":"https:\/\/www.bazarbonino.com\/store\/?s={search_term_string}"},"query-input":{"@type":"PropertyValueSpecification","valueRequired":true,"valueName":"search_term_string"}}],"inLanguage":"it-IT"}]}},"_links":{"self":[{"href":"https:\/\/www.bazarbonino.com\/store\/wp-json\/wp\/v2\/product\/20819","targetHints":{"allow":["GET"]}}],"collection":[{"href":"https:\/\/www.bazarbonino.com\/store\/wp-json\/wp\/v2\/product"}],"about":[{"href":"https:\/\/www.bazarbonino.com\/store\/wp-json\/wp\/v2\/types\/product"}],"replies":[{"embeddable":true,"href":"https:\/\/www.bazarbonino.com\/store\/wp-json\/wp\/v2\/comments?post=20819"}],"wp:featuredmedia":[{"embeddable":true,"href":"https:\/\/www.bazarbonino.com\/store\/wp-json\/wp\/v2\/media\/20828"}],"wp:attachment":[{"href":"https:\/\/www.bazarbonino.com\/store\/wp-json\/wp\/v2\/media?parent=20819"}],"wp:term":[{"taxonomy":"product_brand","embeddable":true,"href":"https:\/\/www.bazarbonino.com\/store\/wp-json\/wp\/v2\/product_brand?post=20819"},{"taxonomy":"product_cat","embeddable":true,"href":"https:\/\/www.bazarbonino.com\/store\/wp-json\/wp\/v2\/product_cat?post=20819"},{"taxonomy":"product_tag","embeddable":true,"href":"https:\/\/www.bazarbonino.com\/store\/wp-json\/wp\/v2\/product_tag?post=20819"}],"curies":[{"name":"wp","href":"https:\/\/api.w.org\/{rel}","templated":true}]}}