{"id":17499,"date":"2020-11-13T21:11:38","date_gmt":"2020-11-13T20:11:38","guid":{"rendered":"https:\/\/www.bazarbonino.com\/store\/?post_type=product&#038;p=17499"},"modified":"2022-03-04T17:58:35","modified_gmt":"2022-03-04T16:58:35","slug":"mv0167-mazzo-carte-plume-knife","status":"publish","type":"product","link":"https:\/\/www.bazarbonino.com\/store\/prodotto\/mv0167-mazzo-carte-plume-knife\/","title":{"rendered":"MV0167 &#8211; Mazzo Carte Plume Knife"},"content":{"rendered":"<p>MV0167 &#8211; Mazzo Carte Plume Knife <span class=\"VIiyi\" lang=\"it\"><span class=\"JLqJ4b ChMk0b\" data-language-for-alternatives=\"it\" data-language-to-translate-into=\"en\" data-phrase-index=\"0\">Plume Card \u00e8 stata disegnata da Modena, il cardista pi\u00f9 famoso della Cina.<\/span> <span class=\"JLqJ4b ChMk0b\" data-language-for-alternatives=\"it\" data-language-to-translate-into=\"en\" data-phrase-index=\"2\">Rilasciato da TCC Playing Card Co.<\/span> <span class=\"JLqJ4b ChMk0b\" data-language-for-alternatives=\"it\" data-language-to-translate-into=\"en\" data-phrase-index=\"4\">&#8220;Ho progettato la Plume Knife Playing Card nel 2016. La carta da gioco \u00e8 ispirata a un pesce del bacino amazzonico. Questa \u00e8 la mia prima carta da gioco, ed \u00e8 un nuovo inizio per me. Spero che apprezzerai il mio lavoro e che ti diverta.<\/span> <span class=\"JLqJ4b ChMk0b\" data-language-for-alternatives=\"it\" data-language-to-translate-into=\"en\" data-phrase-index=\"5\">&#8220;<\/span> <span class=\"JLqJ4b ChMk0b\" data-language-for-alternatives=\"it\" data-language-to-translate-into=\"en\" data-phrase-index=\"7\">&#8211; Modena<\/span> <\/span><\/p>\n<p><span class=\"VIiyi\" lang=\"it\"><span class=\"JLqJ4b ChMk0b\" data-language-for-alternatives=\"it\" data-language-to-translate-into=\"en\" data-phrase-index=\"9\">Alcune caratteristiche di questo mazzo includono:<\/span> <\/span><\/p>\n<p><span class=\"VIiyi\" lang=\"it\"><span class=\"JLqJ4b ChMk0b\" data-language-for-alternatives=\"it\" data-language-to-translate-into=\"en\" data-phrase-index=\"11\">Fans senza problemi;<\/span> <\/span><span class=\"VIiyi\" lang=\"it\"><span class=\"JLqJ4b ChMk0b\" data-language-for-alternatives=\"it\" data-language-to-translate-into=\"en\" data-phrase-index=\"12\">eccellente per cardistry<\/span> <\/span><\/p>\n<p><span class=\"VIiyi\" lang=\"it\"><span class=\"JLqJ4b ChMk0b\" data-language-for-alternatives=\"it\" data-language-to-translate-into=\"en\" data-phrase-index=\"14\">Stampato a Taiwan<\/span> <\/span><\/p>\n<p><span class=\"VIiyi\" lang=\"it\"><span class=\"JLqJ4b ChMk0b\" data-language-for-alternatives=\"it\" data-language-to-translate-into=\"en\" data-phrase-index=\"16\">Limitato a 2500 mazzi<\/span><\/span><\/p>\n","protected":false},"excerpt":{"rendered":"<p>DISPONIBILE<\/p>\n","protected":false},"featured_media":17500,"comment_status":"closed","ping_status":"closed","template":"","meta":{"_et_pb_use_builder":"","_et_pb_old_content":"","_et_gb_content_width":""},"product_brand":[],"product_cat":[1514],"product_tag":[2326],"class_list":{"0":"post-17499","1":"product","2":"type-product","3":"status-publish","4":"has-post-thumbnail","6":"product_cat-mazzi-di-carte-altre-marche","7":"product_tag-mazzo-carte-plume-knife","9":"first","10":"instock","11":"taxable","12":"shipping-taxable","13":"purchasable","14":"product-type-simple"},"yoast_head":"<!-- This site is optimized with the Yoast SEO plugin v27.2 - https:\/\/yoast.com\/product\/yoast-seo-wordpress\/ -->\n<title>MV0167 - Mazzo Carte Plume Knife - BazarBonino<\/title>\n<meta name=\"description\" content=\"Mazzo Carte Plume Knife Card E&#039; stata disegnata da Modena, il cardista pi\u00f9 famoso della Cina. Rilasciato da TCC Playing Card Co.\" \/>\n<meta name=\"robots\" content=\"index, follow, max-snippet:-1, max-image-preview:large, max-video-preview:-1\" \/>\n<link rel=\"canonical\" href=\"https:\/\/www.bazarbonino.com\/store\/prodotto\/mv0167-mazzo-carte-plume-knife\/\" \/>\n<meta property=\"og:locale\" content=\"it_IT\" \/>\n<meta property=\"og:type\" content=\"article\" \/>\n<meta property=\"og:title\" content=\"MV0167 - Mazzo Carte Plume Knife - BazarBonino\" \/>\n<meta property=\"og:description\" content=\"Mazzo Carte Plume Knife Card E&#039; stata disegnata da Modena, il cardista pi\u00f9 famoso della Cina. Rilasciato da TCC Playing Card Co.\" \/>\n<meta property=\"og:url\" content=\"https:\/\/www.bazarbonino.com\/store\/prodotto\/mv0167-mazzo-carte-plume-knife\/\" \/>\n<meta property=\"og:site_name\" content=\"BazarBonino\" \/>\n<meta property=\"article:publisher\" content=\"https:\/\/www.facebook.com\/bazar.bonino\" \/>\n<meta property=\"article:modified_time\" content=\"2022-03-04T16:58:35+00:00\" \/>\n<meta property=\"og:image\" content=\"https:\/\/www.bazarbonino.com\/store\/wp-content\/uploads\/2020\/11\/MV0167-Mazzo-Carte-Plume-Knife.jpg\" \/>\n\t<meta property=\"og:image:width\" content=\"600\" \/>\n\t<meta property=\"og:image:height\" content=\"600\" \/>\n\t<meta property=\"og:image:type\" content=\"image\/jpeg\" \/>\n<meta name=\"twitter:card\" content=\"summary_large_image\" \/>\n<script type=\"application\/ld+json\" class=\"yoast-schema-graph\">{\"@context\":\"https:\/\/schema.org\",\"@graph\":[{\"@type\":\"WebPage\",\"@id\":\"https:\/\/www.bazarbonino.com\/store\/prodotto\/mv0167-mazzo-carte-plume-knife\/\",\"url\":\"https:\/\/www.bazarbonino.com\/store\/prodotto\/mv0167-mazzo-carte-plume-knife\/\",\"name\":\"MV0167 - Mazzo Carte Plume Knife - BazarBonino\",\"isPartOf\":{\"@id\":\"https:\/\/www.bazarbonino.com\/store\/#website\"},\"primaryImageOfPage\":{\"@id\":\"https:\/\/www.bazarbonino.com\/store\/prodotto\/mv0167-mazzo-carte-plume-knife\/#primaryimage\"},\"image\":{\"@id\":\"https:\/\/www.bazarbonino.com\/store\/prodotto\/mv0167-mazzo-carte-plume-knife\/#primaryimage\"},\"thumbnailUrl\":\"https:\/\/www.bazarbonino.com\/store\/wp-content\/uploads\/2020\/11\/MV0167-Mazzo-Carte-Plume-Knife.jpg\",\"datePublished\":\"2020-11-13T20:11:38+00:00\",\"dateModified\":\"2022-03-04T16:58:35+00:00\",\"description\":\"Mazzo Carte Plume Knife Card E' stata disegnata da Modena, il cardista pi\u00f9 famoso della Cina. Rilasciato da TCC Playing Card Co.\",\"breadcrumb\":{\"@id\":\"https:\/\/www.bazarbonino.com\/store\/prodotto\/mv0167-mazzo-carte-plume-knife\/#breadcrumb\"},\"inLanguage\":\"it-IT\",\"potentialAction\":[{\"@type\":\"ReadAction\",\"target\":[\"https:\/\/www.bazarbonino.com\/store\/prodotto\/mv0167-mazzo-carte-plume-knife\/\"]}]},{\"@type\":\"ImageObject\",\"inLanguage\":\"it-IT\",\"@id\":\"https:\/\/www.bazarbonino.com\/store\/prodotto\/mv0167-mazzo-carte-plume-knife\/#primaryimage\",\"url\":\"https:\/\/www.bazarbonino.com\/store\/wp-content\/uploads\/2020\/11\/MV0167-Mazzo-Carte-Plume-Knife.jpg\",\"contentUrl\":\"https:\/\/www.bazarbonino.com\/store\/wp-content\/uploads\/2020\/11\/MV0167-Mazzo-Carte-Plume-Knife.jpg\",\"width\":600,\"height\":600,\"caption\":\"MV0167 - Mazzo Carte Plume Knife\"},{\"@type\":\"BreadcrumbList\",\"@id\":\"https:\/\/www.bazarbonino.com\/store\/prodotto\/mv0167-mazzo-carte-plume-knife\/#breadcrumb\",\"itemListElement\":[{\"@type\":\"ListItem\",\"position\":1,\"name\":\"Home\",\"item\":\"https:\/\/www.bazarbonino.com\/store\/\"},{\"@type\":\"ListItem\",\"position\":2,\"name\":\"Catalogo\",\"item\":\"https:\/\/www.bazarbonino.com\/store\/shop\/\"},{\"@type\":\"ListItem\",\"position\":3,\"name\":\"MV0167 &#8211; Mazzo Carte Plume Knife\"}]},{\"@type\":\"WebSite\",\"@id\":\"https:\/\/www.bazarbonino.com\/store\/#website\",\"url\":\"https:\/\/www.bazarbonino.com\/store\/\",\"name\":\"BazarBonino\",\"description\":\"\",\"potentialAction\":[{\"@type\":\"SearchAction\",\"target\":{\"@type\":\"EntryPoint\",\"urlTemplate\":\"https:\/\/www.bazarbonino.com\/store\/?s={search_term_string}\"},\"query-input\":{\"@type\":\"PropertyValueSpecification\",\"valueRequired\":true,\"valueName\":\"search_term_string\"}}],\"inLanguage\":\"it-IT\"}]}<\/script>\n<!-- \/ Yoast SEO plugin. -->","yoast_head_json":{"title":"MV0167 - Mazzo Carte Plume Knife - BazarBonino","description":"Mazzo Carte Plume Knife Card E' stata disegnata da Modena, il cardista pi\u00f9 famoso della Cina. Rilasciato da TCC Playing Card Co.","robots":{"index":"index","follow":"follow","max-snippet":"max-snippet:-1","max-image-preview":"max-image-preview:large","max-video-preview":"max-video-preview:-1"},"canonical":"https:\/\/www.bazarbonino.com\/store\/prodotto\/mv0167-mazzo-carte-plume-knife\/","og_locale":"it_IT","og_type":"article","og_title":"MV0167 - Mazzo Carte Plume Knife - BazarBonino","og_description":"Mazzo Carte Plume Knife Card E' stata disegnata da Modena, il cardista pi\u00f9 famoso della Cina. Rilasciato da TCC Playing Card Co.","og_url":"https:\/\/www.bazarbonino.com\/store\/prodotto\/mv0167-mazzo-carte-plume-knife\/","og_site_name":"BazarBonino","article_publisher":"https:\/\/www.facebook.com\/bazar.bonino","article_modified_time":"2022-03-04T16:58:35+00:00","og_image":[{"width":600,"height":600,"url":"https:\/\/www.bazarbonino.com\/store\/wp-content\/uploads\/2020\/11\/MV0167-Mazzo-Carte-Plume-Knife.jpg","type":"image\/jpeg"}],"twitter_card":"summary_large_image","schema":{"@context":"https:\/\/schema.org","@graph":[{"@type":"WebPage","@id":"https:\/\/www.bazarbonino.com\/store\/prodotto\/mv0167-mazzo-carte-plume-knife\/","url":"https:\/\/www.bazarbonino.com\/store\/prodotto\/mv0167-mazzo-carte-plume-knife\/","name":"MV0167 - Mazzo Carte Plume Knife - BazarBonino","isPartOf":{"@id":"https:\/\/www.bazarbonino.com\/store\/#website"},"primaryImageOfPage":{"@id":"https:\/\/www.bazarbonino.com\/store\/prodotto\/mv0167-mazzo-carte-plume-knife\/#primaryimage"},"image":{"@id":"https:\/\/www.bazarbonino.com\/store\/prodotto\/mv0167-mazzo-carte-plume-knife\/#primaryimage"},"thumbnailUrl":"https:\/\/www.bazarbonino.com\/store\/wp-content\/uploads\/2020\/11\/MV0167-Mazzo-Carte-Plume-Knife.jpg","datePublished":"2020-11-13T20:11:38+00:00","dateModified":"2022-03-04T16:58:35+00:00","description":"Mazzo Carte Plume Knife Card E' stata disegnata da Modena, il cardista pi\u00f9 famoso della Cina. Rilasciato da TCC Playing Card Co.","breadcrumb":{"@id":"https:\/\/www.bazarbonino.com\/store\/prodotto\/mv0167-mazzo-carte-plume-knife\/#breadcrumb"},"inLanguage":"it-IT","potentialAction":[{"@type":"ReadAction","target":["https:\/\/www.bazarbonino.com\/store\/prodotto\/mv0167-mazzo-carte-plume-knife\/"]}]},{"@type":"ImageObject","inLanguage":"it-IT","@id":"https:\/\/www.bazarbonino.com\/store\/prodotto\/mv0167-mazzo-carte-plume-knife\/#primaryimage","url":"https:\/\/www.bazarbonino.com\/store\/wp-content\/uploads\/2020\/11\/MV0167-Mazzo-Carte-Plume-Knife.jpg","contentUrl":"https:\/\/www.bazarbonino.com\/store\/wp-content\/uploads\/2020\/11\/MV0167-Mazzo-Carte-Plume-Knife.jpg","width":600,"height":600,"caption":"MV0167 - Mazzo Carte Plume Knife"},{"@type":"BreadcrumbList","@id":"https:\/\/www.bazarbonino.com\/store\/prodotto\/mv0167-mazzo-carte-plume-knife\/#breadcrumb","itemListElement":[{"@type":"ListItem","position":1,"name":"Home","item":"https:\/\/www.bazarbonino.com\/store\/"},{"@type":"ListItem","position":2,"name":"Catalogo","item":"https:\/\/www.bazarbonino.com\/store\/shop\/"},{"@type":"ListItem","position":3,"name":"MV0167 &#8211; Mazzo Carte Plume Knife"}]},{"@type":"WebSite","@id":"https:\/\/www.bazarbonino.com\/store\/#website","url":"https:\/\/www.bazarbonino.com\/store\/","name":"BazarBonino","description":"","potentialAction":[{"@type":"SearchAction","target":{"@type":"EntryPoint","urlTemplate":"https:\/\/www.bazarbonino.com\/store\/?s={search_term_string}"},"query-input":{"@type":"PropertyValueSpecification","valueRequired":true,"valueName":"search_term_string"}}],"inLanguage":"it-IT"}]}},"_links":{"self":[{"href":"https:\/\/www.bazarbonino.com\/store\/wp-json\/wp\/v2\/product\/17499","targetHints":{"allow":["GET"]}}],"collection":[{"href":"https:\/\/www.bazarbonino.com\/store\/wp-json\/wp\/v2\/product"}],"about":[{"href":"https:\/\/www.bazarbonino.com\/store\/wp-json\/wp\/v2\/types\/product"}],"replies":[{"embeddable":true,"href":"https:\/\/www.bazarbonino.com\/store\/wp-json\/wp\/v2\/comments?post=17499"}],"wp:featuredmedia":[{"embeddable":true,"href":"https:\/\/www.bazarbonino.com\/store\/wp-json\/wp\/v2\/media\/17500"}],"wp:attachment":[{"href":"https:\/\/www.bazarbonino.com\/store\/wp-json\/wp\/v2\/media?parent=17499"}],"wp:term":[{"taxonomy":"product_brand","embeddable":true,"href":"https:\/\/www.bazarbonino.com\/store\/wp-json\/wp\/v2\/product_brand?post=17499"},{"taxonomy":"product_cat","embeddable":true,"href":"https:\/\/www.bazarbonino.com\/store\/wp-json\/wp\/v2\/product_cat?post=17499"},{"taxonomy":"product_tag","embeddable":true,"href":"https:\/\/www.bazarbonino.com\/store\/wp-json\/wp\/v2\/product_tag?post=17499"}],"curies":[{"name":"wp","href":"https:\/\/api.w.org\/{rel}","templated":true}]}}