{"id":17331,"date":"2020-11-11T22:19:52","date_gmt":"2020-11-11T21:19:52","guid":{"rendered":"https:\/\/www.bazarbonino.com\/store\/?post_type=product&#038;p=17331"},"modified":"2025-12-01T12:25:22","modified_gmt":"2025-12-01T11:25:22","slug":"mty023-mazzo-carte-nomad-by-theory-11","status":"publish","type":"product","link":"https:\/\/www.bazarbonino.com\/store\/prodotto\/mty023-mazzo-carte-nomad-by-theory-11\/","title":{"rendered":"MTY023 &#8211; Mazzo Carte Nomad by Theory 11"},"content":{"rendered":"<p><span class=\"VIiyi\" lang=\"it\"><span class=\"JLqJ4b ChMk0b\" data-language-for-alternatives=\"it\" data-language-to-translate-into=\"en\" data-phrase-index=\"7\">MTY023 &#8211; Mazzo Carte Nomad by Theory 11 Prodotto da Theory11 in collaborazione con il NoMad Hotel, questo lussuoso ponte si ispira agli elementi architettonici del famoso hotel di New York. Un hotel che fungeva da punto d&#8217;incontro per personaggi come Oscar Wilde o Nikola Tesla. Il mazzo presenta la frase &#8220;Made Nice&#8221;, che \u00e8 la frase distintiva dell&#8217;hotel. Se ruotato lateralmente, il disegno in rilievo assume la forma di un occhio. Ci\u00f2 rimanda alla frase latina che si ritrova su tutte le carte: &#8220;La bellezza \u00e8 negli occhi di chi guarda&#8221;. L&#8217;interno della custodia presenta il logo NoMad. Progettato dall&#8217;artista grafico Chad Michael. Il mazzo NoMad vanta un design vintage personalizzato, un astuccio dorato in rilievo. Jolly personalizzati e un timbro con il sigillo dello Stato di New York. Le facce angosciate ti faranno sentire come se le carte fossero state tramandate da una generazione all&#8217;altra. Il mazzo viene fornito con due carte pubblicitarie, un asso di picche personalizzato e due jolly personalizzati.<br \/>\n<\/span><\/span><\/p>\n","protected":false},"excerpt":{"rendered":"<p>MTY023 &#8211; Mazzo Carte Nomad by Theory 11 Prodotto da Theory11 in collaborazione con il NoMad Hotel, questo lussuoso ponte si ispira agli elementi architettonici del famoso hotel di New York. Un hotel che fungeva da punto d&#8217;incontro per personaggi come Oscar Wilde o Nikola Tesla. Il mazzo presenta la frase &#8220;Made Nice&#8221;, che \u00e8 [&hellip;]<\/p>\n","protected":false},"featured_media":17333,"comment_status":"closed","ping_status":"closed","template":"","meta":{"_et_pb_use_builder":"","_et_pb_old_content":"","_et_gb_content_width":""},"product_brand":[],"product_cat":[1507],"product_tag":[2285,2286],"class_list":{"0":"post-17331","1":"product","2":"type-product","3":"status-publish","4":"has-post-thumbnail","6":"product_cat-mazzi-di-carte-theory11","7":"product_tag-carte-nomad-by-theory-11","8":"product_tag-nomad-by-theory-11-playing-card","10":"first","11":"instock","12":"taxable","13":"shipping-taxable","14":"purchasable","15":"product-type-simple"},"yoast_head":"<!-- This site is optimized with the Yoast SEO plugin v27.4 - https:\/\/yoast.com\/product\/yoast-seo-wordpress\/ -->\n<title>MTY023 - Mazzo Carte Nomad by Theory 11 - BazarBonino<\/title>\n<meta name=\"description\" content=\"Mazzo Carte Nomad by Theory 11 Progettato dall&#039;artista grafico Chad Michael. Il mazzo NoMad vanta un design vintage personalizzato...\" \/>\n<meta name=\"robots\" content=\"index, follow, max-snippet:-1, max-image-preview:large, max-video-preview:-1\" \/>\n<link rel=\"canonical\" href=\"https:\/\/www.bazarbonino.com\/store\/prodotto\/mty023-mazzo-carte-nomad-by-theory-11\/\" \/>\n<meta property=\"og:locale\" content=\"it_IT\" \/>\n<meta property=\"og:type\" content=\"article\" \/>\n<meta property=\"og:title\" content=\"MTY023 - Mazzo Carte Nomad by Theory 11 - BazarBonino\" \/>\n<meta property=\"og:description\" content=\"Mazzo Carte Nomad by Theory 11 Progettato dall&#039;artista grafico Chad Michael. Il mazzo NoMad vanta un design vintage personalizzato...\" \/>\n<meta property=\"og:url\" content=\"https:\/\/www.bazarbonino.com\/store\/prodotto\/mty023-mazzo-carte-nomad-by-theory-11\/\" \/>\n<meta property=\"og:site_name\" content=\"BazarBonino\" \/>\n<meta property=\"article:publisher\" content=\"https:\/\/www.facebook.com\/bazar.bonino\" \/>\n<meta property=\"article:modified_time\" content=\"2025-12-01T11:25:22+00:00\" \/>\n<meta property=\"og:image\" content=\"https:\/\/www.bazarbonino.com\/store\/wp-content\/uploads\/2020\/11\/MTY023-Mazzo-Carte-Nomad-by-Theory-11.jpg\" \/>\n\t<meta property=\"og:image:width\" content=\"1512\" \/>\n\t<meta property=\"og:image:height\" content=\"1015\" \/>\n\t<meta property=\"og:image:type\" content=\"image\/jpeg\" \/>\n<meta name=\"twitter:card\" content=\"summary_large_image\" \/>\n<meta name=\"twitter:label1\" content=\"Tempo di lettura stimato\" \/>\n\t<meta name=\"twitter:data1\" content=\"1 minuto\" \/>\n<script type=\"application\/ld+json\" class=\"yoast-schema-graph\">{\"@context\":\"https:\\\/\\\/schema.org\",\"@graph\":[{\"@type\":\"WebPage\",\"@id\":\"https:\\\/\\\/www.bazarbonino.com\\\/store\\\/prodotto\\\/mty023-mazzo-carte-nomad-by-theory-11\\\/\",\"url\":\"https:\\\/\\\/www.bazarbonino.com\\\/store\\\/prodotto\\\/mty023-mazzo-carte-nomad-by-theory-11\\\/\",\"name\":\"MTY023 - Mazzo Carte Nomad by Theory 11 - BazarBonino\",\"isPartOf\":{\"@id\":\"https:\\\/\\\/www.bazarbonino.com\\\/store\\\/#website\"},\"primaryImageOfPage\":{\"@id\":\"https:\\\/\\\/www.bazarbonino.com\\\/store\\\/prodotto\\\/mty023-mazzo-carte-nomad-by-theory-11\\\/#primaryimage\"},\"image\":{\"@id\":\"https:\\\/\\\/www.bazarbonino.com\\\/store\\\/prodotto\\\/mty023-mazzo-carte-nomad-by-theory-11\\\/#primaryimage\"},\"thumbnailUrl\":\"https:\\\/\\\/www.bazarbonino.com\\\/store\\\/wp-content\\\/uploads\\\/2020\\\/11\\\/MTY023-Mazzo-Carte-Nomad-by-Theory-11.jpg\",\"datePublished\":\"2020-11-11T21:19:52+00:00\",\"dateModified\":\"2025-12-01T11:25:22+00:00\",\"description\":\"Mazzo Carte Nomad by Theory 11 Progettato dall'artista grafico Chad Michael. Il mazzo NoMad vanta un design vintage personalizzato...\",\"breadcrumb\":{\"@id\":\"https:\\\/\\\/www.bazarbonino.com\\\/store\\\/prodotto\\\/mty023-mazzo-carte-nomad-by-theory-11\\\/#breadcrumb\"},\"inLanguage\":\"it-IT\",\"potentialAction\":[{\"@type\":\"ReadAction\",\"target\":[\"https:\\\/\\\/www.bazarbonino.com\\\/store\\\/prodotto\\\/mty023-mazzo-carte-nomad-by-theory-11\\\/\"]}]},{\"@type\":\"ImageObject\",\"inLanguage\":\"it-IT\",\"@id\":\"https:\\\/\\\/www.bazarbonino.com\\\/store\\\/prodotto\\\/mty023-mazzo-carte-nomad-by-theory-11\\\/#primaryimage\",\"url\":\"https:\\\/\\\/www.bazarbonino.com\\\/store\\\/wp-content\\\/uploads\\\/2020\\\/11\\\/MTY023-Mazzo-Carte-Nomad-by-Theory-11.jpg\",\"contentUrl\":\"https:\\\/\\\/www.bazarbonino.com\\\/store\\\/wp-content\\\/uploads\\\/2020\\\/11\\\/MTY023-Mazzo-Carte-Nomad-by-Theory-11.jpg\",\"width\":1512,\"height\":1015,\"caption\":\"MTY023 - Mazzo Carte Nomad by Theory 11\"},{\"@type\":\"BreadcrumbList\",\"@id\":\"https:\\\/\\\/www.bazarbonino.com\\\/store\\\/prodotto\\\/mty023-mazzo-carte-nomad-by-theory-11\\\/#breadcrumb\",\"itemListElement\":[{\"@type\":\"ListItem\",\"position\":1,\"name\":\"Home\",\"item\":\"https:\\\/\\\/www.bazarbonino.com\\\/store\\\/\"},{\"@type\":\"ListItem\",\"position\":2,\"name\":\"Catalogo\",\"item\":\"https:\\\/\\\/www.bazarbonino.com\\\/store\\\/shop\\\/\"},{\"@type\":\"ListItem\",\"position\":3,\"name\":\"MTY023 &#8211; Mazzo Carte Nomad by Theory 11\"}]},{\"@type\":\"WebSite\",\"@id\":\"https:\\\/\\\/www.bazarbonino.com\\\/store\\\/#website\",\"url\":\"https:\\\/\\\/www.bazarbonino.com\\\/store\\\/\",\"name\":\"BazarBonino\",\"description\":\"\",\"potentialAction\":[{\"@type\":\"SearchAction\",\"target\":{\"@type\":\"EntryPoint\",\"urlTemplate\":\"https:\\\/\\\/www.bazarbonino.com\\\/store\\\/?s={search_term_string}\"},\"query-input\":{\"@type\":\"PropertyValueSpecification\",\"valueRequired\":true,\"valueName\":\"search_term_string\"}}],\"inLanguage\":\"it-IT\"}]}<\/script>\n<!-- \/ Yoast SEO plugin. -->","yoast_head_json":{"title":"MTY023 - Mazzo Carte Nomad by Theory 11 - BazarBonino","description":"Mazzo Carte Nomad by Theory 11 Progettato dall'artista grafico Chad Michael. Il mazzo NoMad vanta un design vintage personalizzato...","robots":{"index":"index","follow":"follow","max-snippet":"max-snippet:-1","max-image-preview":"max-image-preview:large","max-video-preview":"max-video-preview:-1"},"canonical":"https:\/\/www.bazarbonino.com\/store\/prodotto\/mty023-mazzo-carte-nomad-by-theory-11\/","og_locale":"it_IT","og_type":"article","og_title":"MTY023 - Mazzo Carte Nomad by Theory 11 - BazarBonino","og_description":"Mazzo Carte Nomad by Theory 11 Progettato dall'artista grafico Chad Michael. Il mazzo NoMad vanta un design vintage personalizzato...","og_url":"https:\/\/www.bazarbonino.com\/store\/prodotto\/mty023-mazzo-carte-nomad-by-theory-11\/","og_site_name":"BazarBonino","article_publisher":"https:\/\/www.facebook.com\/bazar.bonino","article_modified_time":"2025-12-01T11:25:22+00:00","og_image":[{"width":1512,"height":1015,"url":"https:\/\/www.bazarbonino.com\/store\/wp-content\/uploads\/2020\/11\/MTY023-Mazzo-Carte-Nomad-by-Theory-11.jpg","type":"image\/jpeg"}],"twitter_card":"summary_large_image","twitter_misc":{"Tempo di lettura stimato":"1 minuto"},"schema":{"@context":"https:\/\/schema.org","@graph":[{"@type":"WebPage","@id":"https:\/\/www.bazarbonino.com\/store\/prodotto\/mty023-mazzo-carte-nomad-by-theory-11\/","url":"https:\/\/www.bazarbonino.com\/store\/prodotto\/mty023-mazzo-carte-nomad-by-theory-11\/","name":"MTY023 - Mazzo Carte Nomad by Theory 11 - BazarBonino","isPartOf":{"@id":"https:\/\/www.bazarbonino.com\/store\/#website"},"primaryImageOfPage":{"@id":"https:\/\/www.bazarbonino.com\/store\/prodotto\/mty023-mazzo-carte-nomad-by-theory-11\/#primaryimage"},"image":{"@id":"https:\/\/www.bazarbonino.com\/store\/prodotto\/mty023-mazzo-carte-nomad-by-theory-11\/#primaryimage"},"thumbnailUrl":"https:\/\/www.bazarbonino.com\/store\/wp-content\/uploads\/2020\/11\/MTY023-Mazzo-Carte-Nomad-by-Theory-11.jpg","datePublished":"2020-11-11T21:19:52+00:00","dateModified":"2025-12-01T11:25:22+00:00","description":"Mazzo Carte Nomad by Theory 11 Progettato dall'artista grafico Chad Michael. Il mazzo NoMad vanta un design vintage personalizzato...","breadcrumb":{"@id":"https:\/\/www.bazarbonino.com\/store\/prodotto\/mty023-mazzo-carte-nomad-by-theory-11\/#breadcrumb"},"inLanguage":"it-IT","potentialAction":[{"@type":"ReadAction","target":["https:\/\/www.bazarbonino.com\/store\/prodotto\/mty023-mazzo-carte-nomad-by-theory-11\/"]}]},{"@type":"ImageObject","inLanguage":"it-IT","@id":"https:\/\/www.bazarbonino.com\/store\/prodotto\/mty023-mazzo-carte-nomad-by-theory-11\/#primaryimage","url":"https:\/\/www.bazarbonino.com\/store\/wp-content\/uploads\/2020\/11\/MTY023-Mazzo-Carte-Nomad-by-Theory-11.jpg","contentUrl":"https:\/\/www.bazarbonino.com\/store\/wp-content\/uploads\/2020\/11\/MTY023-Mazzo-Carte-Nomad-by-Theory-11.jpg","width":1512,"height":1015,"caption":"MTY023 - Mazzo Carte Nomad by Theory 11"},{"@type":"BreadcrumbList","@id":"https:\/\/www.bazarbonino.com\/store\/prodotto\/mty023-mazzo-carte-nomad-by-theory-11\/#breadcrumb","itemListElement":[{"@type":"ListItem","position":1,"name":"Home","item":"https:\/\/www.bazarbonino.com\/store\/"},{"@type":"ListItem","position":2,"name":"Catalogo","item":"https:\/\/www.bazarbonino.com\/store\/shop\/"},{"@type":"ListItem","position":3,"name":"MTY023 &#8211; Mazzo Carte Nomad by Theory 11"}]},{"@type":"WebSite","@id":"https:\/\/www.bazarbonino.com\/store\/#website","url":"https:\/\/www.bazarbonino.com\/store\/","name":"BazarBonino","description":"","potentialAction":[{"@type":"SearchAction","target":{"@type":"EntryPoint","urlTemplate":"https:\/\/www.bazarbonino.com\/store\/?s={search_term_string}"},"query-input":{"@type":"PropertyValueSpecification","valueRequired":true,"valueName":"search_term_string"}}],"inLanguage":"it-IT"}]}},"_links":{"self":[{"href":"https:\/\/www.bazarbonino.com\/store\/wp-json\/wp\/v2\/product\/17331","targetHints":{"allow":["GET"]}}],"collection":[{"href":"https:\/\/www.bazarbonino.com\/store\/wp-json\/wp\/v2\/product"}],"about":[{"href":"https:\/\/www.bazarbonino.com\/store\/wp-json\/wp\/v2\/types\/product"}],"replies":[{"embeddable":true,"href":"https:\/\/www.bazarbonino.com\/store\/wp-json\/wp\/v2\/comments?post=17331"}],"wp:featuredmedia":[{"embeddable":true,"href":"https:\/\/www.bazarbonino.com\/store\/wp-json\/wp\/v2\/media\/17333"}],"wp:attachment":[{"href":"https:\/\/www.bazarbonino.com\/store\/wp-json\/wp\/v2\/media?parent=17331"}],"wp:term":[{"taxonomy":"product_brand","embeddable":true,"href":"https:\/\/www.bazarbonino.com\/store\/wp-json\/wp\/v2\/product_brand?post=17331"},{"taxonomy":"product_cat","embeddable":true,"href":"https:\/\/www.bazarbonino.com\/store\/wp-json\/wp\/v2\/product_cat?post=17331"},{"taxonomy":"product_tag","embeddable":true,"href":"https:\/\/www.bazarbonino.com\/store\/wp-json\/wp\/v2\/product_tag?post=17331"}],"curies":[{"name":"wp","href":"https:\/\/api.w.org\/{rel}","templated":true}]}}