{"id":17210,"date":"2020-11-10T20:54:44","date_gmt":"2020-11-10T19:54:44","guid":{"rendered":"https:\/\/www.bazarbonino.com\/store\/?post_type=product&#038;p=17210"},"modified":"2020-11-10T21:05:27","modified_gmt":"2020-11-10T20:05:27","slug":"mty021-mazzo-carte-white-aurelians-by-ellusionist","status":"publish","type":"product","link":"https:\/\/www.bazarbonino.com\/store\/prodotto\/mty021-mazzo-carte-white-aurelians-by-ellusionist\/","title":{"rendered":"MTY021 &#8211; Mazzo Carte White Aurelians by Ellusionist"},"content":{"rendered":"<div id=\"stcpDiv\">\n<p>MTY021 &#8211; Mazzo Carte White Aurelians by Ellusionist <span class=\"VIiyi\" lang=\"it\"><span class=\"JLqJ4b ChMk0b\" data-language-for-alternatives=\"it\" data-language-to-translate-into=\"en\" data-phrase-index=\"0\">\u00c8 nato contadino in quella che oggi \u00e8 la Serbia, ma \u00e8 salito a governare il pi\u00f9 grande impero del mondo.<\/span> <span class=\"JLqJ4b ChMk0b\" data-language-for-alternatives=\"it\" data-language-to-translate-into=\"en\" data-phrase-index=\"1\">Con astuzia, spietatezza e determinazione, Aureliano scal\u00f2 i ranghi dell&#8217;esercito romano finch\u00e9 alla fine si impadron\u00ec del trono.<\/span> <span class=\"JLqJ4b ChMk0b\" data-language-for-alternatives=\"it\" data-language-to-translate-into=\"en\" data-phrase-index=\"2\">Nei suoi cinque anni da imperatore, guid\u00f2 il suo popolo in un vorticoso tour di vittorie contro Alemanni, Goti, Vandali e molti altri, e le storie romane lo ricordarono come &#8220;Il restauratore del mondo&#8221;.<\/span> <span class=\"JLqJ4b ChMk0b\" data-language-for-alternatives=\"it\" data-language-to-translate-into=\"en\" data-phrase-index=\"4\">Ora puoi portare l&#8217;ambizione di Aurelian sul tuo tavolo da gioco con questo nuovo mazzo di lusso progettato in suo onore.<\/span> <span class=\"JLqJ4b ChMk0b\" data-language-for-alternatives=\"it\" data-language-to-translate-into=\"en\" data-phrase-index=\"5\">I dorsi delle carte sono tra i pi\u00f9 intricati mai progettati, un profondo motivo bianco e oro da cui non puoi distogliere lo sguardo.<\/span> <span class=\"JLqJ4b ChMk0b\" data-language-for-alternatives=\"it\" data-language-to-translate-into=\"en\" data-phrase-index=\"6\">L&#8217;astuccio premium \u00e8 goffrato in lamina d&#8217;oro, mentre i jolly personalizzati presentano un ritratto del grande uomo stesso.<\/span> <span class=\"JLqJ4b ChMk0b\" data-language-for-alternatives=\"it\" data-language-to-translate-into=\"en\" data-phrase-index=\"7\">Un must per ogni collezionista.<\/span> <span class=\"JLqJ4b ChMk0b\" data-language-for-alternatives=\"it\" data-language-to-translate-into=\"en\" data-phrase-index=\"9\">Stampato su cartoncino E7 pressato di lusso per una gestione ottimale di Cardistry e Magic.<\/span><\/span><\/p>\n<\/div>\n","protected":false},"excerpt":{"rendered":"<p>MTY021 &#8211; Mazzo Carte White Aurelians by Ellusionist \u00c8 nato contadino in quella che oggi \u00e8 la Serbia, ma \u00e8 salito a governare il pi\u00f9 grande impero del mondo. Con astuzia, spietatezza e determinazione, Aureliano scal\u00f2 i ranghi dell&#8217;esercito romano finch\u00e9 alla fine si impadron\u00ec del trono. Nei suoi cinque anni da imperatore, guid\u00f2 il [&hellip;]<\/p>\n","protected":false},"featured_media":17211,"comment_status":"closed","ping_status":"closed","template":"","meta":{"_et_pb_use_builder":"","_et_pb_old_content":"","_et_gb_content_width":""},"product_brand":[],"product_cat":[1506],"product_tag":[2255],"class_list":{"0":"post-17210","1":"product","2":"type-product","3":"status-publish","4":"has-post-thumbnail","6":"product_cat-mazzi-di-carte-ellusionist","7":"product_tag-mazzo-carte-white-aurelians-by-ellusionist","9":"first","10":"instock","11":"taxable","12":"shipping-taxable","13":"purchasable","14":"product-type-simple"},"yoast_head":"<!-- This site is optimized with the Yoast SEO plugin v27.2 - https:\/\/yoast.com\/product\/yoast-seo-wordpress\/ -->\n<title>MTY021 - Mazzo Carte White Aurelians by Ellusionist - BazarBonino<\/title>\n<meta name=\"description\" content=\"Mazzo Carte White Aurelians by Ellusionist . I dorsi delle carte sono tra i pi\u00f9 intricati mai progettati, un profondo motivo bianco e oro...\" \/>\n<meta name=\"robots\" content=\"index, follow, max-snippet:-1, max-image-preview:large, max-video-preview:-1\" \/>\n<link rel=\"canonical\" href=\"https:\/\/www.bazarbonino.com\/store\/prodotto\/mty021-mazzo-carte-white-aurelians-by-ellusionist\/\" \/>\n<meta property=\"og:locale\" content=\"it_IT\" \/>\n<meta property=\"og:type\" content=\"article\" \/>\n<meta property=\"og:title\" content=\"MTY021 - Mazzo Carte White Aurelians by Ellusionist - BazarBonino\" \/>\n<meta property=\"og:description\" content=\"Mazzo Carte White Aurelians by Ellusionist . I dorsi delle carte sono tra i pi\u00f9 intricati mai progettati, un profondo motivo bianco e oro...\" \/>\n<meta property=\"og:url\" content=\"https:\/\/www.bazarbonino.com\/store\/prodotto\/mty021-mazzo-carte-white-aurelians-by-ellusionist\/\" \/>\n<meta property=\"og:site_name\" content=\"BazarBonino\" \/>\n<meta property=\"article:publisher\" content=\"https:\/\/www.facebook.com\/bazar.bonino\" \/>\n<meta property=\"article:modified_time\" content=\"2020-11-10T20:05:27+00:00\" \/>\n<meta property=\"og:image\" content=\"https:\/\/www.bazarbonino.com\/store\/wp-content\/uploads\/2020\/11\/MTY021-Mazzo-Carte-White-Aurelians-by-Ellusionist.jpg\" \/>\n\t<meta property=\"og:image:width\" content=\"753\" \/>\n\t<meta property=\"og:image:height\" content=\"502\" \/>\n\t<meta property=\"og:image:type\" content=\"image\/jpeg\" \/>\n<meta name=\"twitter:card\" content=\"summary_large_image\" \/>\n<meta name=\"twitter:label1\" content=\"Tempo di lettura stimato\" \/>\n\t<meta name=\"twitter:data1\" content=\"1 minuto\" \/>\n<script type=\"application\/ld+json\" class=\"yoast-schema-graph\">{\"@context\":\"https:\/\/schema.org\",\"@graph\":[{\"@type\":\"WebPage\",\"@id\":\"https:\/\/www.bazarbonino.com\/store\/prodotto\/mty021-mazzo-carte-white-aurelians-by-ellusionist\/\",\"url\":\"https:\/\/www.bazarbonino.com\/store\/prodotto\/mty021-mazzo-carte-white-aurelians-by-ellusionist\/\",\"name\":\"MTY021 - Mazzo Carte White Aurelians by Ellusionist - BazarBonino\",\"isPartOf\":{\"@id\":\"https:\/\/www.bazarbonino.com\/store\/#website\"},\"primaryImageOfPage\":{\"@id\":\"https:\/\/www.bazarbonino.com\/store\/prodotto\/mty021-mazzo-carte-white-aurelians-by-ellusionist\/#primaryimage\"},\"image\":{\"@id\":\"https:\/\/www.bazarbonino.com\/store\/prodotto\/mty021-mazzo-carte-white-aurelians-by-ellusionist\/#primaryimage\"},\"thumbnailUrl\":\"https:\/\/www.bazarbonino.com\/store\/wp-content\/uploads\/2020\/11\/MTY021-Mazzo-Carte-White-Aurelians-by-Ellusionist.jpg\",\"datePublished\":\"2020-11-10T19:54:44+00:00\",\"dateModified\":\"2020-11-10T20:05:27+00:00\",\"description\":\"Mazzo Carte White Aurelians by Ellusionist . I dorsi delle carte sono tra i pi\u00f9 intricati mai progettati, un profondo motivo bianco e oro...\",\"breadcrumb\":{\"@id\":\"https:\/\/www.bazarbonino.com\/store\/prodotto\/mty021-mazzo-carte-white-aurelians-by-ellusionist\/#breadcrumb\"},\"inLanguage\":\"it-IT\",\"potentialAction\":[{\"@type\":\"ReadAction\",\"target\":[\"https:\/\/www.bazarbonino.com\/store\/prodotto\/mty021-mazzo-carte-white-aurelians-by-ellusionist\/\"]}]},{\"@type\":\"ImageObject\",\"inLanguage\":\"it-IT\",\"@id\":\"https:\/\/www.bazarbonino.com\/store\/prodotto\/mty021-mazzo-carte-white-aurelians-by-ellusionist\/#primaryimage\",\"url\":\"https:\/\/www.bazarbonino.com\/store\/wp-content\/uploads\/2020\/11\/MTY021-Mazzo-Carte-White-Aurelians-by-Ellusionist.jpg\",\"contentUrl\":\"https:\/\/www.bazarbonino.com\/store\/wp-content\/uploads\/2020\/11\/MTY021-Mazzo-Carte-White-Aurelians-by-Ellusionist.jpg\",\"width\":753,\"height\":502,\"caption\":\"MTY021 - Mazzo Carte White Aurelians by Ellusionist\"},{\"@type\":\"BreadcrumbList\",\"@id\":\"https:\/\/www.bazarbonino.com\/store\/prodotto\/mty021-mazzo-carte-white-aurelians-by-ellusionist\/#breadcrumb\",\"itemListElement\":[{\"@type\":\"ListItem\",\"position\":1,\"name\":\"Home\",\"item\":\"https:\/\/www.bazarbonino.com\/store\/\"},{\"@type\":\"ListItem\",\"position\":2,\"name\":\"Catalogo\",\"item\":\"https:\/\/www.bazarbonino.com\/store\/shop\/\"},{\"@type\":\"ListItem\",\"position\":3,\"name\":\"MTY021 &#8211; Mazzo Carte White Aurelians by Ellusionist\"}]},{\"@type\":\"WebSite\",\"@id\":\"https:\/\/www.bazarbonino.com\/store\/#website\",\"url\":\"https:\/\/www.bazarbonino.com\/store\/\",\"name\":\"BazarBonino\",\"description\":\"\",\"potentialAction\":[{\"@type\":\"SearchAction\",\"target\":{\"@type\":\"EntryPoint\",\"urlTemplate\":\"https:\/\/www.bazarbonino.com\/store\/?s={search_term_string}\"},\"query-input\":{\"@type\":\"PropertyValueSpecification\",\"valueRequired\":true,\"valueName\":\"search_term_string\"}}],\"inLanguage\":\"it-IT\"}]}<\/script>\n<!-- \/ Yoast SEO plugin. -->","yoast_head_json":{"title":"MTY021 - Mazzo Carte White Aurelians by Ellusionist - BazarBonino","description":"Mazzo Carte White Aurelians by Ellusionist . I dorsi delle carte sono tra i pi\u00f9 intricati mai progettati, un profondo motivo bianco e oro...","robots":{"index":"index","follow":"follow","max-snippet":"max-snippet:-1","max-image-preview":"max-image-preview:large","max-video-preview":"max-video-preview:-1"},"canonical":"https:\/\/www.bazarbonino.com\/store\/prodotto\/mty021-mazzo-carte-white-aurelians-by-ellusionist\/","og_locale":"it_IT","og_type":"article","og_title":"MTY021 - Mazzo Carte White Aurelians by Ellusionist - BazarBonino","og_description":"Mazzo Carte White Aurelians by Ellusionist . I dorsi delle carte sono tra i pi\u00f9 intricati mai progettati, un profondo motivo bianco e oro...","og_url":"https:\/\/www.bazarbonino.com\/store\/prodotto\/mty021-mazzo-carte-white-aurelians-by-ellusionist\/","og_site_name":"BazarBonino","article_publisher":"https:\/\/www.facebook.com\/bazar.bonino","article_modified_time":"2020-11-10T20:05:27+00:00","og_image":[{"width":753,"height":502,"url":"https:\/\/www.bazarbonino.com\/store\/wp-content\/uploads\/2020\/11\/MTY021-Mazzo-Carte-White-Aurelians-by-Ellusionist.jpg","type":"image\/jpeg"}],"twitter_card":"summary_large_image","twitter_misc":{"Tempo di lettura stimato":"1 minuto"},"schema":{"@context":"https:\/\/schema.org","@graph":[{"@type":"WebPage","@id":"https:\/\/www.bazarbonino.com\/store\/prodotto\/mty021-mazzo-carte-white-aurelians-by-ellusionist\/","url":"https:\/\/www.bazarbonino.com\/store\/prodotto\/mty021-mazzo-carte-white-aurelians-by-ellusionist\/","name":"MTY021 - Mazzo Carte White Aurelians by Ellusionist - BazarBonino","isPartOf":{"@id":"https:\/\/www.bazarbonino.com\/store\/#website"},"primaryImageOfPage":{"@id":"https:\/\/www.bazarbonino.com\/store\/prodotto\/mty021-mazzo-carte-white-aurelians-by-ellusionist\/#primaryimage"},"image":{"@id":"https:\/\/www.bazarbonino.com\/store\/prodotto\/mty021-mazzo-carte-white-aurelians-by-ellusionist\/#primaryimage"},"thumbnailUrl":"https:\/\/www.bazarbonino.com\/store\/wp-content\/uploads\/2020\/11\/MTY021-Mazzo-Carte-White-Aurelians-by-Ellusionist.jpg","datePublished":"2020-11-10T19:54:44+00:00","dateModified":"2020-11-10T20:05:27+00:00","description":"Mazzo Carte White Aurelians by Ellusionist . I dorsi delle carte sono tra i pi\u00f9 intricati mai progettati, un profondo motivo bianco e oro...","breadcrumb":{"@id":"https:\/\/www.bazarbonino.com\/store\/prodotto\/mty021-mazzo-carte-white-aurelians-by-ellusionist\/#breadcrumb"},"inLanguage":"it-IT","potentialAction":[{"@type":"ReadAction","target":["https:\/\/www.bazarbonino.com\/store\/prodotto\/mty021-mazzo-carte-white-aurelians-by-ellusionist\/"]}]},{"@type":"ImageObject","inLanguage":"it-IT","@id":"https:\/\/www.bazarbonino.com\/store\/prodotto\/mty021-mazzo-carte-white-aurelians-by-ellusionist\/#primaryimage","url":"https:\/\/www.bazarbonino.com\/store\/wp-content\/uploads\/2020\/11\/MTY021-Mazzo-Carte-White-Aurelians-by-Ellusionist.jpg","contentUrl":"https:\/\/www.bazarbonino.com\/store\/wp-content\/uploads\/2020\/11\/MTY021-Mazzo-Carte-White-Aurelians-by-Ellusionist.jpg","width":753,"height":502,"caption":"MTY021 - Mazzo Carte White Aurelians by Ellusionist"},{"@type":"BreadcrumbList","@id":"https:\/\/www.bazarbonino.com\/store\/prodotto\/mty021-mazzo-carte-white-aurelians-by-ellusionist\/#breadcrumb","itemListElement":[{"@type":"ListItem","position":1,"name":"Home","item":"https:\/\/www.bazarbonino.com\/store\/"},{"@type":"ListItem","position":2,"name":"Catalogo","item":"https:\/\/www.bazarbonino.com\/store\/shop\/"},{"@type":"ListItem","position":3,"name":"MTY021 &#8211; Mazzo Carte White Aurelians by Ellusionist"}]},{"@type":"WebSite","@id":"https:\/\/www.bazarbonino.com\/store\/#website","url":"https:\/\/www.bazarbonino.com\/store\/","name":"BazarBonino","description":"","potentialAction":[{"@type":"SearchAction","target":{"@type":"EntryPoint","urlTemplate":"https:\/\/www.bazarbonino.com\/store\/?s={search_term_string}"},"query-input":{"@type":"PropertyValueSpecification","valueRequired":true,"valueName":"search_term_string"}}],"inLanguage":"it-IT"}]}},"_links":{"self":[{"href":"https:\/\/www.bazarbonino.com\/store\/wp-json\/wp\/v2\/product\/17210","targetHints":{"allow":["GET"]}}],"collection":[{"href":"https:\/\/www.bazarbonino.com\/store\/wp-json\/wp\/v2\/product"}],"about":[{"href":"https:\/\/www.bazarbonino.com\/store\/wp-json\/wp\/v2\/types\/product"}],"replies":[{"embeddable":true,"href":"https:\/\/www.bazarbonino.com\/store\/wp-json\/wp\/v2\/comments?post=17210"}],"wp:featuredmedia":[{"embeddable":true,"href":"https:\/\/www.bazarbonino.com\/store\/wp-json\/wp\/v2\/media\/17211"}],"wp:attachment":[{"href":"https:\/\/www.bazarbonino.com\/store\/wp-json\/wp\/v2\/media?parent=17210"}],"wp:term":[{"taxonomy":"product_brand","embeddable":true,"href":"https:\/\/www.bazarbonino.com\/store\/wp-json\/wp\/v2\/product_brand?post=17210"},{"taxonomy":"product_cat","embeddable":true,"href":"https:\/\/www.bazarbonino.com\/store\/wp-json\/wp\/v2\/product_cat?post=17210"},{"taxonomy":"product_tag","embeddable":true,"href":"https:\/\/www.bazarbonino.com\/store\/wp-json\/wp\/v2\/product_tag?post=17210"}],"curies":[{"name":"wp","href":"https:\/\/api.w.org\/{rel}","templated":true}]}}