{"id":16080,"date":"2020-09-15T11:23:24","date_gmt":"2020-09-15T09:23:24","guid":{"rendered":"https:\/\/www.bazarbonino.com\/store\/?post_type=product&#038;p=16080"},"modified":"2020-09-16T18:35:17","modified_gmt":"2020-09-16T16:35:17","slug":"hand-balance-board-basic-vt0020","status":"publish","type":"product","link":"https:\/\/www.bazarbonino.com\/store\/prodotto\/hand-balance-board-basic-vt0020\/","title":{"rendered":"Hand Balance Board Basic &#8211; VT0020"},"content":{"rendered":"<h5>Hand Balance Board Basic<\/h5>\n<p>Hand Balance Board Basic \u00e8 una piattaforma concepita per poter essere trasportata facilmente e montata in pochi secondi.<\/p>\n<p>Le canne si alloggiano nella base e si fissano tramite i blocchi stessi che nascondono anche la chiave\u00a0 necessaria per il montaggio del kit. A differenza della versione PRO, la piattaforma BASIC \u00e8 dotata di soli 2 alloggi per le canne con un interasse di 34 cm.<\/p>\n<p>La base \u00e8 di 55 cm x 85 cm e offre una base ampia e stabile su cui poggiare. \u00c8 costruita in Italia utilizzando router CNC di alta precisione. \u00c8 fatta di un unico pezzo di compensato di betulla finlandese. Questo compensato \u00e8 caratterizzato da eccellenti propriet\u00e0 di robustezza e rigidit\u00e0, quindi si comporta molto bene in applicazioni che richiedono grande resistenza. Le materie prime provengono da foreste finlandesi gestite in modo sostenibile.<\/p>\n<p>I blocchi sono realizzati in legno massello di faggio e forniscono una solida superficie di presa per le mani. I blocchi misurano 13 cm x 10 cm x 3 cm di spessore. Il pannello con i suoi piedini antiscivolo in gomma e le canne in acciaio inossidabile ha un&#8217;altezza totale di 58 cm\u00a0 dal pavimento alla parte superiore del blocco. Questa \u00e8 un&#8217;altezza ottimale per la maggior parte degli acrobati.<\/p>\n<p>Il peso totale dell&#8217;unit\u00e0, che include una borsa per il trasporto, \u00e8 di 6 kg.<\/p>\n","protected":false},"excerpt":{"rendered":"<p>SU ORDINAZIONE<\/p>\n<p>ATTESA 3 GG. LAVORATIVI<\/p>\n","protected":false},"featured_media":16081,"comment_status":"closed","ping_status":"closed","template":"","meta":{"_et_pb_use_builder":"","_et_pb_old_content":"","_et_gb_content_width":""},"product_brand":[],"product_cat":[2139],"product_tag":[2142],"class_list":{"0":"post-16080","1":"product","2":"type-product","3":"status-publish","4":"has-post-thumbnail","6":"product_cat-verticalismo","7":"product_tag-attrezzi-verticalismo","9":"first","10":"instock","11":"taxable","12":"shipping-taxable","13":"purchasable","14":"product-type-simple"},"yoast_head":"<!-- This site is optimized with the Yoast SEO plugin v27.2 - https:\/\/yoast.com\/product\/yoast-seo-wordpress\/ -->\n<title>Hand Balance Board Basic - VT0020 - BazarBonino<\/title>\n<meta name=\"description\" content=\"Hand Balance Board Basic \u00e8 una piattaforma concepita per poter essere trasportata facilmente e montata in pochi secondi.\" \/>\n<meta name=\"robots\" content=\"index, follow, max-snippet:-1, max-image-preview:large, max-video-preview:-1\" \/>\n<link rel=\"canonical\" href=\"https:\/\/www.bazarbonino.com\/store\/prodotto\/hand-balance-board-basic-vt0020\/\" \/>\n<meta property=\"og:locale\" content=\"it_IT\" \/>\n<meta property=\"og:type\" content=\"article\" \/>\n<meta property=\"og:title\" content=\"Hand Balance Board Basic - VT0020 - BazarBonino\" \/>\n<meta property=\"og:description\" content=\"Hand Balance Board Basic \u00e8 una piattaforma concepita per poter essere trasportata facilmente e montata in pochi secondi.\" \/>\n<meta property=\"og:url\" content=\"https:\/\/www.bazarbonino.com\/store\/prodotto\/hand-balance-board-basic-vt0020\/\" \/>\n<meta property=\"og:site_name\" content=\"BazarBonino\" \/>\n<meta property=\"article:publisher\" content=\"https:\/\/www.facebook.com\/bazar.bonino\" \/>\n<meta property=\"article:modified_time\" content=\"2020-09-16T16:35:17+00:00\" \/>\n<meta property=\"og:image\" content=\"https:\/\/www.bazarbonino.com\/store\/wp-content\/uploads\/2020\/09\/VT0020-Hand-Balance-Board-Basic.jpg\" \/>\n\t<meta property=\"og:image:width\" content=\"800\" \/>\n\t<meta property=\"og:image:height\" content=\"600\" \/>\n\t<meta property=\"og:image:type\" content=\"image\/jpeg\" \/>\n<meta name=\"twitter:card\" content=\"summary_large_image\" \/>\n<meta name=\"twitter:label1\" content=\"Tempo di lettura stimato\" \/>\n\t<meta name=\"twitter:data1\" content=\"1 minuto\" \/>\n<script type=\"application\/ld+json\" class=\"yoast-schema-graph\">{\"@context\":\"https:\/\/schema.org\",\"@graph\":[{\"@type\":\"WebPage\",\"@id\":\"https:\/\/www.bazarbonino.com\/store\/prodotto\/hand-balance-board-basic-vt0020\/\",\"url\":\"https:\/\/www.bazarbonino.com\/store\/prodotto\/hand-balance-board-basic-vt0020\/\",\"name\":\"Hand Balance Board Basic - VT0020 - BazarBonino\",\"isPartOf\":{\"@id\":\"https:\/\/www.bazarbonino.com\/store\/#website\"},\"primaryImageOfPage\":{\"@id\":\"https:\/\/www.bazarbonino.com\/store\/prodotto\/hand-balance-board-basic-vt0020\/#primaryimage\"},\"image\":{\"@id\":\"https:\/\/www.bazarbonino.com\/store\/prodotto\/hand-balance-board-basic-vt0020\/#primaryimage\"},\"thumbnailUrl\":\"https:\/\/www.bazarbonino.com\/store\/wp-content\/uploads\/2020\/09\/VT0020-Hand-Balance-Board-Basic.jpg\",\"datePublished\":\"2020-09-15T09:23:24+00:00\",\"dateModified\":\"2020-09-16T16:35:17+00:00\",\"description\":\"Hand Balance Board Basic \u00e8 una piattaforma concepita per poter essere trasportata facilmente e montata in pochi secondi.\",\"breadcrumb\":{\"@id\":\"https:\/\/www.bazarbonino.com\/store\/prodotto\/hand-balance-board-basic-vt0020\/#breadcrumb\"},\"inLanguage\":\"it-IT\",\"potentialAction\":[{\"@type\":\"ReadAction\",\"target\":[\"https:\/\/www.bazarbonino.com\/store\/prodotto\/hand-balance-board-basic-vt0020\/\"]}]},{\"@type\":\"ImageObject\",\"inLanguage\":\"it-IT\",\"@id\":\"https:\/\/www.bazarbonino.com\/store\/prodotto\/hand-balance-board-basic-vt0020\/#primaryimage\",\"url\":\"https:\/\/www.bazarbonino.com\/store\/wp-content\/uploads\/2020\/09\/VT0020-Hand-Balance-Board-Basic.jpg\",\"contentUrl\":\"https:\/\/www.bazarbonino.com\/store\/wp-content\/uploads\/2020\/09\/VT0020-Hand-Balance-Board-Basic.jpg\",\"width\":800,\"height\":600,\"caption\":\"VT0020 - Hand Balance Board Basic\"},{\"@type\":\"BreadcrumbList\",\"@id\":\"https:\/\/www.bazarbonino.com\/store\/prodotto\/hand-balance-board-basic-vt0020\/#breadcrumb\",\"itemListElement\":[{\"@type\":\"ListItem\",\"position\":1,\"name\":\"Home\",\"item\":\"https:\/\/www.bazarbonino.com\/store\/\"},{\"@type\":\"ListItem\",\"position\":2,\"name\":\"Catalogo\",\"item\":\"https:\/\/www.bazarbonino.com\/store\/shop\/\"},{\"@type\":\"ListItem\",\"position\":3,\"name\":\"Hand Balance Board Basic &#8211; VT0020\"}]},{\"@type\":\"WebSite\",\"@id\":\"https:\/\/www.bazarbonino.com\/store\/#website\",\"url\":\"https:\/\/www.bazarbonino.com\/store\/\",\"name\":\"BazarBonino\",\"description\":\"\",\"potentialAction\":[{\"@type\":\"SearchAction\",\"target\":{\"@type\":\"EntryPoint\",\"urlTemplate\":\"https:\/\/www.bazarbonino.com\/store\/?s={search_term_string}\"},\"query-input\":{\"@type\":\"PropertyValueSpecification\",\"valueRequired\":true,\"valueName\":\"search_term_string\"}}],\"inLanguage\":\"it-IT\"}]}<\/script>\n<!-- \/ Yoast SEO plugin. -->","yoast_head_json":{"title":"Hand Balance Board Basic - VT0020 - BazarBonino","description":"Hand Balance Board Basic \u00e8 una piattaforma concepita per poter essere trasportata facilmente e montata in pochi secondi.","robots":{"index":"index","follow":"follow","max-snippet":"max-snippet:-1","max-image-preview":"max-image-preview:large","max-video-preview":"max-video-preview:-1"},"canonical":"https:\/\/www.bazarbonino.com\/store\/prodotto\/hand-balance-board-basic-vt0020\/","og_locale":"it_IT","og_type":"article","og_title":"Hand Balance Board Basic - VT0020 - BazarBonino","og_description":"Hand Balance Board Basic \u00e8 una piattaforma concepita per poter essere trasportata facilmente e montata in pochi secondi.","og_url":"https:\/\/www.bazarbonino.com\/store\/prodotto\/hand-balance-board-basic-vt0020\/","og_site_name":"BazarBonino","article_publisher":"https:\/\/www.facebook.com\/bazar.bonino","article_modified_time":"2020-09-16T16:35:17+00:00","og_image":[{"width":800,"height":600,"url":"https:\/\/www.bazarbonino.com\/store\/wp-content\/uploads\/2020\/09\/VT0020-Hand-Balance-Board-Basic.jpg","type":"image\/jpeg"}],"twitter_card":"summary_large_image","twitter_misc":{"Tempo di lettura stimato":"1 minuto"},"schema":{"@context":"https:\/\/schema.org","@graph":[{"@type":"WebPage","@id":"https:\/\/www.bazarbonino.com\/store\/prodotto\/hand-balance-board-basic-vt0020\/","url":"https:\/\/www.bazarbonino.com\/store\/prodotto\/hand-balance-board-basic-vt0020\/","name":"Hand Balance Board Basic - VT0020 - BazarBonino","isPartOf":{"@id":"https:\/\/www.bazarbonino.com\/store\/#website"},"primaryImageOfPage":{"@id":"https:\/\/www.bazarbonino.com\/store\/prodotto\/hand-balance-board-basic-vt0020\/#primaryimage"},"image":{"@id":"https:\/\/www.bazarbonino.com\/store\/prodotto\/hand-balance-board-basic-vt0020\/#primaryimage"},"thumbnailUrl":"https:\/\/www.bazarbonino.com\/store\/wp-content\/uploads\/2020\/09\/VT0020-Hand-Balance-Board-Basic.jpg","datePublished":"2020-09-15T09:23:24+00:00","dateModified":"2020-09-16T16:35:17+00:00","description":"Hand Balance Board Basic \u00e8 una piattaforma concepita per poter essere trasportata facilmente e montata in pochi secondi.","breadcrumb":{"@id":"https:\/\/www.bazarbonino.com\/store\/prodotto\/hand-balance-board-basic-vt0020\/#breadcrumb"},"inLanguage":"it-IT","potentialAction":[{"@type":"ReadAction","target":["https:\/\/www.bazarbonino.com\/store\/prodotto\/hand-balance-board-basic-vt0020\/"]}]},{"@type":"ImageObject","inLanguage":"it-IT","@id":"https:\/\/www.bazarbonino.com\/store\/prodotto\/hand-balance-board-basic-vt0020\/#primaryimage","url":"https:\/\/www.bazarbonino.com\/store\/wp-content\/uploads\/2020\/09\/VT0020-Hand-Balance-Board-Basic.jpg","contentUrl":"https:\/\/www.bazarbonino.com\/store\/wp-content\/uploads\/2020\/09\/VT0020-Hand-Balance-Board-Basic.jpg","width":800,"height":600,"caption":"VT0020 - Hand Balance Board Basic"},{"@type":"BreadcrumbList","@id":"https:\/\/www.bazarbonino.com\/store\/prodotto\/hand-balance-board-basic-vt0020\/#breadcrumb","itemListElement":[{"@type":"ListItem","position":1,"name":"Home","item":"https:\/\/www.bazarbonino.com\/store\/"},{"@type":"ListItem","position":2,"name":"Catalogo","item":"https:\/\/www.bazarbonino.com\/store\/shop\/"},{"@type":"ListItem","position":3,"name":"Hand Balance Board Basic &#8211; VT0020"}]},{"@type":"WebSite","@id":"https:\/\/www.bazarbonino.com\/store\/#website","url":"https:\/\/www.bazarbonino.com\/store\/","name":"BazarBonino","description":"","potentialAction":[{"@type":"SearchAction","target":{"@type":"EntryPoint","urlTemplate":"https:\/\/www.bazarbonino.com\/store\/?s={search_term_string}"},"query-input":{"@type":"PropertyValueSpecification","valueRequired":true,"valueName":"search_term_string"}}],"inLanguage":"it-IT"}]}},"_links":{"self":[{"href":"https:\/\/www.bazarbonino.com\/store\/wp-json\/wp\/v2\/product\/16080","targetHints":{"allow":["GET"]}}],"collection":[{"href":"https:\/\/www.bazarbonino.com\/store\/wp-json\/wp\/v2\/product"}],"about":[{"href":"https:\/\/www.bazarbonino.com\/store\/wp-json\/wp\/v2\/types\/product"}],"replies":[{"embeddable":true,"href":"https:\/\/www.bazarbonino.com\/store\/wp-json\/wp\/v2\/comments?post=16080"}],"wp:featuredmedia":[{"embeddable":true,"href":"https:\/\/www.bazarbonino.com\/store\/wp-json\/wp\/v2\/media\/16081"}],"wp:attachment":[{"href":"https:\/\/www.bazarbonino.com\/store\/wp-json\/wp\/v2\/media?parent=16080"}],"wp:term":[{"taxonomy":"product_brand","embeddable":true,"href":"https:\/\/www.bazarbonino.com\/store\/wp-json\/wp\/v2\/product_brand?post=16080"},{"taxonomy":"product_cat","embeddable":true,"href":"https:\/\/www.bazarbonino.com\/store\/wp-json\/wp\/v2\/product_cat?post=16080"},{"taxonomy":"product_tag","embeddable":true,"href":"https:\/\/www.bazarbonino.com\/store\/wp-json\/wp\/v2\/product_tag?post=16080"}],"curies":[{"name":"wp","href":"https:\/\/api.w.org\/{rel}","templated":true}]}}