{"id":15814,"date":"2020-05-23T17:07:06","date_gmt":"2020-05-23T15:07:06","guid":{"rendered":"https:\/\/www.bazarbonino.com\/store\/?post_type=product&#038;p=15814"},"modified":"2024-12-08T08:54:46","modified_gmt":"2024-12-08T07:54:46","slug":"jg3569-gora-monkey-fist-fire-poi","status":"publish","type":"product","link":"https:\/\/www.bazarbonino.com\/store\/prodotto\/jg3569-gora-monkey-fist-fire-poi\/","title":{"rendered":"JG3569 &#8211; Gora Monkey Fist Fire Poi"},"content":{"rendered":"<div id=\"stcpDiv\"><\/div>\n<div><span class=\"VIiyi\" lang=\"it\"><span class=\"JLqJ4b\" data-language-for-alternatives=\"it\" data-language-to-translate-into=\"en\" data-phrase-index=\"0\">Gora Monkey\u2019s Fist Fire Poi \u00e8 costruito con nodi stretti all&#8217;esterno e all&#8217;interno, quindi l&#8217;intero volume della forma della palla \u00e8 realizzato in kevlar, questo \u00e8 il motivo per cui sembra relativamente piccolo ma ha una lunga durata. Prezzo al paio. Possiamo produrlo da una corda di 10 o 13 mm di spessore e 3 o 4 dimensioni di linea. Le dimensioni disponibili di Monkey\u2019s Fist Fire Poi sono: Small (10mmX4, circa 300 g), Medium (13mmX3, circa 400 g), Large (13mmX4, circa 500 g), Extra Large (16mmx4). I nostri Monkey\u2019s Fist Poi sono realizzati con catene e anelli extra sicuri. Tutte le nostre catene sono catene saldate, di gran lunga la migliore qualit\u00e0 sul mercato. Consiglio le taglie pi\u00f9 grandi (M, L, XL) con una catena attorcigliata o classica, perch\u00e9 una catena a palline non \u00e8 affidabile al 100% per un grande POI con una forte rotazione, sebbene offriamo la catena a sfere in acciaio inossidabile pi\u00f9 sicura disponibile. Puoi scegliere diversi manici, come manici di fiori, palline di legno o silicone. I manici in pelle a fiore sono pi\u00f9 comodi e pi\u00f9 sicuri dei classici manici. Le impugnature della palla sono migliori per lanciare acrobazie, specialmente quelle in silicone. Hanno pi\u00f9 peso, sono pi\u00f9 morbidi, pi\u00f9 durevoli e pi\u00f9 resistenti al fuoco.<\/span><\/span><\/div>\n<div>Controllate sempre lo stato degli attrezzi prima di utilizzarli.<\/div>\n","protected":false},"excerpt":{"rendered":"<p>TAGLIA &#8220;M&#8221; SUBITO DISPONIBILE<\/p>\n","protected":false},"featured_media":15823,"comment_status":"closed","ping_status":"closed","template":"","meta":{"_et_pb_use_builder":"","_et_pb_old_content":"","_et_gb_content_width":""},"product_brand":[],"product_cat":[44],"product_tag":[315,1668,303],"class_list":{"0":"post-15814","1":"product","2":"type-product","3":"status-publish","4":"has-post-thumbnail","6":"product_cat-catene-poi-infuocati","7":"product_tag-attrezzi-infuocati-gora","8":"product_tag-corda-di-fuoco-fire-wing-gora","9":"product_tag-negozio-articoli-giocoleria-di-fuoco","10":"pa_modello-l","11":"pa_modello-m","12":"pa_modello-s","13":"pa_modello-xl","15":"first","16":"instock","17":"taxable","18":"shipping-taxable","19":"purchasable","20":"product-type-variable"},"yoast_head":"<!-- This site is optimized with the Yoast SEO plugin v27.4 - https:\/\/yoast.com\/product\/yoast-seo-wordpress\/ -->\n<title>JG3569 - Gora Monkey Fist Fire Poi - BazarBonino<\/title>\n<meta name=\"description\" content=\"JG3569 - Gora Monkey Fist Fire Poi vendute al paio, questa modello ha l&#039;impugnatura con il pomello in legno nero indicato per numeri con lanci!\" \/>\n<meta name=\"robots\" content=\"index, follow, max-snippet:-1, max-image-preview:large, max-video-preview:-1\" \/>\n<link rel=\"canonical\" href=\"https:\/\/www.bazarbonino.com\/store\/prodotto\/jg3569-gora-monkey-fist-fire-poi\/\" \/>\n<meta property=\"og:locale\" content=\"it_IT\" \/>\n<meta property=\"og:type\" content=\"article\" \/>\n<meta property=\"og:title\" content=\"JG3569 - Gora Monkey Fist Fire Poi - BazarBonino\" \/>\n<meta property=\"og:description\" content=\"JG3569 - Gora Monkey Fist Fire Poi vendute al paio, questa modello ha l&#039;impugnatura con il pomello in legno nero indicato per numeri con lanci!\" \/>\n<meta property=\"og:url\" content=\"https:\/\/www.bazarbonino.com\/store\/prodotto\/jg3569-gora-monkey-fist-fire-poi\/\" \/>\n<meta property=\"og:site_name\" content=\"BazarBonino\" \/>\n<meta property=\"article:publisher\" content=\"https:\/\/www.facebook.com\/bazar.bonino\" \/>\n<meta property=\"article:modified_time\" content=\"2024-12-08T07:54:46+00:00\" \/>\n<meta property=\"og:image\" content=\"https:\/\/www.bazarbonino.com\/store\/wp-content\/uploads\/2020\/05\/JG3569-Gora-Monkey-Fist-Fire-Poi..jpg\" \/>\n\t<meta property=\"og:image:width\" content=\"1000\" \/>\n\t<meta property=\"og:image:height\" content=\"1000\" \/>\n\t<meta property=\"og:image:type\" content=\"image\/jpeg\" \/>\n<meta name=\"twitter:card\" content=\"summary_large_image\" \/>\n<meta name=\"twitter:label1\" content=\"Tempo di lettura stimato\" \/>\n\t<meta name=\"twitter:data1\" content=\"1 minuto\" \/>\n<script type=\"application\/ld+json\" class=\"yoast-schema-graph\">{\"@context\":\"https:\\\/\\\/schema.org\",\"@graph\":[{\"@type\":\"WebPage\",\"@id\":\"https:\\\/\\\/www.bazarbonino.com\\\/store\\\/prodotto\\\/jg3569-gora-monkey-fist-fire-poi\\\/\",\"url\":\"https:\\\/\\\/www.bazarbonino.com\\\/store\\\/prodotto\\\/jg3569-gora-monkey-fist-fire-poi\\\/\",\"name\":\"JG3569 - Gora Monkey Fist Fire Poi - BazarBonino\",\"isPartOf\":{\"@id\":\"https:\\\/\\\/www.bazarbonino.com\\\/store\\\/#website\"},\"primaryImageOfPage\":{\"@id\":\"https:\\\/\\\/www.bazarbonino.com\\\/store\\\/prodotto\\\/jg3569-gora-monkey-fist-fire-poi\\\/#primaryimage\"},\"image\":{\"@id\":\"https:\\\/\\\/www.bazarbonino.com\\\/store\\\/prodotto\\\/jg3569-gora-monkey-fist-fire-poi\\\/#primaryimage\"},\"thumbnailUrl\":\"https:\\\/\\\/www.bazarbonino.com\\\/store\\\/wp-content\\\/uploads\\\/2020\\\/05\\\/JG3569-Gora-Monkey-Fist-Fire-Poi..jpg\",\"datePublished\":\"2020-05-23T15:07:06+00:00\",\"dateModified\":\"2024-12-08T07:54:46+00:00\",\"description\":\"JG3569 - Gora Monkey Fist Fire Poi vendute al paio, questa modello ha l'impugnatura con il pomello in legno nero indicato per numeri con lanci!\",\"breadcrumb\":{\"@id\":\"https:\\\/\\\/www.bazarbonino.com\\\/store\\\/prodotto\\\/jg3569-gora-monkey-fist-fire-poi\\\/#breadcrumb\"},\"inLanguage\":\"it-IT\",\"potentialAction\":[{\"@type\":\"ReadAction\",\"target\":[\"https:\\\/\\\/www.bazarbonino.com\\\/store\\\/prodotto\\\/jg3569-gora-monkey-fist-fire-poi\\\/\"]}]},{\"@type\":\"ImageObject\",\"inLanguage\":\"it-IT\",\"@id\":\"https:\\\/\\\/www.bazarbonino.com\\\/store\\\/prodotto\\\/jg3569-gora-monkey-fist-fire-poi\\\/#primaryimage\",\"url\":\"https:\\\/\\\/www.bazarbonino.com\\\/store\\\/wp-content\\\/uploads\\\/2020\\\/05\\\/JG3569-Gora-Monkey-Fist-Fire-Poi..jpg\",\"contentUrl\":\"https:\\\/\\\/www.bazarbonino.com\\\/store\\\/wp-content\\\/uploads\\\/2020\\\/05\\\/JG3569-Gora-Monkey-Fist-Fire-Poi..jpg\",\"width\":1000,\"height\":1000,\"caption\":\"JG3569 - Gora Monkey Fist Fire Poi\"},{\"@type\":\"BreadcrumbList\",\"@id\":\"https:\\\/\\\/www.bazarbonino.com\\\/store\\\/prodotto\\\/jg3569-gora-monkey-fist-fire-poi\\\/#breadcrumb\",\"itemListElement\":[{\"@type\":\"ListItem\",\"position\":1,\"name\":\"Home\",\"item\":\"https:\\\/\\\/www.bazarbonino.com\\\/store\\\/\"},{\"@type\":\"ListItem\",\"position\":2,\"name\":\"Catalogo\",\"item\":\"https:\\\/\\\/www.bazarbonino.com\\\/store\\\/shop\\\/\"},{\"@type\":\"ListItem\",\"position\":3,\"name\":\"JG3569 &#8211; Gora Monkey Fist Fire Poi\"}]},{\"@type\":\"WebSite\",\"@id\":\"https:\\\/\\\/www.bazarbonino.com\\\/store\\\/#website\",\"url\":\"https:\\\/\\\/www.bazarbonino.com\\\/store\\\/\",\"name\":\"BazarBonino\",\"description\":\"\",\"potentialAction\":[{\"@type\":\"SearchAction\",\"target\":{\"@type\":\"EntryPoint\",\"urlTemplate\":\"https:\\\/\\\/www.bazarbonino.com\\\/store\\\/?s={search_term_string}\"},\"query-input\":{\"@type\":\"PropertyValueSpecification\",\"valueRequired\":true,\"valueName\":\"search_term_string\"}}],\"inLanguage\":\"it-IT\"}]}<\/script>\n<!-- \/ Yoast SEO plugin. -->","yoast_head_json":{"title":"JG3569 - Gora Monkey Fist Fire Poi - BazarBonino","description":"JG3569 - Gora Monkey Fist Fire Poi vendute al paio, questa modello ha l'impugnatura con il pomello in legno nero indicato per numeri con lanci!","robots":{"index":"index","follow":"follow","max-snippet":"max-snippet:-1","max-image-preview":"max-image-preview:large","max-video-preview":"max-video-preview:-1"},"canonical":"https:\/\/www.bazarbonino.com\/store\/prodotto\/jg3569-gora-monkey-fist-fire-poi\/","og_locale":"it_IT","og_type":"article","og_title":"JG3569 - Gora Monkey Fist Fire Poi - BazarBonino","og_description":"JG3569 - Gora Monkey Fist Fire Poi vendute al paio, questa modello ha l'impugnatura con il pomello in legno nero indicato per numeri con lanci!","og_url":"https:\/\/www.bazarbonino.com\/store\/prodotto\/jg3569-gora-monkey-fist-fire-poi\/","og_site_name":"BazarBonino","article_publisher":"https:\/\/www.facebook.com\/bazar.bonino","article_modified_time":"2024-12-08T07:54:46+00:00","og_image":[{"width":1000,"height":1000,"url":"https:\/\/www.bazarbonino.com\/store\/wp-content\/uploads\/2020\/05\/JG3569-Gora-Monkey-Fist-Fire-Poi..jpg","type":"image\/jpeg"}],"twitter_card":"summary_large_image","twitter_misc":{"Tempo di lettura stimato":"1 minuto"},"schema":{"@context":"https:\/\/schema.org","@graph":[{"@type":"WebPage","@id":"https:\/\/www.bazarbonino.com\/store\/prodotto\/jg3569-gora-monkey-fist-fire-poi\/","url":"https:\/\/www.bazarbonino.com\/store\/prodotto\/jg3569-gora-monkey-fist-fire-poi\/","name":"JG3569 - Gora Monkey Fist Fire Poi - BazarBonino","isPartOf":{"@id":"https:\/\/www.bazarbonino.com\/store\/#website"},"primaryImageOfPage":{"@id":"https:\/\/www.bazarbonino.com\/store\/prodotto\/jg3569-gora-monkey-fist-fire-poi\/#primaryimage"},"image":{"@id":"https:\/\/www.bazarbonino.com\/store\/prodotto\/jg3569-gora-monkey-fist-fire-poi\/#primaryimage"},"thumbnailUrl":"https:\/\/www.bazarbonino.com\/store\/wp-content\/uploads\/2020\/05\/JG3569-Gora-Monkey-Fist-Fire-Poi..jpg","datePublished":"2020-05-23T15:07:06+00:00","dateModified":"2024-12-08T07:54:46+00:00","description":"JG3569 - Gora Monkey Fist Fire Poi vendute al paio, questa modello ha l'impugnatura con il pomello in legno nero indicato per numeri con lanci!","breadcrumb":{"@id":"https:\/\/www.bazarbonino.com\/store\/prodotto\/jg3569-gora-monkey-fist-fire-poi\/#breadcrumb"},"inLanguage":"it-IT","potentialAction":[{"@type":"ReadAction","target":["https:\/\/www.bazarbonino.com\/store\/prodotto\/jg3569-gora-monkey-fist-fire-poi\/"]}]},{"@type":"ImageObject","inLanguage":"it-IT","@id":"https:\/\/www.bazarbonino.com\/store\/prodotto\/jg3569-gora-monkey-fist-fire-poi\/#primaryimage","url":"https:\/\/www.bazarbonino.com\/store\/wp-content\/uploads\/2020\/05\/JG3569-Gora-Monkey-Fist-Fire-Poi..jpg","contentUrl":"https:\/\/www.bazarbonino.com\/store\/wp-content\/uploads\/2020\/05\/JG3569-Gora-Monkey-Fist-Fire-Poi..jpg","width":1000,"height":1000,"caption":"JG3569 - Gora Monkey Fist Fire Poi"},{"@type":"BreadcrumbList","@id":"https:\/\/www.bazarbonino.com\/store\/prodotto\/jg3569-gora-monkey-fist-fire-poi\/#breadcrumb","itemListElement":[{"@type":"ListItem","position":1,"name":"Home","item":"https:\/\/www.bazarbonino.com\/store\/"},{"@type":"ListItem","position":2,"name":"Catalogo","item":"https:\/\/www.bazarbonino.com\/store\/shop\/"},{"@type":"ListItem","position":3,"name":"JG3569 &#8211; Gora Monkey Fist Fire Poi"}]},{"@type":"WebSite","@id":"https:\/\/www.bazarbonino.com\/store\/#website","url":"https:\/\/www.bazarbonino.com\/store\/","name":"BazarBonino","description":"","potentialAction":[{"@type":"SearchAction","target":{"@type":"EntryPoint","urlTemplate":"https:\/\/www.bazarbonino.com\/store\/?s={search_term_string}"},"query-input":{"@type":"PropertyValueSpecification","valueRequired":true,"valueName":"search_term_string"}}],"inLanguage":"it-IT"}]}},"_links":{"self":[{"href":"https:\/\/www.bazarbonino.com\/store\/wp-json\/wp\/v2\/product\/15814","targetHints":{"allow":["GET"]}}],"collection":[{"href":"https:\/\/www.bazarbonino.com\/store\/wp-json\/wp\/v2\/product"}],"about":[{"href":"https:\/\/www.bazarbonino.com\/store\/wp-json\/wp\/v2\/types\/product"}],"replies":[{"embeddable":true,"href":"https:\/\/www.bazarbonino.com\/store\/wp-json\/wp\/v2\/comments?post=15814"}],"wp:featuredmedia":[{"embeddable":true,"href":"https:\/\/www.bazarbonino.com\/store\/wp-json\/wp\/v2\/media\/15823"}],"wp:attachment":[{"href":"https:\/\/www.bazarbonino.com\/store\/wp-json\/wp\/v2\/media?parent=15814"}],"wp:term":[{"taxonomy":"product_brand","embeddable":true,"href":"https:\/\/www.bazarbonino.com\/store\/wp-json\/wp\/v2\/product_brand?post=15814"},{"taxonomy":"product_cat","embeddable":true,"href":"https:\/\/www.bazarbonino.com\/store\/wp-json\/wp\/v2\/product_cat?post=15814"},{"taxonomy":"product_tag","embeddable":true,"href":"https:\/\/www.bazarbonino.com\/store\/wp-json\/wp\/v2\/product_tag?post=15814"}],"curies":[{"name":"wp","href":"https:\/\/api.w.org\/{rel}","templated":true}]}}