{"id":11311,"date":"2018-01-07T14:41:47","date_gmt":"2018-01-07T13:41:47","guid":{"rendered":"http:\/\/www.bazarbonino.com\/store\/?post_type=product&#038;p=11311"},"modified":"2025-11-11T12:11:19","modified_gmt":"2025-11-11T11:11:19","slug":"jg3970v-gora-spada-di-fuoco-vulcano-fire-vulcane-sword","status":"publish","type":"product","link":"https:\/\/www.bazarbonino.com\/store\/prodotto\/jg3970v-gora-spada-di-fuoco-vulcano-fire-vulcane-sword\/","title":{"rendered":"JG3970V &#8211; GORA SPADA DI FUOCO VULCANO &#8220;FIRE VULCANE SWORD&#8221;"},"content":{"rendered":"<h6>GORA FIRE VULCANE SWORD<\/h6>\n<p class=\"articoli\">Anche in questa occasione col la GORA SPADA DI FUOCO VULCANO &#8220;FIRE VULCANE SWORD&#8221; il genio di Gora ha saputo fondere tra di loro il\u00a0 bastone sputafuoco Vul-Cane con la spada di fuoco. Ne \u00e8 venuto fuori questo fantastico attrezzo! <span class=\"HwtZe\" lang=\"it\"><span class=\"jCAhz ChMk0b\"><span class=\"ryNqvb\">La spada vuota e asciutta pesa 427 g<\/span><\/span><\/span>r.<\/p>\n<p class=\"articoli\"><span class=\"HwtZe\" lang=\"it\"> <span class=\"jCAhz ChMk0b\"><span class=\"ryNqvb\">Per l&#8217;utilizzo come prima cosa devi applicare il <a href=\"https:\/\/www.bazarbonino.com\/store\/prodotto\/jg3825-lycopodium-spore-100-gr\/\">Lycopodium<\/a> all&#8217;interno della lama della spada con l&#8217;aiuto di un imbuto, poi puoi applicare la paraffina con una siringa.<\/span><\/span> <span class=\"jCAhz ChMk0b\"><span class=\"ryNqvb\">Devi assicurarti che non ci sia eccesso di carburante che gocciola vicino alla punta della lama, altrimenti il Lycopodium si bagner\u00e0 e si trasformer\u00e0 in fango.<\/span><\/span> <span class=\"jCAhz ChMk0b\"><span class=\"ryNqvb\">Dal momento in cui inserisci il Lycopodium nella lama devi tenere la Spada rivolta verso l&#8217;alto.<\/span><\/span> <span class=\"jCAhz ChMk0b\"><span class=\"ryNqvb\">Accendi la spada, quindi assicurati che non ci siano persone o materiale infiammabile in un diametro di circa 6 metri.<\/span><\/span> <span class=\"jCAhz ChMk0b\"><span class=\"ryNqvb\">Se lo spazio \u00e8 sicuro, puoi iniziare a far oscillare la spada.<\/span><\/span> <span class=\"jCAhz ChMk0b\"><span class=\"ryNqvb\">La forza centrifuga far\u00e0 emergere la polvere che si accender\u00e0 al contatto con la testa e produrr\u00e0 un enorme effetto fiamma.<\/span><\/span><\/span><\/p>\n<p class=\"articoli\">Per spettacoli sempre pi\u00f9 sorprendenti: un cerchio di fuoco indescrivibile nelle rotazioni, fantastica!<\/p>\n<p>Lunghezza totale cm. 90; lama infuocata cm. 60; manico cm. 30<\/p>\n<p><span class=\"HwtZe\" lang=\"it\"><span class=\"jCAhz ChMk0b\"><span class=\"ryNqvb\"><strong>Raccomandazioni per l\u2019uso:<\/strong><\/span><\/span> <\/span><\/p>\n<p><span class=\"HwtZe\" lang=\"it\"><span class=\"jCAhz ChMk0b\"><span class=\"ryNqvb\">Questo attrezzo \u00e8 per artisti di fuoco avanzati<\/span><\/span> <\/span><\/p>\n<p><span class=\"HwtZe\" lang=\"it\"><span class=\"jCAhz ChMk0b\"><span class=\"ryNqvb\">Usalo con attenzione, non usarlo con il vento.<\/span><\/span><\/span><\/p>\n<p><span class=\"HwtZe\" lang=\"it\"><span class=\"jCAhz ChMk0b\"><span class=\"ryNqvb\">Non inalare durante l&#8217;esplosione, perch\u00e9 potresti inalare la polvere in fiamme.<\/span><\/span><\/span><\/p>\n<p><span class=\"HwtZe\" lang=\"it\"><span class=\"jCAhz ChMk0b\"><span class=\"ryNqvb\">Non colpitevi l\u2019un l\u2019altro, solo ballate, lanciate o imitate il combattimento.<\/span><\/span><\/span><\/p>\n<p><span class=\"HwtZe\" lang=\"it\"><span class=\"jCAhz ChMk0b\"><span class=\"ryNqvb\">Non tenere le spade continuamente rivolte verso il basso.<\/span><\/span> <span class=\"jCAhz ChMk0b\"><span class=\"ryNqvb\">Non metterla a terra mentre brucia.<\/span><\/span> <\/span><\/p>\n<p><span class=\"HwtZe\" lang=\"it\"><span class=\"jCAhz ChMk0b\"><span class=\"ryNqvb\">Utilizzare liquidi a basso livello di calore come paraffina, olio per lampade o olio per barbecue.<\/span><\/span> <span class=\"jCAhz ChMk0b\"><span class=\"ryNqvb\">Non usare spirito bianco o benzene.<\/span><\/span><\/span><\/p>\n","protected":false},"excerpt":{"rendered":"<p>ESAURITO IN ARRIVO A BREVE<\/p>\n<p>PRENOTATE L&#8217;ARTICOLO<\/p>\n","protected":false},"featured_media":18771,"comment_status":"closed","ping_status":"closed","template":"","meta":{"_et_pb_use_builder":"","_et_pb_old_content":"","_et_gb_content_width":""},"product_brand":[],"product_cat":[48,42],"product_tag":[315,317,316],"class_list":{"0":"post-11311","1":"product","2":"type-product","3":"status-publish","4":"has-post-thumbnail","6":"product_cat-attrezzi-infuocati-vari-danza-costumi","7":"product_cat-torce-e-swinging","8":"product_tag-attrezzi-infuocati-gora","9":"product_tag-negozio-on-line-articoli-gora-di-fuoco","10":"product_tag-rivenditore-ufficiale-per-litalia-bazar-bonino","12":"first","13":"instock","14":"sale","15":"taxable","16":"shipping-taxable","17":"purchasable","18":"product-type-simple"},"yoast_head":"<!-- This site is optimized with the Yoast SEO plugin v27.4 - https:\/\/yoast.com\/product\/yoast-seo-wordpress\/ -->\n<title>JG3970V - GORA SPADA DI FUOCO VULCANO &quot;FIRE VULCANE SWORD&quot; - BazarBonino<\/title>\n<meta name=\"description\" content=\"Anche in questa occasione col la GORA SPADA DI FUOCO VULCANO &quot;FIRE VULCANE SWORD&quot; il genio di Gora ha fuso tra di loro il Vul-Cane con la spada di fuoco!\" \/>\n<meta name=\"robots\" content=\"index, follow, max-snippet:-1, max-image-preview:large, max-video-preview:-1\" \/>\n<link rel=\"canonical\" href=\"https:\/\/www.bazarbonino.com\/store\/prodotto\/jg3970v-gora-spada-di-fuoco-vulcano-fire-vulcane-sword\/\" \/>\n<meta property=\"og:locale\" content=\"it_IT\" \/>\n<meta property=\"og:type\" content=\"article\" \/>\n<meta property=\"og:title\" content=\"JG3970V - GORA SPADA DI FUOCO VULCANO &quot;FIRE VULCANE SWORD&quot; - BazarBonino\" \/>\n<meta property=\"og:description\" content=\"Anche in questa occasione col la GORA SPADA DI FUOCO VULCANO &quot;FIRE VULCANE SWORD&quot; il genio di Gora ha fuso tra di loro il Vul-Cane con la spada di fuoco!\" \/>\n<meta property=\"og:url\" content=\"https:\/\/www.bazarbonino.com\/store\/prodotto\/jg3970v-gora-spada-di-fuoco-vulcano-fire-vulcane-sword\/\" \/>\n<meta property=\"og:site_name\" content=\"BazarBonino\" \/>\n<meta property=\"article:publisher\" content=\"https:\/\/www.facebook.com\/bazar.bonino\" \/>\n<meta property=\"article:modified_time\" content=\"2025-11-11T11:11:19+00:00\" \/>\n<meta property=\"og:image\" content=\"https:\/\/www.bazarbonino.com\/store\/wp-content\/uploads\/2018\/01\/JG3970V-GORA-SPADA-DI-FUOCO-VULCANO-FIRE-VULCANE-SWORD-2.jpg\" \/>\n\t<meta property=\"og:image:width\" content=\"1000\" \/>\n\t<meta property=\"og:image:height\" content=\"500\" \/>\n\t<meta property=\"og:image:type\" content=\"image\/jpeg\" \/>\n<meta name=\"twitter:card\" content=\"summary_large_image\" \/>\n<meta name=\"twitter:label1\" content=\"Tempo di lettura stimato\" \/>\n\t<meta name=\"twitter:data1\" content=\"1 minuto\" \/>\n<script type=\"application\/ld+json\" class=\"yoast-schema-graph\">{\"@context\":\"https:\\\/\\\/schema.org\",\"@graph\":[{\"@type\":\"WebPage\",\"@id\":\"https:\\\/\\\/www.bazarbonino.com\\\/store\\\/prodotto\\\/jg3970v-gora-spada-di-fuoco-vulcano-fire-vulcane-sword\\\/\",\"url\":\"https:\\\/\\\/www.bazarbonino.com\\\/store\\\/prodotto\\\/jg3970v-gora-spada-di-fuoco-vulcano-fire-vulcane-sword\\\/\",\"name\":\"JG3970V - GORA SPADA DI FUOCO VULCANO \\\"FIRE VULCANE SWORD\\\" - BazarBonino\",\"isPartOf\":{\"@id\":\"https:\\\/\\\/www.bazarbonino.com\\\/store\\\/#website\"},\"primaryImageOfPage\":{\"@id\":\"https:\\\/\\\/www.bazarbonino.com\\\/store\\\/prodotto\\\/jg3970v-gora-spada-di-fuoco-vulcano-fire-vulcane-sword\\\/#primaryimage\"},\"image\":{\"@id\":\"https:\\\/\\\/www.bazarbonino.com\\\/store\\\/prodotto\\\/jg3970v-gora-spada-di-fuoco-vulcano-fire-vulcane-sword\\\/#primaryimage\"},\"thumbnailUrl\":\"https:\\\/\\\/www.bazarbonino.com\\\/store\\\/wp-content\\\/uploads\\\/2018\\\/01\\\/JG3970V-GORA-SPADA-DI-FUOCO-VULCANO-FIRE-VULCANE-SWORD-2.jpg\",\"datePublished\":\"2018-01-07T13:41:47+00:00\",\"dateModified\":\"2025-11-11T11:11:19+00:00\",\"description\":\"Anche in questa occasione col la GORA SPADA DI FUOCO VULCANO \\\"FIRE VULCANE SWORD\\\" il genio di Gora ha fuso tra di loro il Vul-Cane con la spada di fuoco!\",\"breadcrumb\":{\"@id\":\"https:\\\/\\\/www.bazarbonino.com\\\/store\\\/prodotto\\\/jg3970v-gora-spada-di-fuoco-vulcano-fire-vulcane-sword\\\/#breadcrumb\"},\"inLanguage\":\"it-IT\",\"potentialAction\":[{\"@type\":\"ReadAction\",\"target\":[\"https:\\\/\\\/www.bazarbonino.com\\\/store\\\/prodotto\\\/jg3970v-gora-spada-di-fuoco-vulcano-fire-vulcane-sword\\\/\"]}]},{\"@type\":\"ImageObject\",\"inLanguage\":\"it-IT\",\"@id\":\"https:\\\/\\\/www.bazarbonino.com\\\/store\\\/prodotto\\\/jg3970v-gora-spada-di-fuoco-vulcano-fire-vulcane-sword\\\/#primaryimage\",\"url\":\"https:\\\/\\\/www.bazarbonino.com\\\/store\\\/wp-content\\\/uploads\\\/2018\\\/01\\\/JG3970V-GORA-SPADA-DI-FUOCO-VULCANO-FIRE-VULCANE-SWORD-2.jpg\",\"contentUrl\":\"https:\\\/\\\/www.bazarbonino.com\\\/store\\\/wp-content\\\/uploads\\\/2018\\\/01\\\/JG3970V-GORA-SPADA-DI-FUOCO-VULCANO-FIRE-VULCANE-SWORD-2.jpg\",\"width\":1000,\"height\":500,\"caption\":\"JG3970V - GORA SPADA DI FUOCO VULCANO \\\"FIRE VULCANE SWORD\\\"\"},{\"@type\":\"BreadcrumbList\",\"@id\":\"https:\\\/\\\/www.bazarbonino.com\\\/store\\\/prodotto\\\/jg3970v-gora-spada-di-fuoco-vulcano-fire-vulcane-sword\\\/#breadcrumb\",\"itemListElement\":[{\"@type\":\"ListItem\",\"position\":1,\"name\":\"Home\",\"item\":\"https:\\\/\\\/www.bazarbonino.com\\\/store\\\/\"},{\"@type\":\"ListItem\",\"position\":2,\"name\":\"Catalogo\",\"item\":\"https:\\\/\\\/www.bazarbonino.com\\\/store\\\/shop\\\/\"},{\"@type\":\"ListItem\",\"position\":3,\"name\":\"JG3970V &#8211; GORA SPADA DI FUOCO VULCANO &#8220;FIRE VULCANE SWORD&#8221;\"}]},{\"@type\":\"WebSite\",\"@id\":\"https:\\\/\\\/www.bazarbonino.com\\\/store\\\/#website\",\"url\":\"https:\\\/\\\/www.bazarbonino.com\\\/store\\\/\",\"name\":\"BazarBonino\",\"description\":\"\",\"potentialAction\":[{\"@type\":\"SearchAction\",\"target\":{\"@type\":\"EntryPoint\",\"urlTemplate\":\"https:\\\/\\\/www.bazarbonino.com\\\/store\\\/?s={search_term_string}\"},\"query-input\":{\"@type\":\"PropertyValueSpecification\",\"valueRequired\":true,\"valueName\":\"search_term_string\"}}],\"inLanguage\":\"it-IT\"}]}<\/script>\n<!-- \/ Yoast SEO plugin. -->","yoast_head_json":{"title":"JG3970V - GORA SPADA DI FUOCO VULCANO \"FIRE VULCANE SWORD\" - BazarBonino","description":"Anche in questa occasione col la GORA SPADA DI FUOCO VULCANO \"FIRE VULCANE SWORD\" il genio di Gora ha fuso tra di loro il Vul-Cane con la spada di fuoco!","robots":{"index":"index","follow":"follow","max-snippet":"max-snippet:-1","max-image-preview":"max-image-preview:large","max-video-preview":"max-video-preview:-1"},"canonical":"https:\/\/www.bazarbonino.com\/store\/prodotto\/jg3970v-gora-spada-di-fuoco-vulcano-fire-vulcane-sword\/","og_locale":"it_IT","og_type":"article","og_title":"JG3970V - GORA SPADA DI FUOCO VULCANO \"FIRE VULCANE SWORD\" - BazarBonino","og_description":"Anche in questa occasione col la GORA SPADA DI FUOCO VULCANO \"FIRE VULCANE SWORD\" il genio di Gora ha fuso tra di loro il Vul-Cane con la spada di fuoco!","og_url":"https:\/\/www.bazarbonino.com\/store\/prodotto\/jg3970v-gora-spada-di-fuoco-vulcano-fire-vulcane-sword\/","og_site_name":"BazarBonino","article_publisher":"https:\/\/www.facebook.com\/bazar.bonino","article_modified_time":"2025-11-11T11:11:19+00:00","og_image":[{"width":1000,"height":500,"url":"https:\/\/www.bazarbonino.com\/store\/wp-content\/uploads\/2018\/01\/JG3970V-GORA-SPADA-DI-FUOCO-VULCANO-FIRE-VULCANE-SWORD-2.jpg","type":"image\/jpeg"}],"twitter_card":"summary_large_image","twitter_misc":{"Tempo di lettura stimato":"1 minuto"},"schema":{"@context":"https:\/\/schema.org","@graph":[{"@type":"WebPage","@id":"https:\/\/www.bazarbonino.com\/store\/prodotto\/jg3970v-gora-spada-di-fuoco-vulcano-fire-vulcane-sword\/","url":"https:\/\/www.bazarbonino.com\/store\/prodotto\/jg3970v-gora-spada-di-fuoco-vulcano-fire-vulcane-sword\/","name":"JG3970V - GORA SPADA DI FUOCO VULCANO \"FIRE VULCANE SWORD\" - BazarBonino","isPartOf":{"@id":"https:\/\/www.bazarbonino.com\/store\/#website"},"primaryImageOfPage":{"@id":"https:\/\/www.bazarbonino.com\/store\/prodotto\/jg3970v-gora-spada-di-fuoco-vulcano-fire-vulcane-sword\/#primaryimage"},"image":{"@id":"https:\/\/www.bazarbonino.com\/store\/prodotto\/jg3970v-gora-spada-di-fuoco-vulcano-fire-vulcane-sword\/#primaryimage"},"thumbnailUrl":"https:\/\/www.bazarbonino.com\/store\/wp-content\/uploads\/2018\/01\/JG3970V-GORA-SPADA-DI-FUOCO-VULCANO-FIRE-VULCANE-SWORD-2.jpg","datePublished":"2018-01-07T13:41:47+00:00","dateModified":"2025-11-11T11:11:19+00:00","description":"Anche in questa occasione col la GORA SPADA DI FUOCO VULCANO \"FIRE VULCANE SWORD\" il genio di Gora ha fuso tra di loro il Vul-Cane con la spada di fuoco!","breadcrumb":{"@id":"https:\/\/www.bazarbonino.com\/store\/prodotto\/jg3970v-gora-spada-di-fuoco-vulcano-fire-vulcane-sword\/#breadcrumb"},"inLanguage":"it-IT","potentialAction":[{"@type":"ReadAction","target":["https:\/\/www.bazarbonino.com\/store\/prodotto\/jg3970v-gora-spada-di-fuoco-vulcano-fire-vulcane-sword\/"]}]},{"@type":"ImageObject","inLanguage":"it-IT","@id":"https:\/\/www.bazarbonino.com\/store\/prodotto\/jg3970v-gora-spada-di-fuoco-vulcano-fire-vulcane-sword\/#primaryimage","url":"https:\/\/www.bazarbonino.com\/store\/wp-content\/uploads\/2018\/01\/JG3970V-GORA-SPADA-DI-FUOCO-VULCANO-FIRE-VULCANE-SWORD-2.jpg","contentUrl":"https:\/\/www.bazarbonino.com\/store\/wp-content\/uploads\/2018\/01\/JG3970V-GORA-SPADA-DI-FUOCO-VULCANO-FIRE-VULCANE-SWORD-2.jpg","width":1000,"height":500,"caption":"JG3970V - GORA SPADA DI FUOCO VULCANO \"FIRE VULCANE SWORD\""},{"@type":"BreadcrumbList","@id":"https:\/\/www.bazarbonino.com\/store\/prodotto\/jg3970v-gora-spada-di-fuoco-vulcano-fire-vulcane-sword\/#breadcrumb","itemListElement":[{"@type":"ListItem","position":1,"name":"Home","item":"https:\/\/www.bazarbonino.com\/store\/"},{"@type":"ListItem","position":2,"name":"Catalogo","item":"https:\/\/www.bazarbonino.com\/store\/shop\/"},{"@type":"ListItem","position":3,"name":"JG3970V &#8211; GORA SPADA DI FUOCO VULCANO &#8220;FIRE VULCANE SWORD&#8221;"}]},{"@type":"WebSite","@id":"https:\/\/www.bazarbonino.com\/store\/#website","url":"https:\/\/www.bazarbonino.com\/store\/","name":"BazarBonino","description":"","potentialAction":[{"@type":"SearchAction","target":{"@type":"EntryPoint","urlTemplate":"https:\/\/www.bazarbonino.com\/store\/?s={search_term_string}"},"query-input":{"@type":"PropertyValueSpecification","valueRequired":true,"valueName":"search_term_string"}}],"inLanguage":"it-IT"}]}},"_links":{"self":[{"href":"https:\/\/www.bazarbonino.com\/store\/wp-json\/wp\/v2\/product\/11311","targetHints":{"allow":["GET"]}}],"collection":[{"href":"https:\/\/www.bazarbonino.com\/store\/wp-json\/wp\/v2\/product"}],"about":[{"href":"https:\/\/www.bazarbonino.com\/store\/wp-json\/wp\/v2\/types\/product"}],"replies":[{"embeddable":true,"href":"https:\/\/www.bazarbonino.com\/store\/wp-json\/wp\/v2\/comments?post=11311"}],"wp:featuredmedia":[{"embeddable":true,"href":"https:\/\/www.bazarbonino.com\/store\/wp-json\/wp\/v2\/media\/18771"}],"wp:attachment":[{"href":"https:\/\/www.bazarbonino.com\/store\/wp-json\/wp\/v2\/media?parent=11311"}],"wp:term":[{"taxonomy":"product_brand","embeddable":true,"href":"https:\/\/www.bazarbonino.com\/store\/wp-json\/wp\/v2\/product_brand?post=11311"},{"taxonomy":"product_cat","embeddable":true,"href":"https:\/\/www.bazarbonino.com\/store\/wp-json\/wp\/v2\/product_cat?post=11311"},{"taxonomy":"product_tag","embeddable":true,"href":"https:\/\/www.bazarbonino.com\/store\/wp-json\/wp\/v2\/product_tag?post=11311"}],"curies":[{"name":"wp","href":"https:\/\/api.w.org\/{rel}","templated":true}]}}