{"id":10637,"date":"2017-03-17T19:47:07","date_gmt":"2017-03-17T18:47:07","guid":{"rendered":"http:\/\/www.bazarbonino.com\/store\/?post_type=product&#038;p=10637"},"modified":"2022-05-03T09:05:03","modified_gmt":"2022-05-03T07:05:03","slug":"mv0250-mazzo-carte-mirage-v2-dawn-edition-by-patrick-kun","status":"publish","type":"product","link":"https:\/\/www.bazarbonino.com\/store\/prodotto\/mv0250-mazzo-carte-mirage-v2-dawn-edition-by-patrick-kun\/","title":{"rendered":"MV0250 &#8211; Mazzo Carte MIRAGE V2 DAWN EDITION BY PATRICK KUN"},"content":{"rendered":"<div id=\"stcpDiv\">\n<p>Questa nuova edizione del mazzo Mirage, implementa molte nuove funzionalit\u00e0 e modifiche al design che portano queste carte da gioco ad un nuovo livello!<\/p>\n<p>Prima di tutto, l&#8217;astuccio \u00e8 stato stampato con una lamina d&#8217;oro su un nuovo cartoncino. Questo d\u00e0 una lucentezza metallica quando la luce colpisce la scatola. Inchiostro oro champagne copre l&#8217;interno dell&#8217;astuccio che \u00e8 chiuso con il sigillo oro dentellato.<\/p>\n<p>L&#8217;emblema Mirage \u00e8 raffigurato con il nuovo colore cremisi, che completa perfettamente questa edizione. Le figure sono completamente personalizzate da Tomas Hlavaty. Vedrete i vostri maghi preferiti in faccia, come Laura London, Calen Morelli, Eric Jones e naturalmente Patrick Kun!<\/p>\n<p>Una caratteristica segreta \u00e8 stata aggiunta a questa edizione delle carte da gioco Mirage. Sono contrassegnate! C&#8217;\u00e8 un link segreto con una password nascosta da qualche parte nell&#8217;astuccio che rivela tutto (in inglese). Era veramente imporante che questo sistema di marcatura fosse il pi\u00f9 pratico possibile&#8230; e non deluder\u00e0!<\/p>\n<p>&#8211; L&#8217;illusione ottica presente sul dorso \u00e8 stata appositamente progettata sia per la magia che per la cardistry.<\/p>\n<p>&#8211; Figure completamente personalizzate da Tomas Hlavaty.<\/p>\n<p>&#8211; Il mazzo \u00e8 ordinato in base a Mnemonica di Juan Tamariz.<\/p>\n<p>&#8211; Sistema di marcatura segreto. Conoscerete le carte semplicemente guardando il dorso!<\/p>\n<p>Stampato dalla Legends Playing Card Company (LPCC), il mazzo Mirage \u00e8 realizzato con il classico cartoncino della LPCC, che dona una morbida sensazione cartacea e non richiede alcun periodo di rodaggio. Il taglio di queste carte produce bordi ultra lisci che scorrono senza sforzo dal basso verso l&#8217;alto. Con un rivestimento di seta e la qualit\u00e0 che ricorda le Bicycle #808 dei primi anni &#8217;90, Mirage \u00e8 perfetto per ogni appassionato. Le carte sono in formato poker.<\/p>\n<\/div>\n","protected":false},"excerpt":{"rendered":"<p>Questa nuova edizione del mazzo Mirage, implementa molte nuove funzionalit\u00e0 e modifiche al design che portano queste carte da gioco ad un nuovo livello! Prima di tutto, l&#8217;astuccio \u00e8 stato stampato con una lamina d&#8217;oro su un nuovo cartoncino. Questo d\u00e0 una lucentezza metallica quando la luce colpisce la scatola. Inchiostro oro champagne copre l&#8217;interno [&hellip;]<\/p>\n","protected":false},"featured_media":10659,"comment_status":"closed","ping_status":"closed","template":"","meta":{"_et_pb_use_builder":"","_et_pb_old_content":"","_et_gb_content_width":""},"product_brand":[],"product_cat":[1514],"product_tag":[1632],"class_list":{"0":"post-10637","1":"product","2":"type-product","3":"status-publish","4":"has-post-thumbnail","6":"product_cat-mazzi-di-carte-altre-marche","7":"product_tag-mazzo-carte-mirage-v2-dawn-edition-by-patrick-kun","9":"first","10":"outofstock","11":"taxable","12":"shipping-taxable","13":"purchasable","14":"product-type-simple"},"yoast_head":"<!-- This site is optimized with the Yoast SEO plugin v27.4 - https:\/\/yoast.com\/product\/yoast-seo-wordpress\/ -->\n<title>MV0250 - Mazzo Carte MIRAGE V2 DAWN EDITION BY PATRICK KUN - BazarBonino<\/title>\n<meta name=\"robots\" content=\"index, follow, max-snippet:-1, max-image-preview:large, max-video-preview:-1\" \/>\n<link rel=\"canonical\" href=\"https:\/\/www.bazarbonino.com\/store\/prodotto\/mv0250-mazzo-carte-mirage-v2-dawn-edition-by-patrick-kun\/\" \/>\n<meta property=\"og:locale\" content=\"it_IT\" \/>\n<meta property=\"og:type\" content=\"article\" \/>\n<meta property=\"og:title\" content=\"MV0250 - Mazzo Carte MIRAGE V2 DAWN EDITION BY PATRICK KUN - BazarBonino\" \/>\n<meta property=\"og:description\" content=\"Questa nuova edizione del mazzo Mirage, implementa molte nuove funzionalit\u00e0 e modifiche al design che portano queste carte da gioco ad un nuovo livello! Prima di tutto, l&#8217;astuccio \u00e8 stato stampato con una lamina d&#8217;oro su un nuovo cartoncino. Questo d\u00e0 una lucentezza metallica quando la luce colpisce la scatola. Inchiostro oro champagne copre l&#8217;interno [&hellip;]\" \/>\n<meta property=\"og:url\" content=\"https:\/\/www.bazarbonino.com\/store\/prodotto\/mv0250-mazzo-carte-mirage-v2-dawn-edition-by-patrick-kun\/\" \/>\n<meta property=\"og:site_name\" content=\"BazarBonino\" \/>\n<meta property=\"article:publisher\" content=\"https:\/\/www.facebook.com\/bazar.bonino\" \/>\n<meta property=\"article:modified_time\" content=\"2022-05-03T07:05:03+00:00\" \/>\n<meta property=\"og:image\" content=\"https:\/\/www.bazarbonino.com\/store\/wp-content\/uploads\/2017\/03\/MV0250-Mazzo-Carte-MIRAGE-V2-DAWN-EDITION-BY-PATRICK-KUN-1.jpg\" \/>\n\t<meta property=\"og:image:width\" content=\"800\" \/>\n\t<meta property=\"og:image:height\" content=\"600\" \/>\n\t<meta property=\"og:image:type\" content=\"image\/jpeg\" \/>\n<meta name=\"twitter:card\" content=\"summary_large_image\" \/>\n<meta name=\"twitter:label1\" content=\"Tempo di lettura stimato\" \/>\n\t<meta name=\"twitter:data1\" content=\"1 minuto\" \/>\n<script type=\"application\/ld+json\" class=\"yoast-schema-graph\">{\"@context\":\"https:\\\/\\\/schema.org\",\"@graph\":[{\"@type\":\"WebPage\",\"@id\":\"https:\\\/\\\/www.bazarbonino.com\\\/store\\\/prodotto\\\/mv0250-mazzo-carte-mirage-v2-dawn-edition-by-patrick-kun\\\/\",\"url\":\"https:\\\/\\\/www.bazarbonino.com\\\/store\\\/prodotto\\\/mv0250-mazzo-carte-mirage-v2-dawn-edition-by-patrick-kun\\\/\",\"name\":\"MV0250 - Mazzo Carte MIRAGE V2 DAWN EDITION BY PATRICK KUN - BazarBonino\",\"isPartOf\":{\"@id\":\"https:\\\/\\\/www.bazarbonino.com\\\/store\\\/#website\"},\"primaryImageOfPage\":{\"@id\":\"https:\\\/\\\/www.bazarbonino.com\\\/store\\\/prodotto\\\/mv0250-mazzo-carte-mirage-v2-dawn-edition-by-patrick-kun\\\/#primaryimage\"},\"image\":{\"@id\":\"https:\\\/\\\/www.bazarbonino.com\\\/store\\\/prodotto\\\/mv0250-mazzo-carte-mirage-v2-dawn-edition-by-patrick-kun\\\/#primaryimage\"},\"thumbnailUrl\":\"https:\\\/\\\/www.bazarbonino.com\\\/store\\\/wp-content\\\/uploads\\\/2017\\\/03\\\/MV0250-Mazzo-Carte-MIRAGE-V2-DAWN-EDITION-BY-PATRICK-KUN-1.jpg\",\"datePublished\":\"2017-03-17T18:47:07+00:00\",\"dateModified\":\"2022-05-03T07:05:03+00:00\",\"breadcrumb\":{\"@id\":\"https:\\\/\\\/www.bazarbonino.com\\\/store\\\/prodotto\\\/mv0250-mazzo-carte-mirage-v2-dawn-edition-by-patrick-kun\\\/#breadcrumb\"},\"inLanguage\":\"it-IT\",\"potentialAction\":[{\"@type\":\"ReadAction\",\"target\":[\"https:\\\/\\\/www.bazarbonino.com\\\/store\\\/prodotto\\\/mv0250-mazzo-carte-mirage-v2-dawn-edition-by-patrick-kun\\\/\"]}]},{\"@type\":\"ImageObject\",\"inLanguage\":\"it-IT\",\"@id\":\"https:\\\/\\\/www.bazarbonino.com\\\/store\\\/prodotto\\\/mv0250-mazzo-carte-mirage-v2-dawn-edition-by-patrick-kun\\\/#primaryimage\",\"url\":\"https:\\\/\\\/www.bazarbonino.com\\\/store\\\/wp-content\\\/uploads\\\/2017\\\/03\\\/MV0250-Mazzo-Carte-MIRAGE-V2-DAWN-EDITION-BY-PATRICK-KUN-1.jpg\",\"contentUrl\":\"https:\\\/\\\/www.bazarbonino.com\\\/store\\\/wp-content\\\/uploads\\\/2017\\\/03\\\/MV0250-Mazzo-Carte-MIRAGE-V2-DAWN-EDITION-BY-PATRICK-KUN-1.jpg\",\"width\":800,\"height\":600,\"caption\":\"MV0250 - Mazzo Carte MIRAGE V2 DAWN EDITION BY PATRICK KUN\"},{\"@type\":\"BreadcrumbList\",\"@id\":\"https:\\\/\\\/www.bazarbonino.com\\\/store\\\/prodotto\\\/mv0250-mazzo-carte-mirage-v2-dawn-edition-by-patrick-kun\\\/#breadcrumb\",\"itemListElement\":[{\"@type\":\"ListItem\",\"position\":1,\"name\":\"Home\",\"item\":\"https:\\\/\\\/www.bazarbonino.com\\\/store\\\/\"},{\"@type\":\"ListItem\",\"position\":2,\"name\":\"Catalogo\",\"item\":\"https:\\\/\\\/www.bazarbonino.com\\\/store\\\/shop\\\/\"},{\"@type\":\"ListItem\",\"position\":3,\"name\":\"MV0250 &#8211; Mazzo Carte MIRAGE V2 DAWN EDITION BY PATRICK KUN\"}]},{\"@type\":\"WebSite\",\"@id\":\"https:\\\/\\\/www.bazarbonino.com\\\/store\\\/#website\",\"url\":\"https:\\\/\\\/www.bazarbonino.com\\\/store\\\/\",\"name\":\"BazarBonino\",\"description\":\"\",\"potentialAction\":[{\"@type\":\"SearchAction\",\"target\":{\"@type\":\"EntryPoint\",\"urlTemplate\":\"https:\\\/\\\/www.bazarbonino.com\\\/store\\\/?s={search_term_string}\"},\"query-input\":{\"@type\":\"PropertyValueSpecification\",\"valueRequired\":true,\"valueName\":\"search_term_string\"}}],\"inLanguage\":\"it-IT\"}]}<\/script>\n<!-- \/ Yoast SEO plugin. -->","yoast_head_json":{"title":"MV0250 - Mazzo Carte MIRAGE V2 DAWN EDITION BY PATRICK KUN - BazarBonino","robots":{"index":"index","follow":"follow","max-snippet":"max-snippet:-1","max-image-preview":"max-image-preview:large","max-video-preview":"max-video-preview:-1"},"canonical":"https:\/\/www.bazarbonino.com\/store\/prodotto\/mv0250-mazzo-carte-mirage-v2-dawn-edition-by-patrick-kun\/","og_locale":"it_IT","og_type":"article","og_title":"MV0250 - Mazzo Carte MIRAGE V2 DAWN EDITION BY PATRICK KUN - BazarBonino","og_description":"Questa nuova edizione del mazzo Mirage, implementa molte nuove funzionalit\u00e0 e modifiche al design che portano queste carte da gioco ad un nuovo livello! Prima di tutto, l&#8217;astuccio \u00e8 stato stampato con una lamina d&#8217;oro su un nuovo cartoncino. Questo d\u00e0 una lucentezza metallica quando la luce colpisce la scatola. Inchiostro oro champagne copre l&#8217;interno [&hellip;]","og_url":"https:\/\/www.bazarbonino.com\/store\/prodotto\/mv0250-mazzo-carte-mirage-v2-dawn-edition-by-patrick-kun\/","og_site_name":"BazarBonino","article_publisher":"https:\/\/www.facebook.com\/bazar.bonino","article_modified_time":"2022-05-03T07:05:03+00:00","og_image":[{"width":800,"height":600,"url":"https:\/\/www.bazarbonino.com\/store\/wp-content\/uploads\/2017\/03\/MV0250-Mazzo-Carte-MIRAGE-V2-DAWN-EDITION-BY-PATRICK-KUN-1.jpg","type":"image\/jpeg"}],"twitter_card":"summary_large_image","twitter_misc":{"Tempo di lettura stimato":"1 minuto"},"schema":{"@context":"https:\/\/schema.org","@graph":[{"@type":"WebPage","@id":"https:\/\/www.bazarbonino.com\/store\/prodotto\/mv0250-mazzo-carte-mirage-v2-dawn-edition-by-patrick-kun\/","url":"https:\/\/www.bazarbonino.com\/store\/prodotto\/mv0250-mazzo-carte-mirage-v2-dawn-edition-by-patrick-kun\/","name":"MV0250 - Mazzo Carte MIRAGE V2 DAWN EDITION BY PATRICK KUN - BazarBonino","isPartOf":{"@id":"https:\/\/www.bazarbonino.com\/store\/#website"},"primaryImageOfPage":{"@id":"https:\/\/www.bazarbonino.com\/store\/prodotto\/mv0250-mazzo-carte-mirage-v2-dawn-edition-by-patrick-kun\/#primaryimage"},"image":{"@id":"https:\/\/www.bazarbonino.com\/store\/prodotto\/mv0250-mazzo-carte-mirage-v2-dawn-edition-by-patrick-kun\/#primaryimage"},"thumbnailUrl":"https:\/\/www.bazarbonino.com\/store\/wp-content\/uploads\/2017\/03\/MV0250-Mazzo-Carte-MIRAGE-V2-DAWN-EDITION-BY-PATRICK-KUN-1.jpg","datePublished":"2017-03-17T18:47:07+00:00","dateModified":"2022-05-03T07:05:03+00:00","breadcrumb":{"@id":"https:\/\/www.bazarbonino.com\/store\/prodotto\/mv0250-mazzo-carte-mirage-v2-dawn-edition-by-patrick-kun\/#breadcrumb"},"inLanguage":"it-IT","potentialAction":[{"@type":"ReadAction","target":["https:\/\/www.bazarbonino.com\/store\/prodotto\/mv0250-mazzo-carte-mirage-v2-dawn-edition-by-patrick-kun\/"]}]},{"@type":"ImageObject","inLanguage":"it-IT","@id":"https:\/\/www.bazarbonino.com\/store\/prodotto\/mv0250-mazzo-carte-mirage-v2-dawn-edition-by-patrick-kun\/#primaryimage","url":"https:\/\/www.bazarbonino.com\/store\/wp-content\/uploads\/2017\/03\/MV0250-Mazzo-Carte-MIRAGE-V2-DAWN-EDITION-BY-PATRICK-KUN-1.jpg","contentUrl":"https:\/\/www.bazarbonino.com\/store\/wp-content\/uploads\/2017\/03\/MV0250-Mazzo-Carte-MIRAGE-V2-DAWN-EDITION-BY-PATRICK-KUN-1.jpg","width":800,"height":600,"caption":"MV0250 - Mazzo Carte MIRAGE V2 DAWN EDITION BY PATRICK KUN"},{"@type":"BreadcrumbList","@id":"https:\/\/www.bazarbonino.com\/store\/prodotto\/mv0250-mazzo-carte-mirage-v2-dawn-edition-by-patrick-kun\/#breadcrumb","itemListElement":[{"@type":"ListItem","position":1,"name":"Home","item":"https:\/\/www.bazarbonino.com\/store\/"},{"@type":"ListItem","position":2,"name":"Catalogo","item":"https:\/\/www.bazarbonino.com\/store\/shop\/"},{"@type":"ListItem","position":3,"name":"MV0250 &#8211; Mazzo Carte MIRAGE V2 DAWN EDITION BY PATRICK KUN"}]},{"@type":"WebSite","@id":"https:\/\/www.bazarbonino.com\/store\/#website","url":"https:\/\/www.bazarbonino.com\/store\/","name":"BazarBonino","description":"","potentialAction":[{"@type":"SearchAction","target":{"@type":"EntryPoint","urlTemplate":"https:\/\/www.bazarbonino.com\/store\/?s={search_term_string}"},"query-input":{"@type":"PropertyValueSpecification","valueRequired":true,"valueName":"search_term_string"}}],"inLanguage":"it-IT"}]}},"_links":{"self":[{"href":"https:\/\/www.bazarbonino.com\/store\/wp-json\/wp\/v2\/product\/10637","targetHints":{"allow":["GET"]}}],"collection":[{"href":"https:\/\/www.bazarbonino.com\/store\/wp-json\/wp\/v2\/product"}],"about":[{"href":"https:\/\/www.bazarbonino.com\/store\/wp-json\/wp\/v2\/types\/product"}],"replies":[{"embeddable":true,"href":"https:\/\/www.bazarbonino.com\/store\/wp-json\/wp\/v2\/comments?post=10637"}],"wp:featuredmedia":[{"embeddable":true,"href":"https:\/\/www.bazarbonino.com\/store\/wp-json\/wp\/v2\/media\/10659"}],"wp:attachment":[{"href":"https:\/\/www.bazarbonino.com\/store\/wp-json\/wp\/v2\/media?parent=10637"}],"wp:term":[{"taxonomy":"product_brand","embeddable":true,"href":"https:\/\/www.bazarbonino.com\/store\/wp-json\/wp\/v2\/product_brand?post=10637"},{"taxonomy":"product_cat","embeddable":true,"href":"https:\/\/www.bazarbonino.com\/store\/wp-json\/wp\/v2\/product_cat?post=10637"},{"taxonomy":"product_tag","embeddable":true,"href":"https:\/\/www.bazarbonino.com\/store\/wp-json\/wp\/v2\/product_tag?post=10637"}],"curies":[{"name":"wp","href":"https:\/\/api.w.org\/{rel}","templated":true}]}}