{"id":1054,"date":"2013-01-01T23:32:43","date_gmt":"2013-01-01T22:32:43","guid":{"rendered":"http:\/\/www.bazarbonino.com\/store\/?wpsc-product=jg2620-bacchetta-in-plastica"},"modified":"2020-09-18T17:09:30","modified_gmt":"2020-09-18T15:09:30","slug":"jg2620-bacchetta-in-plastica","status":"publish","type":"product","link":"https:\/\/www.bazarbonino.com\/store\/prodotto\/jg2620-bacchetta-in-plastica\/","title":{"rendered":"JG2620 &#8211; BACCHETTA IN PLASTICA"},"content":{"rendered":"<p class=\"articoli\">BACCHETTA IN PLASTICA per piatto cinese, lunghezza cm. 42, peso 10 gr. Questo modello in plastica \u00e8 consigliato nel suo utilizzo da parte dei bambini perch\u00e8 essendopi\u00f9 elastica \u00e8 meno pericolosa ma fate sempre attenzione agli occhi. Disponibile nella versione intera o smontabile, pi\u00f9 pratica per il trasporto.<\/p>\n","protected":false},"excerpt":{"rendered":"<p>BACCHETTA IN PLASTICA per piatto cinese, lunghezza cm. 42, peso 10 gr. Questo modello in plastica \u00e8 consigliato nel suo utilizzo da parte dei bambini perch\u00e8 essendopi\u00f9 elastica \u00e8 meno pericolosa ma fate sempre attenzione agli occhi. Disponibile nella versione intera o smontabile, pi\u00f9 pratica per il trasporto.<\/p>\n","protected":false},"featured_media":16158,"comment_status":"closed","ping_status":"closed","template":"","meta":{"_et_pb_use_builder":"","_et_pb_old_content":"","_et_gb_content_width":""},"product_brand":[],"product_cat":[31],"product_tag":[271,218,270],"class_list":{"0":"post-1054","1":"product","2":"type-product","3":"status-publish","4":"has-post-thumbnail","6":"product_cat-piatti-cinesi","7":"product_tag-bacchette-per-piatto-cinese","8":"product_tag-negozio-on-line-bazar-bonino-torino","9":"product_tag-piatti-cinesi-per-giocolare-anche-fosforescenti","10":"pa_modello-intero","11":"pa_modello-smontabile","13":"first","14":"instock","15":"taxable","16":"shipping-taxable","17":"purchasable","18":"product-type-variable"},"yoast_head":"<!-- This site is optimized with the Yoast SEO plugin v27.4 - https:\/\/yoast.com\/product\/yoast-seo-wordpress\/ -->\n<title>JG2620 - BACCHETTA IN PLASTICA - BazarBonino<\/title>\n<meta name=\"description\" content=\"BACCHETTA IN PLASTICA per piatto cinese, lunghezza cm. 42, peso 10 gr. Questo modello in plastica \u00e8 consigliato per i pi\u00f9 piccoli!\" \/>\n<meta name=\"robots\" content=\"index, follow, max-snippet:-1, max-image-preview:large, max-video-preview:-1\" \/>\n<link rel=\"canonical\" href=\"https:\/\/www.bazarbonino.com\/store\/prodotto\/jg2620-bacchetta-in-plastica\/\" \/>\n<meta property=\"og:locale\" content=\"it_IT\" \/>\n<meta property=\"og:type\" content=\"article\" \/>\n<meta property=\"og:title\" content=\"JG2620 - BACCHETTA IN PLASTICA - BazarBonino\" \/>\n<meta property=\"og:description\" content=\"BACCHETTA IN PLASTICA per piatto cinese, lunghezza cm. 42, peso 10 gr. Questo modello in plastica \u00e8 consigliato per i pi\u00f9 piccoli!\" \/>\n<meta property=\"og:url\" content=\"https:\/\/www.bazarbonino.com\/store\/prodotto\/jg2620-bacchetta-in-plastica\/\" \/>\n<meta property=\"og:site_name\" content=\"BazarBonino\" \/>\n<meta property=\"article:publisher\" content=\"https:\/\/www.facebook.com\/bazar.bonino\" \/>\n<meta property=\"article:modified_time\" content=\"2020-09-18T15:09:30+00:00\" \/>\n<meta property=\"og:image\" content=\"https:\/\/www.bazarbonino.com\/store\/wp-content\/uploads\/2013\/01\/JG2620-BACCHETTA-IN-PLASTICA-1.jpg\" \/>\n\t<meta property=\"og:image:width\" content=\"277\" \/>\n\t<meta property=\"og:image:height\" content=\"235\" \/>\n\t<meta property=\"og:image:type\" content=\"image\/jpeg\" \/>\n<meta name=\"twitter:card\" content=\"summary_large_image\" \/>\n<script type=\"application\/ld+json\" class=\"yoast-schema-graph\">{\"@context\":\"https:\\\/\\\/schema.org\",\"@graph\":[{\"@type\":\"WebPage\",\"@id\":\"https:\\\/\\\/www.bazarbonino.com\\\/store\\\/prodotto\\\/jg2620-bacchetta-in-plastica\\\/\",\"url\":\"https:\\\/\\\/www.bazarbonino.com\\\/store\\\/prodotto\\\/jg2620-bacchetta-in-plastica\\\/\",\"name\":\"JG2620 - BACCHETTA IN PLASTICA - BazarBonino\",\"isPartOf\":{\"@id\":\"https:\\\/\\\/www.bazarbonino.com\\\/store\\\/#website\"},\"primaryImageOfPage\":{\"@id\":\"https:\\\/\\\/www.bazarbonino.com\\\/store\\\/prodotto\\\/jg2620-bacchetta-in-plastica\\\/#primaryimage\"},\"image\":{\"@id\":\"https:\\\/\\\/www.bazarbonino.com\\\/store\\\/prodotto\\\/jg2620-bacchetta-in-plastica\\\/#primaryimage\"},\"thumbnailUrl\":\"https:\\\/\\\/www.bazarbonino.com\\\/store\\\/wp-content\\\/uploads\\\/2013\\\/01\\\/JG2620-BACCHETTA-IN-PLASTICA-1.jpg\",\"datePublished\":\"2013-01-01T22:32:43+00:00\",\"dateModified\":\"2020-09-18T15:09:30+00:00\",\"description\":\"BACCHETTA IN PLASTICA per piatto cinese, lunghezza cm. 42, peso 10 gr. Questo modello in plastica \u00e8 consigliato per i pi\u00f9 piccoli!\",\"breadcrumb\":{\"@id\":\"https:\\\/\\\/www.bazarbonino.com\\\/store\\\/prodotto\\\/jg2620-bacchetta-in-plastica\\\/#breadcrumb\"},\"inLanguage\":\"it-IT\",\"potentialAction\":[{\"@type\":\"ReadAction\",\"target\":[\"https:\\\/\\\/www.bazarbonino.com\\\/store\\\/prodotto\\\/jg2620-bacchetta-in-plastica\\\/\"]}]},{\"@type\":\"ImageObject\",\"inLanguage\":\"it-IT\",\"@id\":\"https:\\\/\\\/www.bazarbonino.com\\\/store\\\/prodotto\\\/jg2620-bacchetta-in-plastica\\\/#primaryimage\",\"url\":\"https:\\\/\\\/www.bazarbonino.com\\\/store\\\/wp-content\\\/uploads\\\/2013\\\/01\\\/JG2620-BACCHETTA-IN-PLASTICA-1.jpg\",\"contentUrl\":\"https:\\\/\\\/www.bazarbonino.com\\\/store\\\/wp-content\\\/uploads\\\/2013\\\/01\\\/JG2620-BACCHETTA-IN-PLASTICA-1.jpg\",\"width\":277,\"height\":235,\"caption\":\"JG2620 - BACCHETTA IN PLASTICA\"},{\"@type\":\"BreadcrumbList\",\"@id\":\"https:\\\/\\\/www.bazarbonino.com\\\/store\\\/prodotto\\\/jg2620-bacchetta-in-plastica\\\/#breadcrumb\",\"itemListElement\":[{\"@type\":\"ListItem\",\"position\":1,\"name\":\"Home\",\"item\":\"https:\\\/\\\/www.bazarbonino.com\\\/store\\\/\"},{\"@type\":\"ListItem\",\"position\":2,\"name\":\"Catalogo\",\"item\":\"https:\\\/\\\/www.bazarbonino.com\\\/store\\\/shop\\\/\"},{\"@type\":\"ListItem\",\"position\":3,\"name\":\"JG2620 &#8211; BACCHETTA IN PLASTICA\"}]},{\"@type\":\"WebSite\",\"@id\":\"https:\\\/\\\/www.bazarbonino.com\\\/store\\\/#website\",\"url\":\"https:\\\/\\\/www.bazarbonino.com\\\/store\\\/\",\"name\":\"BazarBonino\",\"description\":\"\",\"potentialAction\":[{\"@type\":\"SearchAction\",\"target\":{\"@type\":\"EntryPoint\",\"urlTemplate\":\"https:\\\/\\\/www.bazarbonino.com\\\/store\\\/?s={search_term_string}\"},\"query-input\":{\"@type\":\"PropertyValueSpecification\",\"valueRequired\":true,\"valueName\":\"search_term_string\"}}],\"inLanguage\":\"it-IT\"}]}<\/script>\n<!-- \/ Yoast SEO plugin. -->","yoast_head_json":{"title":"JG2620 - BACCHETTA IN PLASTICA - BazarBonino","description":"BACCHETTA IN PLASTICA per piatto cinese, lunghezza cm. 42, peso 10 gr. Questo modello in plastica \u00e8 consigliato per i pi\u00f9 piccoli!","robots":{"index":"index","follow":"follow","max-snippet":"max-snippet:-1","max-image-preview":"max-image-preview:large","max-video-preview":"max-video-preview:-1"},"canonical":"https:\/\/www.bazarbonino.com\/store\/prodotto\/jg2620-bacchetta-in-plastica\/","og_locale":"it_IT","og_type":"article","og_title":"JG2620 - BACCHETTA IN PLASTICA - BazarBonino","og_description":"BACCHETTA IN PLASTICA per piatto cinese, lunghezza cm. 42, peso 10 gr. Questo modello in plastica \u00e8 consigliato per i pi\u00f9 piccoli!","og_url":"https:\/\/www.bazarbonino.com\/store\/prodotto\/jg2620-bacchetta-in-plastica\/","og_site_name":"BazarBonino","article_publisher":"https:\/\/www.facebook.com\/bazar.bonino","article_modified_time":"2020-09-18T15:09:30+00:00","og_image":[{"width":277,"height":235,"url":"https:\/\/www.bazarbonino.com\/store\/wp-content\/uploads\/2013\/01\/JG2620-BACCHETTA-IN-PLASTICA-1.jpg","type":"image\/jpeg"}],"twitter_card":"summary_large_image","schema":{"@context":"https:\/\/schema.org","@graph":[{"@type":"WebPage","@id":"https:\/\/www.bazarbonino.com\/store\/prodotto\/jg2620-bacchetta-in-plastica\/","url":"https:\/\/www.bazarbonino.com\/store\/prodotto\/jg2620-bacchetta-in-plastica\/","name":"JG2620 - BACCHETTA IN PLASTICA - BazarBonino","isPartOf":{"@id":"https:\/\/www.bazarbonino.com\/store\/#website"},"primaryImageOfPage":{"@id":"https:\/\/www.bazarbonino.com\/store\/prodotto\/jg2620-bacchetta-in-plastica\/#primaryimage"},"image":{"@id":"https:\/\/www.bazarbonino.com\/store\/prodotto\/jg2620-bacchetta-in-plastica\/#primaryimage"},"thumbnailUrl":"https:\/\/www.bazarbonino.com\/store\/wp-content\/uploads\/2013\/01\/JG2620-BACCHETTA-IN-PLASTICA-1.jpg","datePublished":"2013-01-01T22:32:43+00:00","dateModified":"2020-09-18T15:09:30+00:00","description":"BACCHETTA IN PLASTICA per piatto cinese, lunghezza cm. 42, peso 10 gr. Questo modello in plastica \u00e8 consigliato per i pi\u00f9 piccoli!","breadcrumb":{"@id":"https:\/\/www.bazarbonino.com\/store\/prodotto\/jg2620-bacchetta-in-plastica\/#breadcrumb"},"inLanguage":"it-IT","potentialAction":[{"@type":"ReadAction","target":["https:\/\/www.bazarbonino.com\/store\/prodotto\/jg2620-bacchetta-in-plastica\/"]}]},{"@type":"ImageObject","inLanguage":"it-IT","@id":"https:\/\/www.bazarbonino.com\/store\/prodotto\/jg2620-bacchetta-in-plastica\/#primaryimage","url":"https:\/\/www.bazarbonino.com\/store\/wp-content\/uploads\/2013\/01\/JG2620-BACCHETTA-IN-PLASTICA-1.jpg","contentUrl":"https:\/\/www.bazarbonino.com\/store\/wp-content\/uploads\/2013\/01\/JG2620-BACCHETTA-IN-PLASTICA-1.jpg","width":277,"height":235,"caption":"JG2620 - BACCHETTA IN PLASTICA"},{"@type":"BreadcrumbList","@id":"https:\/\/www.bazarbonino.com\/store\/prodotto\/jg2620-bacchetta-in-plastica\/#breadcrumb","itemListElement":[{"@type":"ListItem","position":1,"name":"Home","item":"https:\/\/www.bazarbonino.com\/store\/"},{"@type":"ListItem","position":2,"name":"Catalogo","item":"https:\/\/www.bazarbonino.com\/store\/shop\/"},{"@type":"ListItem","position":3,"name":"JG2620 &#8211; BACCHETTA IN PLASTICA"}]},{"@type":"WebSite","@id":"https:\/\/www.bazarbonino.com\/store\/#website","url":"https:\/\/www.bazarbonino.com\/store\/","name":"BazarBonino","description":"","potentialAction":[{"@type":"SearchAction","target":{"@type":"EntryPoint","urlTemplate":"https:\/\/www.bazarbonino.com\/store\/?s={search_term_string}"},"query-input":{"@type":"PropertyValueSpecification","valueRequired":true,"valueName":"search_term_string"}}],"inLanguage":"it-IT"}]}},"_links":{"self":[{"href":"https:\/\/www.bazarbonino.com\/store\/wp-json\/wp\/v2\/product\/1054","targetHints":{"allow":["GET"]}}],"collection":[{"href":"https:\/\/www.bazarbonino.com\/store\/wp-json\/wp\/v2\/product"}],"about":[{"href":"https:\/\/www.bazarbonino.com\/store\/wp-json\/wp\/v2\/types\/product"}],"replies":[{"embeddable":true,"href":"https:\/\/www.bazarbonino.com\/store\/wp-json\/wp\/v2\/comments?post=1054"}],"wp:featuredmedia":[{"embeddable":true,"href":"https:\/\/www.bazarbonino.com\/store\/wp-json\/wp\/v2\/media\/16158"}],"wp:attachment":[{"href":"https:\/\/www.bazarbonino.com\/store\/wp-json\/wp\/v2\/media?parent=1054"}],"wp:term":[{"taxonomy":"product_brand","embeddable":true,"href":"https:\/\/www.bazarbonino.com\/store\/wp-json\/wp\/v2\/product_brand?post=1054"},{"taxonomy":"product_cat","embeddable":true,"href":"https:\/\/www.bazarbonino.com\/store\/wp-json\/wp\/v2\/product_cat?post=1054"},{"taxonomy":"product_tag","embeddable":true,"href":"https:\/\/www.bazarbonino.com\/store\/wp-json\/wp\/v2\/product_tag?post=1054"}],"curies":[{"name":"wp","href":"https:\/\/api.w.org\/{rel}","templated":true}]}}