{"id":10398,"date":"2017-03-15T22:52:55","date_gmt":"2017-03-15T21:52:55","guid":{"rendered":"http:\/\/www.bazarbonino.com\/store\/?post_type=product&#038;p=10398"},"modified":"2025-10-21T12:58:18","modified_gmt":"2025-10-21T10:58:18","slug":"mty055-mazzo-carte-bicycle-shadow-master-by-ellusionist","status":"publish","type":"product","link":"https:\/\/www.bazarbonino.com\/store\/prodotto\/mty055-mazzo-carte-bicycle-shadow-master-by-ellusionist\/","title":{"rendered":"MTY055 &#8211; Mazzo Carte Bicycle Shadow Master by Ellusionist"},"content":{"rendered":"<p>MTY055 &#8211; Mazzo Carte Bicycle Shadow Master by Ellusionist Le Shadow Master sono la terza meraviglia della serie Bicycle Master (Ellusionist). Maneggiando il mazzo capirete cosa vuol dire avere efficienti strumenti di qualit\u00e0 in mano. Le carte sono tagliate da un cartoncino di lusso e, come tema, trattano tenebre e ombre. Ogni carta \u00e8 progettata nei minimi dettagli. Il mazzo \u00e8 impreziosito da una finitura nera lucida. Un\u00a0 nuovo mazzo Bicycle emerge dalle &#8220;ombre&#8221;. Il mazzo include due jokers molto particolari, due carte extra (una doppio dorso) e l&#8217;astuccio permette la previsione del tre di picche.<\/p>\n","protected":false},"excerpt":{"rendered":"<p>MTY055 &#8211; Mazzo Carte Bicycle Shadow Master by Ellusionist Le Shadow Master sono la terza meraviglia della serie Bicycle Master (Ellusionist). Maneggiando il mazzo capirete cosa vuol dire avere efficienti strumenti di qualit\u00e0 in mano. Le carte sono tagliate da un cartoncino di lusso e, come tema, trattano tenebre e ombre. Ogni carta \u00e8 progettata [&hellip;]<\/p>\n","protected":false},"featured_media":17039,"comment_status":"closed","ping_status":"closed","template":"","meta":{"_et_pb_use_builder":"","_et_pb_old_content":"","_et_gb_content_width":""},"product_brand":[],"product_cat":[1506],"product_tag":[1556],"class_list":{"0":"post-10398","1":"product","2":"type-product","3":"status-publish","4":"has-post-thumbnail","6":"product_cat-mazzi-di-carte-ellusionist","7":"product_tag-mazzo-carte-bicycle-shadow-master-by-ellusionist","9":"first","10":"outofstock","11":"taxable","12":"shipping-taxable","13":"purchasable","14":"product-type-simple"},"yoast_head":"<!-- This site is optimized with the Yoast SEO plugin v27.4 - https:\/\/yoast.com\/product\/yoast-seo-wordpress\/ -->\n<title>MTY055 - Mazzo Carte Bicycle Shadow Master by Ellusionist - BazarBonino<\/title>\n<meta name=\"description\" content=\"Mazzo Carte Bicycle Shadow Master by Ellusionist Le Shadow Master sono la terza meraviglia della serie Bicycle Master (Ellusionist).\" \/>\n<meta name=\"robots\" content=\"index, follow, max-snippet:-1, max-image-preview:large, max-video-preview:-1\" \/>\n<link rel=\"canonical\" href=\"https:\/\/www.bazarbonino.com\/store\/prodotto\/mty055-mazzo-carte-bicycle-shadow-master-by-ellusionist\/\" \/>\n<meta property=\"og:locale\" content=\"it_IT\" \/>\n<meta property=\"og:type\" content=\"article\" \/>\n<meta property=\"og:title\" content=\"MTY055 - Mazzo Carte Bicycle Shadow Master by Ellusionist - BazarBonino\" \/>\n<meta property=\"og:description\" content=\"Mazzo Carte Bicycle Shadow Master by Ellusionist Le Shadow Master sono la terza meraviglia della serie Bicycle Master (Ellusionist).\" \/>\n<meta property=\"og:url\" content=\"https:\/\/www.bazarbonino.com\/store\/prodotto\/mty055-mazzo-carte-bicycle-shadow-master-by-ellusionist\/\" \/>\n<meta property=\"og:site_name\" content=\"BazarBonino\" \/>\n<meta property=\"article:publisher\" content=\"https:\/\/www.facebook.com\/bazar.bonino\" \/>\n<meta property=\"article:modified_time\" content=\"2025-10-21T10:58:18+00:00\" \/>\n<meta property=\"og:image\" content=\"https:\/\/www.bazarbonino.com\/store\/wp-content\/uploads\/2017\/03\/MTY055-Mazzo-Carte-Bicycle-Shadow-Master-by-Ellusionist-1.jpg\" \/>\n\t<meta property=\"og:image:width\" content=\"600\" \/>\n\t<meta property=\"og:image:height\" content=\"600\" \/>\n\t<meta property=\"og:image:type\" content=\"image\/jpeg\" \/>\n<meta name=\"twitter:card\" content=\"summary_large_image\" \/>\n<script type=\"application\/ld+json\" class=\"yoast-schema-graph\">{\"@context\":\"https:\\\/\\\/schema.org\",\"@graph\":[{\"@type\":\"WebPage\",\"@id\":\"https:\\\/\\\/www.bazarbonino.com\\\/store\\\/prodotto\\\/mty055-mazzo-carte-bicycle-shadow-master-by-ellusionist\\\/\",\"url\":\"https:\\\/\\\/www.bazarbonino.com\\\/store\\\/prodotto\\\/mty055-mazzo-carte-bicycle-shadow-master-by-ellusionist\\\/\",\"name\":\"MTY055 - Mazzo Carte Bicycle Shadow Master by Ellusionist - BazarBonino\",\"isPartOf\":{\"@id\":\"https:\\\/\\\/www.bazarbonino.com\\\/store\\\/#website\"},\"primaryImageOfPage\":{\"@id\":\"https:\\\/\\\/www.bazarbonino.com\\\/store\\\/prodotto\\\/mty055-mazzo-carte-bicycle-shadow-master-by-ellusionist\\\/#primaryimage\"},\"image\":{\"@id\":\"https:\\\/\\\/www.bazarbonino.com\\\/store\\\/prodotto\\\/mty055-mazzo-carte-bicycle-shadow-master-by-ellusionist\\\/#primaryimage\"},\"thumbnailUrl\":\"https:\\\/\\\/www.bazarbonino.com\\\/store\\\/wp-content\\\/uploads\\\/2017\\\/03\\\/MTY055-Mazzo-Carte-Bicycle-Shadow-Master-by-Ellusionist-1.jpg\",\"datePublished\":\"2017-03-15T21:52:55+00:00\",\"dateModified\":\"2025-10-21T10:58:18+00:00\",\"description\":\"Mazzo Carte Bicycle Shadow Master by Ellusionist Le Shadow Master sono la terza meraviglia della serie Bicycle Master (Ellusionist).\",\"breadcrumb\":{\"@id\":\"https:\\\/\\\/www.bazarbonino.com\\\/store\\\/prodotto\\\/mty055-mazzo-carte-bicycle-shadow-master-by-ellusionist\\\/#breadcrumb\"},\"inLanguage\":\"it-IT\",\"potentialAction\":[{\"@type\":\"ReadAction\",\"target\":[\"https:\\\/\\\/www.bazarbonino.com\\\/store\\\/prodotto\\\/mty055-mazzo-carte-bicycle-shadow-master-by-ellusionist\\\/\"]}]},{\"@type\":\"ImageObject\",\"inLanguage\":\"it-IT\",\"@id\":\"https:\\\/\\\/www.bazarbonino.com\\\/store\\\/prodotto\\\/mty055-mazzo-carte-bicycle-shadow-master-by-ellusionist\\\/#primaryimage\",\"url\":\"https:\\\/\\\/www.bazarbonino.com\\\/store\\\/wp-content\\\/uploads\\\/2017\\\/03\\\/MTY055-Mazzo-Carte-Bicycle-Shadow-Master-by-Ellusionist-1.jpg\",\"contentUrl\":\"https:\\\/\\\/www.bazarbonino.com\\\/store\\\/wp-content\\\/uploads\\\/2017\\\/03\\\/MTY055-Mazzo-Carte-Bicycle-Shadow-Master-by-Ellusionist-1.jpg\",\"width\":600,\"height\":600,\"caption\":\"MTY055 - Mazzo Carte Bicycle Shadow Master by Ellusionist\"},{\"@type\":\"BreadcrumbList\",\"@id\":\"https:\\\/\\\/www.bazarbonino.com\\\/store\\\/prodotto\\\/mty055-mazzo-carte-bicycle-shadow-master-by-ellusionist\\\/#breadcrumb\",\"itemListElement\":[{\"@type\":\"ListItem\",\"position\":1,\"name\":\"Home\",\"item\":\"https:\\\/\\\/www.bazarbonino.com\\\/store\\\/\"},{\"@type\":\"ListItem\",\"position\":2,\"name\":\"Catalogo\",\"item\":\"https:\\\/\\\/www.bazarbonino.com\\\/store\\\/shop\\\/\"},{\"@type\":\"ListItem\",\"position\":3,\"name\":\"MTY055 &#8211; Mazzo Carte Bicycle Shadow Master by Ellusionist\"}]},{\"@type\":\"WebSite\",\"@id\":\"https:\\\/\\\/www.bazarbonino.com\\\/store\\\/#website\",\"url\":\"https:\\\/\\\/www.bazarbonino.com\\\/store\\\/\",\"name\":\"BazarBonino\",\"description\":\"\",\"potentialAction\":[{\"@type\":\"SearchAction\",\"target\":{\"@type\":\"EntryPoint\",\"urlTemplate\":\"https:\\\/\\\/www.bazarbonino.com\\\/store\\\/?s={search_term_string}\"},\"query-input\":{\"@type\":\"PropertyValueSpecification\",\"valueRequired\":true,\"valueName\":\"search_term_string\"}}],\"inLanguage\":\"it-IT\"}]}<\/script>\n<!-- \/ Yoast SEO plugin. -->","yoast_head_json":{"title":"MTY055 - Mazzo Carte Bicycle Shadow Master by Ellusionist - BazarBonino","description":"Mazzo Carte Bicycle Shadow Master by Ellusionist Le Shadow Master sono la terza meraviglia della serie Bicycle Master (Ellusionist).","robots":{"index":"index","follow":"follow","max-snippet":"max-snippet:-1","max-image-preview":"max-image-preview:large","max-video-preview":"max-video-preview:-1"},"canonical":"https:\/\/www.bazarbonino.com\/store\/prodotto\/mty055-mazzo-carte-bicycle-shadow-master-by-ellusionist\/","og_locale":"it_IT","og_type":"article","og_title":"MTY055 - Mazzo Carte Bicycle Shadow Master by Ellusionist - BazarBonino","og_description":"Mazzo Carte Bicycle Shadow Master by Ellusionist Le Shadow Master sono la terza meraviglia della serie Bicycle Master (Ellusionist).","og_url":"https:\/\/www.bazarbonino.com\/store\/prodotto\/mty055-mazzo-carte-bicycle-shadow-master-by-ellusionist\/","og_site_name":"BazarBonino","article_publisher":"https:\/\/www.facebook.com\/bazar.bonino","article_modified_time":"2025-10-21T10:58:18+00:00","og_image":[{"width":600,"height":600,"url":"https:\/\/www.bazarbonino.com\/store\/wp-content\/uploads\/2017\/03\/MTY055-Mazzo-Carte-Bicycle-Shadow-Master-by-Ellusionist-1.jpg","type":"image\/jpeg"}],"twitter_card":"summary_large_image","schema":{"@context":"https:\/\/schema.org","@graph":[{"@type":"WebPage","@id":"https:\/\/www.bazarbonino.com\/store\/prodotto\/mty055-mazzo-carte-bicycle-shadow-master-by-ellusionist\/","url":"https:\/\/www.bazarbonino.com\/store\/prodotto\/mty055-mazzo-carte-bicycle-shadow-master-by-ellusionist\/","name":"MTY055 - Mazzo Carte Bicycle Shadow Master by Ellusionist - BazarBonino","isPartOf":{"@id":"https:\/\/www.bazarbonino.com\/store\/#website"},"primaryImageOfPage":{"@id":"https:\/\/www.bazarbonino.com\/store\/prodotto\/mty055-mazzo-carte-bicycle-shadow-master-by-ellusionist\/#primaryimage"},"image":{"@id":"https:\/\/www.bazarbonino.com\/store\/prodotto\/mty055-mazzo-carte-bicycle-shadow-master-by-ellusionist\/#primaryimage"},"thumbnailUrl":"https:\/\/www.bazarbonino.com\/store\/wp-content\/uploads\/2017\/03\/MTY055-Mazzo-Carte-Bicycle-Shadow-Master-by-Ellusionist-1.jpg","datePublished":"2017-03-15T21:52:55+00:00","dateModified":"2025-10-21T10:58:18+00:00","description":"Mazzo Carte Bicycle Shadow Master by Ellusionist Le Shadow Master sono la terza meraviglia della serie Bicycle Master (Ellusionist).","breadcrumb":{"@id":"https:\/\/www.bazarbonino.com\/store\/prodotto\/mty055-mazzo-carte-bicycle-shadow-master-by-ellusionist\/#breadcrumb"},"inLanguage":"it-IT","potentialAction":[{"@type":"ReadAction","target":["https:\/\/www.bazarbonino.com\/store\/prodotto\/mty055-mazzo-carte-bicycle-shadow-master-by-ellusionist\/"]}]},{"@type":"ImageObject","inLanguage":"it-IT","@id":"https:\/\/www.bazarbonino.com\/store\/prodotto\/mty055-mazzo-carte-bicycle-shadow-master-by-ellusionist\/#primaryimage","url":"https:\/\/www.bazarbonino.com\/store\/wp-content\/uploads\/2017\/03\/MTY055-Mazzo-Carte-Bicycle-Shadow-Master-by-Ellusionist-1.jpg","contentUrl":"https:\/\/www.bazarbonino.com\/store\/wp-content\/uploads\/2017\/03\/MTY055-Mazzo-Carte-Bicycle-Shadow-Master-by-Ellusionist-1.jpg","width":600,"height":600,"caption":"MTY055 - Mazzo Carte Bicycle Shadow Master by Ellusionist"},{"@type":"BreadcrumbList","@id":"https:\/\/www.bazarbonino.com\/store\/prodotto\/mty055-mazzo-carte-bicycle-shadow-master-by-ellusionist\/#breadcrumb","itemListElement":[{"@type":"ListItem","position":1,"name":"Home","item":"https:\/\/www.bazarbonino.com\/store\/"},{"@type":"ListItem","position":2,"name":"Catalogo","item":"https:\/\/www.bazarbonino.com\/store\/shop\/"},{"@type":"ListItem","position":3,"name":"MTY055 &#8211; Mazzo Carte Bicycle Shadow Master by Ellusionist"}]},{"@type":"WebSite","@id":"https:\/\/www.bazarbonino.com\/store\/#website","url":"https:\/\/www.bazarbonino.com\/store\/","name":"BazarBonino","description":"","potentialAction":[{"@type":"SearchAction","target":{"@type":"EntryPoint","urlTemplate":"https:\/\/www.bazarbonino.com\/store\/?s={search_term_string}"},"query-input":{"@type":"PropertyValueSpecification","valueRequired":true,"valueName":"search_term_string"}}],"inLanguage":"it-IT"}]}},"_links":{"self":[{"href":"https:\/\/www.bazarbonino.com\/store\/wp-json\/wp\/v2\/product\/10398","targetHints":{"allow":["GET"]}}],"collection":[{"href":"https:\/\/www.bazarbonino.com\/store\/wp-json\/wp\/v2\/product"}],"about":[{"href":"https:\/\/www.bazarbonino.com\/store\/wp-json\/wp\/v2\/types\/product"}],"replies":[{"embeddable":true,"href":"https:\/\/www.bazarbonino.com\/store\/wp-json\/wp\/v2\/comments?post=10398"}],"wp:featuredmedia":[{"embeddable":true,"href":"https:\/\/www.bazarbonino.com\/store\/wp-json\/wp\/v2\/media\/17039"}],"wp:attachment":[{"href":"https:\/\/www.bazarbonino.com\/store\/wp-json\/wp\/v2\/media?parent=10398"}],"wp:term":[{"taxonomy":"product_brand","embeddable":true,"href":"https:\/\/www.bazarbonino.com\/store\/wp-json\/wp\/v2\/product_brand?post=10398"},{"taxonomy":"product_cat","embeddable":true,"href":"https:\/\/www.bazarbonino.com\/store\/wp-json\/wp\/v2\/product_cat?post=10398"},{"taxonomy":"product_tag","embeddable":true,"href":"https:\/\/www.bazarbonino.com\/store\/wp-json\/wp\/v2\/product_tag?post=10398"}],"curies":[{"name":"wp","href":"https:\/\/api.w.org\/{rel}","templated":true}]}}