{"id":10376,"date":"2017-03-15T20:04:18","date_gmt":"2017-03-15T19:04:18","guid":{"rendered":"http:\/\/www.bazarbonino.com\/store\/?post_type=product&#038;p=10376"},"modified":"2020-11-10T20:53:28","modified_gmt":"2020-11-10T19:53:28","slug":"mty020-mazzo-carte-aurelians-by-ellusionist","status":"publish","type":"product","link":"https:\/\/www.bazarbonino.com\/store\/prodotto\/mty020-mazzo-carte-aurelians-by-ellusionist\/","title":{"rendered":"MTY020 &#8211; Mazzo Carte Aurelians by Ellusionist"},"content":{"rendered":"<div id=\"stcpDiv\">\n<p>La nascita di un Impero.<\/p>\n<p>Basato sul leader dell&#8217; impero romano, Aurelian \u00e8 uno dei mazzi pi\u00f9 dettagliati mai realizzato.<\/p>\n<p>L&#8217;astuccio \u00e8 rivestito in lamina d&#8217;oro, con pi\u00f9 strati di goffratura. All&#8217;interno dell\u2019astuccio troverete delle riproduzioni di foglia di quercia, che si rifanno a quelle del leader della Corona Civica.<\/p>\n<p>Concepito da Geraint Clarke e disegnato da Oban Jones. Potrete possedere oggi un pezzo di storia delle carte da gioco!<\/p>\n<p>270 DC &#8211; Prezzo di fedelt\u00e0<\/p>\n<p>La prima mossa audace di Aureliano al potere \u00e8 stata quella di prendere il controllo della zecca imperiale. Forgiando monete d&#8217;oro da donare alle sue truppe si garant\u00ec la loro fedelt\u00e0.<\/p>\n<p>Questa narrazione \u00e8 stata catturata con un bordo forte, condito dalle sue monete firmate. Il disegno del medaglione centrale sembrer\u00e0 ipnotico nelle vostre mani.<\/p>\n<p>271 DC \u2013 Dalle stalle alle stelle<\/p>\n<p>L&#8217;imperatore Aureliano, nato da umili origini, cap\u00ec i bisogni della gente. Appena arrivato al potere cancell\u00f2 i debiti privati delle persone al tesoro.<\/p>\n<p>Ogni figura \u00e8 stata avvolta in oro e completamente ri-lavorata cos\u00ec da mostrare con orgoglio un design potente. Le facce sono state ri-scolpite completamente per creare un design senza tempo che, per\u00f2, rimanesse riconoscibile per la magia.<\/p>\n<p>272 DC &#8211; Pagamento nel sangue<\/p>\n<p>Dettagli squisiti incontrano il significato storico. L\u2019asso personalizzato di Aureliano \u00e8 un simbolo per il &#8220;soldato-imperatore&#8221;. Il suo regno, anche se breve, \u00e8 stato caratterizzato da conquiste sanguinose e gloriose.<\/p>\n<p>Spade in inchiostro dorato, fruste e lance svettano sopra la splendida picca. E&#8217; la carta pi\u00f9 importante in un mazzo, ed \u00e8 l&#8217;unica con i semi dorati.<\/p>\n<p>273 DC &#8211; Potere e gloria<\/p>\n<p>Aureliano fu un celebre capo militare, che ha goduto tra i suoi titoli anche del soprannome &#8220;Restitutor Orbis&#8221;. Restitutore del mondo, che ha ridato lustro a gran parte dell&#8217;Impero Romano perso in precedenza.<\/p>\n<p>I jolly omaggiano quelli delle Tally-Ho che tutti abbiamo imparato ad amare. Questi soldati sono risoluti e pronti a difendere un impero&#8230; o a rovesciare un altro! Qualit\u00e0 Ellusionist. Le carte sono in formato poker.<\/p>\n<\/div>\n","protected":false},"excerpt":{"rendered":"<p>La nascita di un Impero. Basato sul leader dell&#8217; impero romano, Aurelian \u00e8 uno dei mazzi pi\u00f9 dettagliati mai realizzato. L&#8217;astuccio \u00e8 rivestito in lamina d&#8217;oro, con pi\u00f9 strati di goffratura. All&#8217;interno dell\u2019astuccio troverete delle riproduzioni di foglia di quercia, che si rifanno a quelle del leader della Corona Civica. Concepito da Geraint Clarke e [&hellip;]<\/p>\n","protected":false},"featured_media":17207,"comment_status":"closed","ping_status":"closed","template":"","meta":{"_et_pb_use_builder":"","_et_pb_old_content":"","_et_gb_content_width":""},"product_brand":[],"product_cat":[1506],"product_tag":[1549],"class_list":{"0":"post-10376","1":"product","2":"type-product","3":"status-publish","4":"has-post-thumbnail","6":"product_cat-mazzi-di-carte-ellusionist","7":"product_tag-mazzo-carte-aurelians-by-ellusionist","9":"first","10":"instock","11":"taxable","12":"shipping-taxable","13":"purchasable","14":"product-type-simple"},"yoast_head":"<!-- This site is optimized with the Yoast SEO plugin v27.4 - https:\/\/yoast.com\/product\/yoast-seo-wordpress\/ -->\n<title>MTY020 - Mazzo Carte Aurelians by Ellusionist - BazarBonino<\/title>\n<meta name=\"robots\" content=\"index, follow, max-snippet:-1, max-image-preview:large, max-video-preview:-1\" \/>\n<link rel=\"canonical\" href=\"https:\/\/www.bazarbonino.com\/store\/prodotto\/mty020-mazzo-carte-aurelians-by-ellusionist\/\" \/>\n<meta property=\"og:locale\" content=\"it_IT\" \/>\n<meta property=\"og:type\" content=\"article\" \/>\n<meta property=\"og:title\" content=\"MTY020 - Mazzo Carte Aurelians by Ellusionist - BazarBonino\" \/>\n<meta property=\"og:description\" content=\"La nascita di un Impero. Basato sul leader dell&#8217; impero romano, Aurelian \u00e8 uno dei mazzi pi\u00f9 dettagliati mai realizzato. L&#8217;astuccio \u00e8 rivestito in lamina d&#8217;oro, con pi\u00f9 strati di goffratura. All&#8217;interno dell\u2019astuccio troverete delle riproduzioni di foglia di quercia, che si rifanno a quelle del leader della Corona Civica. Concepito da Geraint Clarke e [&hellip;]\" \/>\n<meta property=\"og:url\" content=\"https:\/\/www.bazarbonino.com\/store\/prodotto\/mty020-mazzo-carte-aurelians-by-ellusionist\/\" \/>\n<meta property=\"og:site_name\" content=\"BazarBonino\" \/>\n<meta property=\"article:publisher\" content=\"https:\/\/www.facebook.com\/bazar.bonino\" \/>\n<meta property=\"article:modified_time\" content=\"2020-11-10T19:53:28+00:00\" \/>\n<meta property=\"og:image\" content=\"https:\/\/www.bazarbonino.com\/store\/wp-content\/uploads\/2017\/03\/MTY020-Mazzo-Carte-Aurelians-by-Ellusionist-1.jpg\" \/>\n\t<meta property=\"og:image:width\" content=\"1511\" \/>\n\t<meta property=\"og:image:height\" content=\"1014\" \/>\n\t<meta property=\"og:image:type\" content=\"image\/jpeg\" \/>\n<meta name=\"twitter:card\" content=\"summary_large_image\" \/>\n<meta name=\"twitter:label1\" content=\"Tempo di lettura stimato\" \/>\n\t<meta name=\"twitter:data1\" content=\"2 minuti\" \/>\n<script type=\"application\/ld+json\" class=\"yoast-schema-graph\">{\"@context\":\"https:\\\/\\\/schema.org\",\"@graph\":[{\"@type\":\"WebPage\",\"@id\":\"https:\\\/\\\/www.bazarbonino.com\\\/store\\\/prodotto\\\/mty020-mazzo-carte-aurelians-by-ellusionist\\\/\",\"url\":\"https:\\\/\\\/www.bazarbonino.com\\\/store\\\/prodotto\\\/mty020-mazzo-carte-aurelians-by-ellusionist\\\/\",\"name\":\"MTY020 - Mazzo Carte Aurelians by Ellusionist - BazarBonino\",\"isPartOf\":{\"@id\":\"https:\\\/\\\/www.bazarbonino.com\\\/store\\\/#website\"},\"primaryImageOfPage\":{\"@id\":\"https:\\\/\\\/www.bazarbonino.com\\\/store\\\/prodotto\\\/mty020-mazzo-carte-aurelians-by-ellusionist\\\/#primaryimage\"},\"image\":{\"@id\":\"https:\\\/\\\/www.bazarbonino.com\\\/store\\\/prodotto\\\/mty020-mazzo-carte-aurelians-by-ellusionist\\\/#primaryimage\"},\"thumbnailUrl\":\"https:\\\/\\\/www.bazarbonino.com\\\/store\\\/wp-content\\\/uploads\\\/2017\\\/03\\\/MTY020-Mazzo-Carte-Aurelians-by-Ellusionist-1.jpg\",\"datePublished\":\"2017-03-15T19:04:18+00:00\",\"dateModified\":\"2020-11-10T19:53:28+00:00\",\"breadcrumb\":{\"@id\":\"https:\\\/\\\/www.bazarbonino.com\\\/store\\\/prodotto\\\/mty020-mazzo-carte-aurelians-by-ellusionist\\\/#breadcrumb\"},\"inLanguage\":\"it-IT\",\"potentialAction\":[{\"@type\":\"ReadAction\",\"target\":[\"https:\\\/\\\/www.bazarbonino.com\\\/store\\\/prodotto\\\/mty020-mazzo-carte-aurelians-by-ellusionist\\\/\"]}]},{\"@type\":\"ImageObject\",\"inLanguage\":\"it-IT\",\"@id\":\"https:\\\/\\\/www.bazarbonino.com\\\/store\\\/prodotto\\\/mty020-mazzo-carte-aurelians-by-ellusionist\\\/#primaryimage\",\"url\":\"https:\\\/\\\/www.bazarbonino.com\\\/store\\\/wp-content\\\/uploads\\\/2017\\\/03\\\/MTY020-Mazzo-Carte-Aurelians-by-Ellusionist-1.jpg\",\"contentUrl\":\"https:\\\/\\\/www.bazarbonino.com\\\/store\\\/wp-content\\\/uploads\\\/2017\\\/03\\\/MTY020-Mazzo-Carte-Aurelians-by-Ellusionist-1.jpg\",\"width\":1511,\"height\":1014,\"caption\":\"MTY020 - Mazzo Carte Aurelians by Ellusionist\"},{\"@type\":\"BreadcrumbList\",\"@id\":\"https:\\\/\\\/www.bazarbonino.com\\\/store\\\/prodotto\\\/mty020-mazzo-carte-aurelians-by-ellusionist\\\/#breadcrumb\",\"itemListElement\":[{\"@type\":\"ListItem\",\"position\":1,\"name\":\"Home\",\"item\":\"https:\\\/\\\/www.bazarbonino.com\\\/store\\\/\"},{\"@type\":\"ListItem\",\"position\":2,\"name\":\"Catalogo\",\"item\":\"https:\\\/\\\/www.bazarbonino.com\\\/store\\\/shop\\\/\"},{\"@type\":\"ListItem\",\"position\":3,\"name\":\"MTY020 &#8211; Mazzo Carte Aurelians by Ellusionist\"}]},{\"@type\":\"WebSite\",\"@id\":\"https:\\\/\\\/www.bazarbonino.com\\\/store\\\/#website\",\"url\":\"https:\\\/\\\/www.bazarbonino.com\\\/store\\\/\",\"name\":\"BazarBonino\",\"description\":\"\",\"potentialAction\":[{\"@type\":\"SearchAction\",\"target\":{\"@type\":\"EntryPoint\",\"urlTemplate\":\"https:\\\/\\\/www.bazarbonino.com\\\/store\\\/?s={search_term_string}\"},\"query-input\":{\"@type\":\"PropertyValueSpecification\",\"valueRequired\":true,\"valueName\":\"search_term_string\"}}],\"inLanguage\":\"it-IT\"}]}<\/script>\n<!-- \/ Yoast SEO plugin. -->","yoast_head_json":{"title":"MTY020 - Mazzo Carte Aurelians by Ellusionist - BazarBonino","robots":{"index":"index","follow":"follow","max-snippet":"max-snippet:-1","max-image-preview":"max-image-preview:large","max-video-preview":"max-video-preview:-1"},"canonical":"https:\/\/www.bazarbonino.com\/store\/prodotto\/mty020-mazzo-carte-aurelians-by-ellusionist\/","og_locale":"it_IT","og_type":"article","og_title":"MTY020 - Mazzo Carte Aurelians by Ellusionist - BazarBonino","og_description":"La nascita di un Impero. Basato sul leader dell&#8217; impero romano, Aurelian \u00e8 uno dei mazzi pi\u00f9 dettagliati mai realizzato. L&#8217;astuccio \u00e8 rivestito in lamina d&#8217;oro, con pi\u00f9 strati di goffratura. All&#8217;interno dell\u2019astuccio troverete delle riproduzioni di foglia di quercia, che si rifanno a quelle del leader della Corona Civica. Concepito da Geraint Clarke e [&hellip;]","og_url":"https:\/\/www.bazarbonino.com\/store\/prodotto\/mty020-mazzo-carte-aurelians-by-ellusionist\/","og_site_name":"BazarBonino","article_publisher":"https:\/\/www.facebook.com\/bazar.bonino","article_modified_time":"2020-11-10T19:53:28+00:00","og_image":[{"width":1511,"height":1014,"url":"https:\/\/www.bazarbonino.com\/store\/wp-content\/uploads\/2017\/03\/MTY020-Mazzo-Carte-Aurelians-by-Ellusionist-1.jpg","type":"image\/jpeg"}],"twitter_card":"summary_large_image","twitter_misc":{"Tempo di lettura stimato":"2 minuti"},"schema":{"@context":"https:\/\/schema.org","@graph":[{"@type":"WebPage","@id":"https:\/\/www.bazarbonino.com\/store\/prodotto\/mty020-mazzo-carte-aurelians-by-ellusionist\/","url":"https:\/\/www.bazarbonino.com\/store\/prodotto\/mty020-mazzo-carte-aurelians-by-ellusionist\/","name":"MTY020 - Mazzo Carte Aurelians by Ellusionist - BazarBonino","isPartOf":{"@id":"https:\/\/www.bazarbonino.com\/store\/#website"},"primaryImageOfPage":{"@id":"https:\/\/www.bazarbonino.com\/store\/prodotto\/mty020-mazzo-carte-aurelians-by-ellusionist\/#primaryimage"},"image":{"@id":"https:\/\/www.bazarbonino.com\/store\/prodotto\/mty020-mazzo-carte-aurelians-by-ellusionist\/#primaryimage"},"thumbnailUrl":"https:\/\/www.bazarbonino.com\/store\/wp-content\/uploads\/2017\/03\/MTY020-Mazzo-Carte-Aurelians-by-Ellusionist-1.jpg","datePublished":"2017-03-15T19:04:18+00:00","dateModified":"2020-11-10T19:53:28+00:00","breadcrumb":{"@id":"https:\/\/www.bazarbonino.com\/store\/prodotto\/mty020-mazzo-carte-aurelians-by-ellusionist\/#breadcrumb"},"inLanguage":"it-IT","potentialAction":[{"@type":"ReadAction","target":["https:\/\/www.bazarbonino.com\/store\/prodotto\/mty020-mazzo-carte-aurelians-by-ellusionist\/"]}]},{"@type":"ImageObject","inLanguage":"it-IT","@id":"https:\/\/www.bazarbonino.com\/store\/prodotto\/mty020-mazzo-carte-aurelians-by-ellusionist\/#primaryimage","url":"https:\/\/www.bazarbonino.com\/store\/wp-content\/uploads\/2017\/03\/MTY020-Mazzo-Carte-Aurelians-by-Ellusionist-1.jpg","contentUrl":"https:\/\/www.bazarbonino.com\/store\/wp-content\/uploads\/2017\/03\/MTY020-Mazzo-Carte-Aurelians-by-Ellusionist-1.jpg","width":1511,"height":1014,"caption":"MTY020 - Mazzo Carte Aurelians by Ellusionist"},{"@type":"BreadcrumbList","@id":"https:\/\/www.bazarbonino.com\/store\/prodotto\/mty020-mazzo-carte-aurelians-by-ellusionist\/#breadcrumb","itemListElement":[{"@type":"ListItem","position":1,"name":"Home","item":"https:\/\/www.bazarbonino.com\/store\/"},{"@type":"ListItem","position":2,"name":"Catalogo","item":"https:\/\/www.bazarbonino.com\/store\/shop\/"},{"@type":"ListItem","position":3,"name":"MTY020 &#8211; Mazzo Carte Aurelians by Ellusionist"}]},{"@type":"WebSite","@id":"https:\/\/www.bazarbonino.com\/store\/#website","url":"https:\/\/www.bazarbonino.com\/store\/","name":"BazarBonino","description":"","potentialAction":[{"@type":"SearchAction","target":{"@type":"EntryPoint","urlTemplate":"https:\/\/www.bazarbonino.com\/store\/?s={search_term_string}"},"query-input":{"@type":"PropertyValueSpecification","valueRequired":true,"valueName":"search_term_string"}}],"inLanguage":"it-IT"}]}},"_links":{"self":[{"href":"https:\/\/www.bazarbonino.com\/store\/wp-json\/wp\/v2\/product\/10376","targetHints":{"allow":["GET"]}}],"collection":[{"href":"https:\/\/www.bazarbonino.com\/store\/wp-json\/wp\/v2\/product"}],"about":[{"href":"https:\/\/www.bazarbonino.com\/store\/wp-json\/wp\/v2\/types\/product"}],"replies":[{"embeddable":true,"href":"https:\/\/www.bazarbonino.com\/store\/wp-json\/wp\/v2\/comments?post=10376"}],"wp:featuredmedia":[{"embeddable":true,"href":"https:\/\/www.bazarbonino.com\/store\/wp-json\/wp\/v2\/media\/17207"}],"wp:attachment":[{"href":"https:\/\/www.bazarbonino.com\/store\/wp-json\/wp\/v2\/media?parent=10376"}],"wp:term":[{"taxonomy":"product_brand","embeddable":true,"href":"https:\/\/www.bazarbonino.com\/store\/wp-json\/wp\/v2\/product_brand?post=10376"},{"taxonomy":"product_cat","embeddable":true,"href":"https:\/\/www.bazarbonino.com\/store\/wp-json\/wp\/v2\/product_cat?post=10376"},{"taxonomy":"product_tag","embeddable":true,"href":"https:\/\/www.bazarbonino.com\/store\/wp-json\/wp\/v2\/product_tag?post=10376"}],"curies":[{"name":"wp","href":"https:\/\/api.w.org\/{rel}","templated":true}]}}