{"id":1019,"date":"2013-01-01T23:32:41","date_gmt":"2013-01-01T22:32:41","guid":{"rendered":"http:\/\/www.bazarbonino.com\/store\/?wpsc-product=jg1980-lunastix-wizard-con-bacchette"},"modified":"2018-05-22T20:19:52","modified_gmt":"2018-05-22T18:19:52","slug":"jg1980-lunastix-wizard-con-bacchette","status":"publish","type":"product","link":"https:\/\/www.bazarbonino.com\/store\/prodotto\/jg1980-lunastix-wizard-con-bacchette\/","title":{"rendered":"JG1980 &#8211; LUNASTIX WIZARD con bacchette"},"content":{"rendered":"<p class=\"articoli\">Compreso di bacchette (handsticks included)! &#8211; 48 cm\/220 gr &#8211; bastone in fibra di vetro flessibile, colorato in diversi motivi, bacchette in legno, in colore abbinato, con entrambi rivestiti per un ottimo grip, essendo pi\u00f9 corto e avendo pi\u00f9 peso alle estremit\u00e0 \u00e8 ottimo anche per numeri vicini al corpo:fra i migliori al mondo!<\/p>\n","protected":false},"excerpt":{"rendered":"<p>Compreso di bacchette (handsticks included)! &#8211; 48 cm\/220 gr &#8211; bastone in fibra di vetro flessibile, colorato in diversi motivi, bacchette in legno, in colore abbinato, con entrambi rivestiti per un ottimo grip, essendo pi\u00f9 corto e avendo pi\u00f9 peso alle estremit\u00e0 \u00e8 ottimo anche per numeri vicini al corpo:fra i migliori al mondo!<\/p>\n","protected":false},"featured_media":3204,"comment_status":"closed","ping_status":"closed","template":"","meta":{"_et_pb_use_builder":"","_et_pb_old_content":"","_et_gb_content_width":""},"product_brand":[],"product_cat":[22],"product_tag":[250,2127,248,249],"class_list":{"0":"post-1019","1":"product","2":"type-product","3":"status-publish","4":"has-post-thumbnail","6":"product_cat-flowerstick","7":"product_tag-attrezzi-per-giocolieri-on-line","8":"product_tag-bazar-bonino-torino","9":"product_tag-flowerstick-per-principianti-e-professionisti","10":"product_tag-gioco-dei-tre-bastoni","12":"first","13":"outofstock","14":"taxable","15":"shipping-taxable","16":"purchasable","17":"product-type-simple"},"yoast_head":"<!-- This site is optimized with the Yoast SEO plugin v27.4 - https:\/\/yoast.com\/product\/yoast-seo-wordpress\/ -->\n<title>JG1980 - LUNASTIX WIZARD con bacchette - BazarBonino<\/title>\n<meta name=\"robots\" content=\"index, follow, max-snippet:-1, max-image-preview:large, max-video-preview:-1\" \/>\n<link rel=\"canonical\" href=\"https:\/\/www.bazarbonino.com\/store\/prodotto\/jg1980-lunastix-wizard-con-bacchette\/\" \/>\n<meta property=\"og:locale\" content=\"it_IT\" \/>\n<meta property=\"og:type\" content=\"article\" \/>\n<meta property=\"og:title\" content=\"JG1980 - LUNASTIX WIZARD con bacchette - BazarBonino\" \/>\n<meta property=\"og:description\" content=\"Compreso di bacchette (handsticks included)! &#8211; 48 cm\/220 gr &#8211; bastone in fibra di vetro flessibile, colorato in diversi motivi, bacchette in legno, in colore abbinato, con entrambi rivestiti per un ottimo grip, essendo pi\u00f9 corto e avendo pi\u00f9 peso alle estremit\u00e0 \u00e8 ottimo anche per numeri vicini al corpo:fra i migliori al mondo!\" \/>\n<meta property=\"og:url\" content=\"https:\/\/www.bazarbonino.com\/store\/prodotto\/jg1980-lunastix-wizard-con-bacchette\/\" \/>\n<meta property=\"og:site_name\" content=\"BazarBonino\" \/>\n<meta property=\"article:publisher\" content=\"https:\/\/www.facebook.com\/bazar.bonino\" \/>\n<meta property=\"article:modified_time\" content=\"2018-05-22T18:19:52+00:00\" \/>\n<meta property=\"og:image\" content=\"https:\/\/www.bazarbonino.com\/store\/wp-content\/uploads\/2013\/01\/JG1980-LUNASTIX-WIZARD-con-bacchette.jpg\" \/>\n\t<meta property=\"og:image:width\" content=\"254\" \/>\n\t<meta property=\"og:image:height\" content=\"192\" \/>\n\t<meta property=\"og:image:type\" content=\"image\/jpeg\" \/>\n<meta name=\"twitter:card\" content=\"summary_large_image\" \/>\n<script type=\"application\/ld+json\" class=\"yoast-schema-graph\">{\"@context\":\"https:\\\/\\\/schema.org\",\"@graph\":[{\"@type\":\"WebPage\",\"@id\":\"https:\\\/\\\/www.bazarbonino.com\\\/store\\\/prodotto\\\/jg1980-lunastix-wizard-con-bacchette\\\/\",\"url\":\"https:\\\/\\\/www.bazarbonino.com\\\/store\\\/prodotto\\\/jg1980-lunastix-wizard-con-bacchette\\\/\",\"name\":\"JG1980 - LUNASTIX WIZARD con bacchette - BazarBonino\",\"isPartOf\":{\"@id\":\"https:\\\/\\\/www.bazarbonino.com\\\/store\\\/#website\"},\"primaryImageOfPage\":{\"@id\":\"https:\\\/\\\/www.bazarbonino.com\\\/store\\\/prodotto\\\/jg1980-lunastix-wizard-con-bacchette\\\/#primaryimage\"},\"image\":{\"@id\":\"https:\\\/\\\/www.bazarbonino.com\\\/store\\\/prodotto\\\/jg1980-lunastix-wizard-con-bacchette\\\/#primaryimage\"},\"thumbnailUrl\":\"https:\\\/\\\/www.bazarbonino.com\\\/store\\\/wp-content\\\/uploads\\\/2013\\\/01\\\/JG1980-LUNASTIX-WIZARD-con-bacchette.jpg\",\"datePublished\":\"2013-01-01T22:32:41+00:00\",\"dateModified\":\"2018-05-22T18:19:52+00:00\",\"breadcrumb\":{\"@id\":\"https:\\\/\\\/www.bazarbonino.com\\\/store\\\/prodotto\\\/jg1980-lunastix-wizard-con-bacchette\\\/#breadcrumb\"},\"inLanguage\":\"it-IT\",\"potentialAction\":[{\"@type\":\"ReadAction\",\"target\":[\"https:\\\/\\\/www.bazarbonino.com\\\/store\\\/prodotto\\\/jg1980-lunastix-wizard-con-bacchette\\\/\"]}]},{\"@type\":\"ImageObject\",\"inLanguage\":\"it-IT\",\"@id\":\"https:\\\/\\\/www.bazarbonino.com\\\/store\\\/prodotto\\\/jg1980-lunastix-wizard-con-bacchette\\\/#primaryimage\",\"url\":\"https:\\\/\\\/www.bazarbonino.com\\\/store\\\/wp-content\\\/uploads\\\/2013\\\/01\\\/JG1980-LUNASTIX-WIZARD-con-bacchette.jpg\",\"contentUrl\":\"https:\\\/\\\/www.bazarbonino.com\\\/store\\\/wp-content\\\/uploads\\\/2013\\\/01\\\/JG1980-LUNASTIX-WIZARD-con-bacchette.jpg\",\"width\":254,\"height\":192},{\"@type\":\"BreadcrumbList\",\"@id\":\"https:\\\/\\\/www.bazarbonino.com\\\/store\\\/prodotto\\\/jg1980-lunastix-wizard-con-bacchette\\\/#breadcrumb\",\"itemListElement\":[{\"@type\":\"ListItem\",\"position\":1,\"name\":\"Home\",\"item\":\"https:\\\/\\\/www.bazarbonino.com\\\/store\\\/\"},{\"@type\":\"ListItem\",\"position\":2,\"name\":\"Catalogo\",\"item\":\"https:\\\/\\\/www.bazarbonino.com\\\/store\\\/shop\\\/\"},{\"@type\":\"ListItem\",\"position\":3,\"name\":\"JG1980 &#8211; LUNASTIX WIZARD con bacchette\"}]},{\"@type\":\"WebSite\",\"@id\":\"https:\\\/\\\/www.bazarbonino.com\\\/store\\\/#website\",\"url\":\"https:\\\/\\\/www.bazarbonino.com\\\/store\\\/\",\"name\":\"BazarBonino\",\"description\":\"\",\"potentialAction\":[{\"@type\":\"SearchAction\",\"target\":{\"@type\":\"EntryPoint\",\"urlTemplate\":\"https:\\\/\\\/www.bazarbonino.com\\\/store\\\/?s={search_term_string}\"},\"query-input\":{\"@type\":\"PropertyValueSpecification\",\"valueRequired\":true,\"valueName\":\"search_term_string\"}}],\"inLanguage\":\"it-IT\"}]}<\/script>\n<!-- \/ Yoast SEO plugin. -->","yoast_head_json":{"title":"JG1980 - LUNASTIX WIZARD con bacchette - BazarBonino","robots":{"index":"index","follow":"follow","max-snippet":"max-snippet:-1","max-image-preview":"max-image-preview:large","max-video-preview":"max-video-preview:-1"},"canonical":"https:\/\/www.bazarbonino.com\/store\/prodotto\/jg1980-lunastix-wizard-con-bacchette\/","og_locale":"it_IT","og_type":"article","og_title":"JG1980 - LUNASTIX WIZARD con bacchette - BazarBonino","og_description":"Compreso di bacchette (handsticks included)! &#8211; 48 cm\/220 gr &#8211; bastone in fibra di vetro flessibile, colorato in diversi motivi, bacchette in legno, in colore abbinato, con entrambi rivestiti per un ottimo grip, essendo pi\u00f9 corto e avendo pi\u00f9 peso alle estremit\u00e0 \u00e8 ottimo anche per numeri vicini al corpo:fra i migliori al mondo!","og_url":"https:\/\/www.bazarbonino.com\/store\/prodotto\/jg1980-lunastix-wizard-con-bacchette\/","og_site_name":"BazarBonino","article_publisher":"https:\/\/www.facebook.com\/bazar.bonino","article_modified_time":"2018-05-22T18:19:52+00:00","og_image":[{"width":254,"height":192,"url":"https:\/\/www.bazarbonino.com\/store\/wp-content\/uploads\/2013\/01\/JG1980-LUNASTIX-WIZARD-con-bacchette.jpg","type":"image\/jpeg"}],"twitter_card":"summary_large_image","schema":{"@context":"https:\/\/schema.org","@graph":[{"@type":"WebPage","@id":"https:\/\/www.bazarbonino.com\/store\/prodotto\/jg1980-lunastix-wizard-con-bacchette\/","url":"https:\/\/www.bazarbonino.com\/store\/prodotto\/jg1980-lunastix-wizard-con-bacchette\/","name":"JG1980 - LUNASTIX WIZARD con bacchette - BazarBonino","isPartOf":{"@id":"https:\/\/www.bazarbonino.com\/store\/#website"},"primaryImageOfPage":{"@id":"https:\/\/www.bazarbonino.com\/store\/prodotto\/jg1980-lunastix-wizard-con-bacchette\/#primaryimage"},"image":{"@id":"https:\/\/www.bazarbonino.com\/store\/prodotto\/jg1980-lunastix-wizard-con-bacchette\/#primaryimage"},"thumbnailUrl":"https:\/\/www.bazarbonino.com\/store\/wp-content\/uploads\/2013\/01\/JG1980-LUNASTIX-WIZARD-con-bacchette.jpg","datePublished":"2013-01-01T22:32:41+00:00","dateModified":"2018-05-22T18:19:52+00:00","breadcrumb":{"@id":"https:\/\/www.bazarbonino.com\/store\/prodotto\/jg1980-lunastix-wizard-con-bacchette\/#breadcrumb"},"inLanguage":"it-IT","potentialAction":[{"@type":"ReadAction","target":["https:\/\/www.bazarbonino.com\/store\/prodotto\/jg1980-lunastix-wizard-con-bacchette\/"]}]},{"@type":"ImageObject","inLanguage":"it-IT","@id":"https:\/\/www.bazarbonino.com\/store\/prodotto\/jg1980-lunastix-wizard-con-bacchette\/#primaryimage","url":"https:\/\/www.bazarbonino.com\/store\/wp-content\/uploads\/2013\/01\/JG1980-LUNASTIX-WIZARD-con-bacchette.jpg","contentUrl":"https:\/\/www.bazarbonino.com\/store\/wp-content\/uploads\/2013\/01\/JG1980-LUNASTIX-WIZARD-con-bacchette.jpg","width":254,"height":192},{"@type":"BreadcrumbList","@id":"https:\/\/www.bazarbonino.com\/store\/prodotto\/jg1980-lunastix-wizard-con-bacchette\/#breadcrumb","itemListElement":[{"@type":"ListItem","position":1,"name":"Home","item":"https:\/\/www.bazarbonino.com\/store\/"},{"@type":"ListItem","position":2,"name":"Catalogo","item":"https:\/\/www.bazarbonino.com\/store\/shop\/"},{"@type":"ListItem","position":3,"name":"JG1980 &#8211; LUNASTIX WIZARD con bacchette"}]},{"@type":"WebSite","@id":"https:\/\/www.bazarbonino.com\/store\/#website","url":"https:\/\/www.bazarbonino.com\/store\/","name":"BazarBonino","description":"","potentialAction":[{"@type":"SearchAction","target":{"@type":"EntryPoint","urlTemplate":"https:\/\/www.bazarbonino.com\/store\/?s={search_term_string}"},"query-input":{"@type":"PropertyValueSpecification","valueRequired":true,"valueName":"search_term_string"}}],"inLanguage":"it-IT"}]}},"_links":{"self":[{"href":"https:\/\/www.bazarbonino.com\/store\/wp-json\/wp\/v2\/product\/1019","targetHints":{"allow":["GET"]}}],"collection":[{"href":"https:\/\/www.bazarbonino.com\/store\/wp-json\/wp\/v2\/product"}],"about":[{"href":"https:\/\/www.bazarbonino.com\/store\/wp-json\/wp\/v2\/types\/product"}],"replies":[{"embeddable":true,"href":"https:\/\/www.bazarbonino.com\/store\/wp-json\/wp\/v2\/comments?post=1019"}],"wp:featuredmedia":[{"embeddable":true,"href":"https:\/\/www.bazarbonino.com\/store\/wp-json\/wp\/v2\/media\/3204"}],"wp:attachment":[{"href":"https:\/\/www.bazarbonino.com\/store\/wp-json\/wp\/v2\/media?parent=1019"}],"wp:term":[{"taxonomy":"product_brand","embeddable":true,"href":"https:\/\/www.bazarbonino.com\/store\/wp-json\/wp\/v2\/product_brand?post=1019"},{"taxonomy":"product_cat","embeddable":true,"href":"https:\/\/www.bazarbonino.com\/store\/wp-json\/wp\/v2\/product_cat?post=1019"},{"taxonomy":"product_tag","embeddable":true,"href":"https:\/\/www.bazarbonino.com\/store\/wp-json\/wp\/v2\/product_tag?post=1019"}],"curies":[{"name":"wp","href":"https:\/\/api.w.org\/{rel}","templated":true}]}}